{"id":390,"date":"2021-08-15T20:09:42","date_gmt":"2021-08-15T23:09:42","guid":{"rendered":"http:\/\/x-enapol.org\/vi\/?post_type=avada_portfolio&#038;p=390"},"modified":"2021-08-15T20:10:05","modified_gmt":"2021-08-15T23:10:05","slug":"de-la-temporalidad-del-sujeto-al-tiempo-del-parletre","status":"publish","type":"avada_portfolio","link":"https:\/\/enapol.com\/vi\/portfolio-items\/de-la-temporalidad-del-sujeto-al-tiempo-del-parletre\/","title":{"rendered":"De la temporalidad del sujeto al tiempo del parl\u00eatre"},"content":{"rendered":"<p><div class=\"fusion-fullwidth fullwidth-box fusion-builder-row-1 fusion-flex-container nonhundred-percent-fullwidth non-hundred-percent-height-scrolling\" style=\"--awb-border-radius-top-left:0px;--awb-border-radius-top-right:0px;--awb-border-radius-bottom-right:0px;--awb-border-radius-bottom-left:0px;--awb-flex-wrap:wrap;\" ><div class=\"fusion-builder-row fusion-row fusion-flex-align-items-flex-start fusion-flex-content-wrap\" style=\"max-width:1352px;margin-left: calc(-4% \/ 2 );margin-right: calc(-4% \/ 2 );\"><div class=\"fusion-layout-column fusion_builder_column fusion-builder-column-0 fusion_builder_column_1_2 1_2 fusion-flex-column\" style=\"--awb-bg-size:cover;--awb-width-large:50%;--awb-margin-top-large:0px;--awb-spacing-right-large:3.84%;--awb-margin-bottom-large:20px;--awb-spacing-left-large:3.84%;--awb-width-medium:100%;--awb-order-medium:0;--awb-spacing-right-medium:1.92%;--awb-spacing-left-medium:1.92%;--awb-width-small:100%;--awb-order-small:0;--awb-spacing-right-small:1.92%;--awb-spacing-left-small:1.92%;\"><div class=\"fusion-column-wrapper fusion-column-has-shadow fusion-flex-justify-content-flex-start fusion-content-layout-column\"><div class=\"fusion-image-element \" style=\"text-align:left;--awb-bottom-shadow-color:rgba(0,0,0,0.4);--awb-caption-title-font-family:var(--h2_typography-font-family);--awb-caption-title-font-weight:var(--h2_typography-font-weight);--awb-caption-title-font-style:var(--h2_typography-font-style);--awb-caption-title-size:var(--h2_typography-font-size);--awb-caption-title-transform:var(--h2_typography-text-transform);--awb-caption-title-line-height:var(--h2_typography-line-height);--awb-caption-title-letter-spacing:var(--h2_typography-letter-spacing);\"><div class=\"awb-image-frame awb-image-frame-1 awb-bottomshadow\"><span class=\" fusion-imageframe imageframe-bottomshadow imageframe-1 hover-type-none\"><img decoding=\"async\" width=\"300\" height=\"200\" title=\"Viviana-Mozzi\" src=\"http:\/\/enapol.com\/vi\/wp-content\/uploads\/sites\/8\/2021\/08\/Viviana-Mozzi.jpg\" alt class=\"img-responsive wp-image-391\" srcset=\"https:\/\/enapol.com\/vi\/wp-content\/uploads\/sites\/8\/2021\/08\/Viviana-Mozzi-200x133.jpg 200w, https:\/\/enapol.com\/vi\/wp-content\/uploads\/sites\/8\/2021\/08\/Viviana-Mozzi.jpg 300w\" sizes=\"(max-width: 1024px) 100vw, (max-width: 640px) 100vw, 300px\" \/><\/span><svg xmlns=\"http:\/\/www.w3.org\/2000\/svg\" version=\"1.1\" width=\"100%\" viewBox=\"0 0 600 28\" preserveAspectRatio=\"none\"><g clip-path=\"url(#a)\"><mask id=\"b\" style=\"mask-type:luminance\" maskUnits=\"userSpaceOnUse\" x=\"0\" y=\"0\" width=\"600\" height=\"28\"><path d=\"M0 0h600v28H0V0Z\" fill=\"#fff\"\/><\/mask><g filter=\"url(#c)\" mask=\"url(#b)\"><path d=\"M16.439-18.667h567.123v30.8S438.961-8.4 300-8.4C161.04-8.4 16.438 12.133 16.438 12.133v-30.8Z\" fill=\"#000\"\/><\/g><\/g><defs><clipPath id=\"a\"><path fill=\"#fff\" d=\"M0 0h600v28H0z\"\/><\/clipPath><filter id=\"c\" x=\"5.438\" y=\"-29.667\" width=\"589.123\" height=\"52.8\" filterUnits=\"userSpaceOnUse\" color-interpolation-filters=\"sRGB\"><feFlood flood-opacity=\"0\" result=\"BackgroundImageFix\"\/><feBlend in=\"SourceGraphic\" in2=\"BackgroundImageFix\" result=\"shape\"\/><feGaussianBlur stdDeviation=\"5.5\" result=\"effect1_foregroundBlur_3983_183\"\/><\/filter><\/defs><\/svg><\/div><\/div><div class=\"fusion-separator fusion-full-width-sep\" style=\"align-self: center;margin-left: auto;margin-right: auto;margin-top:5px;margin-bottom:5px;width:100%;\"><\/div><div class=\"fusion-title title fusion-title-1 fusion-sep-none fusion-title-text fusion-title-size-three\" style=\"--awb-margin-bottom:0px;\"><h3 class=\"fusion-title-heading title-heading-left fusion-responsive-typography-calculated\" style=\"margin:0;--fontSize:30;line-height:1.3;\">Viviana Mozzi<\/h3><\/div><div class=\"fusion-text fusion-text-1\"><p style=\"text-align: left;\"><strong>EOL (Buenos Aires)<\/strong><\/p>\n<\/div><\/div><\/div><div class=\"fusion-layout-column fusion_builder_column fusion-builder-column-1 fusion_builder_column_1_2 1_2 fusion-flex-column\" style=\"--awb-bg-size:cover;--awb-width-large:50%;--awb-margin-top-large:0px;--awb-spacing-right-large:3.84%;--awb-margin-bottom-large:20px;--awb-spacing-left-large:3.84%;--awb-width-medium:100%;--awb-order-medium:0;--awb-spacing-right-medium:1.92%;--awb-spacing-left-medium:1.92%;--awb-width-small:100%;--awb-order-small:0;--awb-spacing-right-small:1.92%;--awb-spacing-left-small:1.92%;\"><div class=\"fusion-column-wrapper fusion-column-has-shadow fusion-flex-justify-content-flex-start fusion-content-layout-column\"><\/div><\/div><\/div><\/div><div class=\"fusion-fullwidth fullwidth-box fusion-builder-row-2 fusion-flex-container nonhundred-percent-fullwidth non-hundred-percent-height-scrolling\" style=\"--awb-border-radius-top-left:0px;--awb-border-radius-top-right:0px;--awb-border-radius-bottom-right:0px;--awb-border-radius-bottom-left:0px;--awb-flex-wrap:wrap;\" ><div class=\"fusion-builder-row fusion-row fusion-flex-align-items-flex-start fusion-flex-content-wrap\" style=\"max-width:1352px;margin-left: calc(-4% \/ 2 );margin-right: calc(-4% \/ 2 );\"><div class=\"fusion-layout-column fusion_builder_column fusion-builder-column-2 fusion_builder_column_1_1 1_1 fusion-flex-column\" style=\"--awb-bg-size:cover;--awb-width-large:100%;--awb-margin-top-large:0px;--awb-spacing-right-large:1.92%;--awb-margin-bottom-large:20px;--awb-spacing-left-large:1.92%;--awb-width-medium:100%;--awb-order-medium:0;--awb-spacing-right-medium:1.92%;--awb-spacing-left-medium:1.92%;--awb-width-small:100%;--awb-order-small:0;--awb-spacing-right-small:1.92%;--awb-spacing-left-small:1.92%;\"><div class=\"fusion-column-wrapper fusion-column-has-shadow fusion-flex-justify-content-flex-start fusion-content-layout-column\"><div class=\"fusion-separator fusion-full-width-sep\" style=\"align-self: center;margin-left: auto;margin-right: auto;margin-top:10px;margin-bottom:10px;width:100%;\"><\/div><div class=\"fusion-text fusion-text-2\"><div class=\"Parrafo\">\n<p style=\"text-align: justify;\">El apuro en compensar lo que se ha desequilibrado, es una de las respuestas contempor\u00e1neas a la demanda subjetiva ante el padecimiento, modo que ordena los cuerpos normativiz\u00e1ndolos. All\u00ed confluyen, la urgencia del sujeto con la del Otro, en tanto ambos aspiran a una compensaci\u00f3n que calme la angustia desatada: el Otro respondiendo r\u00e1pidamente, por ejemplo, con medicaci\u00f3n, y el sujeto, con actos destinados a la inevitable repetici\u00f3n en su intento de enmudecer el s\u00edntoma.<\/p>\n<p style=\"text-align: justify;\">La posici\u00f3n del analista y la funci\u00f3n del tiempo ser\u00e1n modos de operar respecto de esta demanda que vela al\u00a0<i>parl\u00eatre<\/i>\u00a0que introduce lo que s\u00ed aconteci\u00f3: el singular encuentro de la lengua con el cuerpo.<\/p>\n<p style=\"text-align: justify;\">Podr\u00edamos situar un pasaje de la urgencia del sujeto al tiempo del\u00a0<i>parl\u00eatre<\/i>, que incluye un elemento heterog\u00e9neo al tiempo continuo.<\/p>\n<p style=\"text-align: justify;\">Se trata de producir una discontinuidad en la eternidad del tiempo neur\u00f3tico. En este sentido, creo que se puede leer lo que Lacan dice acerca de que el analizante es aristot\u00e9lico, silogiza y sue\u00f1a (1), cree en el despertar e indica pensar que la l\u00ednea del tiempo se prolonga al infinito \u2013no cesa de no escribirse. Demorado en el fantasma, el ser queda atrapado en esa delgada l\u00ednea evitando lo imposible, sin darle al presente el espesor necesario para el acto.<\/p>\n<p style=\"text-align: justify;\">Curarse de la temporalidad del sujeto pensada en estos t\u00e9rminos, abre al\u00a0<i>parl\u00eatre<\/i>\u00a0que incluye el cuerpo y los ecos singulares que la contingencia del encuentro del cuerpo con la lengua tuvo en la vida de cada uno.<\/p>\n<p style=\"text-align: justify;\">Del lado de la historia tenemos un tiempo no s\u00f3lo cronol\u00f3gico sino considerado como el que uno vive en la continuidad de su existencia. Estar\u00e1n all\u00ed: el retorno de lo reprimido, el sentido, las leyes, el inconsciente articulado como un saber, el s\u00edntoma. Pero ser\u00e1 necesario su despliegue para ir bordeando lo forcluido que no espera nada de la palabra, lo sonoro sin sentido. Se trata de que, una vez despejadas las articulaciones simb\u00f3licas, reste lo que corresponde a lo fuera de tiempo que dar\u00eda lugar a \u00absaber\u00bb del modo en que uno se enred\u00f3.<\/p>\n<p style=\"text-align: justify;\">La incidencia de la funci\u00f3n del tiempo en la emergencia de la angustia abre la posibilidad del espacio para las formaciones del inconsciente y para el s\u00edntoma, la posibilidad para descongelar lo que qued\u00f3 coagulado en el decir.<\/p>\n<\/div>\n<div id=\"CITAS\">\n<hr \/>\n<p style=\"text-align: justify;\"><b>Bibliograf\u00eda<\/b><\/p>\n<ol>\n<li style=\"text-align: justify;\">Lacan, J., \u00abEl sue\u00f1o de Arist\u00f3teles\u00bb,\u00a0<i>Locura: cl\u00ednica y suplencia<\/i>, EOLIA, DOR Ediciones, Madrid, p.16.<\/li>\n<\/ol>\n<\/div>\n<\/div><\/div><\/div><\/div><\/div><\/p>\n","protected":false},"excerpt":{"rendered":"<p>Viviana Mozzi<\/p>\n","protected":false},"author":1,"featured_media":391,"menu_order":0,"comment_status":"open","ping_status":"closed","template":"","format":"standard","meta":{"_monsterinsights_skip_tracking":false,"_monsterinsights_sitenote_active":false,"_monsterinsights_sitenote_note":"","_monsterinsights_sitenote_category":0,"footnotes":""},"portfolio_category":[58],"portfolio_skills":[],"portfolio_tags":[],"_links":{"self":[{"href":"https:\/\/enapol.com\/vi\/wp-json\/wp\/v2\/avada_portfolio\/390"}],"collection":[{"href":"https:\/\/enapol.com\/vi\/wp-json\/wp\/v2\/avada_portfolio"}],"about":[{"href":"https:\/\/enapol.com\/vi\/wp-json\/wp\/v2\/types\/avada_portfolio"}],"author":[{"embeddable":true,"href":"https:\/\/enapol.com\/vi\/wp-json\/wp\/v2\/users\/1"}],"replies":[{"embeddable":true,"href":"https:\/\/enapol.com\/vi\/wp-json\/wp\/v2\/comments?post=390"}],"version-history":[{"count":1,"href":"https:\/\/enapol.com\/vi\/wp-json\/wp\/v2\/avada_portfolio\/390\/revisions"}],"predecessor-version":[{"id":392,"href":"https:\/\/enapol.com\/vi\/wp-json\/wp\/v2\/avada_portfolio\/390\/revisions\/392"}],"wp:featuredmedia":[{"embeddable":true,"href":"https:\/\/enapol.com\/vi\/wp-json\/wp\/v2\/media\/391"}],"wp:attachment":[{"href":"https:\/\/enapol.com\/vi\/wp-json\/wp\/v2\/media?parent=390"}],"wp:term":[{"taxonomy":"portfolio_category","embeddable":true,"href":"https:\/\/enapol.com\/vi\/wp-json\/wp\/v2\/portfolio_category?post=390"},{"taxonomy":"portfolio_skills","embeddable":true,"href":"https:\/\/enapol.com\/vi\/wp-json\/wp\/v2\/portfolio_skills?post=390"},{"taxonomy":"portfolio_tags","embeddable":true,"href":"https:\/\/enapol.com\/vi\/wp-json\/wp\/v2\/portfolio_tags?post=390"}],"curies":[{"name":"wp","href":"https:\/\/api.w.org\/{rel}","templated":true}]}}

De la temporalidad del sujeto al tiempo del parlêtre

<p><div class="fusion-fullwidth fullwidth-box fusion-builder-row-1 fusion-flex-container nonhundred-percent-fullwidth non-hundred-percent-height-scrolling" style="--awb-border-radius-top-left:0px;--awb-border-radius-top-right:0px;--awb-border-radius-bottom-right:0px;--awb-border-radius-bottom-left:0px;--awb-flex-wrap:wrap;" ><div class="fusion-builder-row fusion-row fusion-flex-align-items-flex-start fusion-flex-content-wrap" style="max-width:1352px;margin-left: calc(-4% / 2 );margin-right: calc(-4% / 2 );"><div class="fusion-layout-column fusion_builder_column fusion-builder-column-0 fusion_builder_column_1_2 1_2 fusion-flex-column" style="--awb-bg-size:cover;--awb-width-large:50%;--awb-margin-top-large:0px;--awb-spacing-right-large:3.84%;--awb-margin-bottom-large:20px;--awb-spacing-left-large:3.84%;--awb-width-medium:100%;--awb-order-medium:0;--awb-spacing-right-medium:1.92%;--awb-spacing-left-medium:1.92%;--awb-width-small:100%;--awb-order-small:0;--awb-spacing-right-small:1.92%;--awb-spacing-left-small:1.92%;"><div class="fusion-column-wrapper fusion-column-has-shadow fusion-flex-justify-content-flex-start fusion-content-layout-column"><div class="fusion-image-element " style="text-align:left;--awb-bottom-shadow-color:rgba(0,0,0,0.4);--awb-caption-title-font-family:var(--h2_typography-font-family);--awb-caption-title-font-weight:var(--h2_typography-font-weight);--awb-caption-title-font-style:var(--h2_typography-font-style);--awb-caption-title-size:var(--h2_typography-font-size);--awb-caption-title-transform:var(--h2_typography-text-transform);--awb-caption-title-line-height:var(--h2_typography-line-height);--awb-caption-title-letter-spacing:var(--h2_typography-letter-spacing);"><div class="awb-image-frame awb-image-frame-1 awb-bottomshadow"><span class=" fusion-imageframe imageframe-bottomshadow imageframe-1 hover-type-none"><img decoding="async" width="300" height="200" title="Viviana-Mozzi" src="http://enapol.com/vi/wp-content/uploads/sites/8/2021/08/Viviana-Mozzi.jpg" alt class="img-responsive wp-image-391" srcset="https://enapol.com/vi/wp-content/uploads/sites/8/2021/08/Viviana-Mozzi-200x133.jpg 200w, https://enapol.com/vi/wp-content/uploads/sites/8/2021/08/Viviana-Mozzi.jpg 300w" sizes="(max-width: 1024px) 100vw, (max-width: 640px) 100vw, 300px" /></span><svg xmlns="http://www.w3.org/2000/svg" version="1.1" width="100%" viewBox="0 0 600 28" preserveAspectRatio="none"><g clip-path="url(#a)"><mask id="b" style="mask-type:luminance" maskUnits="userSpaceOnUse" x="0" y="0" width="600" height="28"><path d="M0 0h600v28H0V0Z" fill="#fff"/></mask><g filter="url(#c)" mask="url(#b)"><path d="M16.439-18.667h567.123v30.8S438.961-8.4 300-8.4C161.04-8.4 16.438 12.133 16.438 12.133v-30.8Z" fill="#000"/></g></g><defs><clipPath id="a"><path fill="#fff" d="M0 0h600v28H0z"/></clipPath><filter id="c" x="5.438" y="-29.667" width="589.123" height="52.8" filterUnits="userSpaceOnUse" color-interpolation-filters="sRGB"><feFlood flood-opacity="0" result="BackgroundImageFix"/><feBlend in="SourceGraphic" in2="BackgroundImageFix" result="shape"/><feGaussianBlur stdDeviation="5.5" result="effect1_foregroundBlur_3983_183"/></filter></defs></svg></div></div><div class="fusion-separator fusion-full-width-sep" style="align-self: center;margin-left: auto;margin-right: auto;margin-top:5px;margin-bottom:5px;width:100%;"></div><div class="fusion-title title fusion-title-1 fusion-sep-none fusion-title-text fusion-title-size-three" style="--awb-margin-bottom:0px;"><h3 class="fusion-title-heading title-heading-left fusion-responsive-typography-calculated" style="margin:0;--fontSize:30;line-height:1.3;">Viviana Mozzi</h3></div><div class="fusion-text fusion-text-1"><p style="text-align: left;"><strong>EOL (Buenos Aires)</strong></p>
</div></div></div><div class="fusion-layout-column fusion_builder_column fusion-builder-column-1 fusion_builder_column_1_2 1_2 fusion-flex-column" style="--awb-bg-size:cover;--awb-width-large:50%;--awb-margin-top-large:0px;--awb-spacing-right-large:3.84%;--awb-margin-bottom-large:20px;--awb-spacing-left-large:3.84%;--awb-width-medium:100%;--awb-order-medium:0;--awb-spacing-right-medium:1.92%;--awb-spacing-left-medium:1.92%;--awb-width-small:100%;--awb-order-small:0;--awb-spacing-right-small:1.92%;--awb-spacing-left-small:1.92%;"><div class="fusion-column-wrapper fusion-column-has-shadow fusion-flex-justify-content-flex-start fusion-content-layout-column"></div></div></div></div><div class="fusion-fullwidth fullwidth-box fusion-builder-row-2 fusion-flex-container nonhundred-percent-fullwidth non-hundred-percent-height-scrolling" style="--awb-border-radius-top-left:0px;--awb-border-radius-top-right:0px;--awb-border-radius-bottom-right:0px;--awb-border-radius-bottom-left:0px;--awb-flex-wrap:wrap;" ><div class="fusion-builder-row fusion-row fusion-flex-align-items-flex-start fusion-flex-content-wrap" style="max-width:1352px;margin-left: calc(-4% / 2 );margin-right: calc(-4% / 2 );"><div class="fusion-layout-column fusion_builder_column fusion-builder-column-2 fusion_builder_column_1_1 1_1 fusion-flex-column" style="--awb-bg-size:cover;--awb-width-large:100%;--awb-margin-top-large:0px;--awb-spacing-right-large:1.92%;--awb-margin-bottom-large:20px;--awb-spacing-left-large:1.92%;--awb-width-medium:100%;--awb-order-medium:0;--awb-spacing-right-medium:1.92%;--awb-spacing-left-medium:1.92%;--awb-width-small:100%;--awb-order-small:0;--awb-spacing-right-small:1.92%;--awb-spacing-left-small:1.92%;"><div class="fusion-column-wrapper fusion-column-has-shadow fusion-flex-justify-content-flex-start fusion-content-layout-column"><div class="fusion-separator fusion-full-width-sep" style="align-self: center;margin-left: auto;margin-right: auto;margin-top:10px;margin-bottom:10px;width:100%;"></div><div class="fusion-text fusion-text-2"><div class="Parrafo">
<p style="text-align: justify;">El apuro en compensar lo que se ha desequilibrado, es una de las respuestas contemporáneas a la demanda subjetiva ante el padecimiento, modo que ordena los cuerpos normativizándolos. Allí confluyen, la urgencia del sujeto con la del Otro, en tanto ambos aspiran a una compensación que calme la angustia desatada: el Otro respondiendo rápidamente, por ejemplo, con medicación, y el sujeto, con actos destinados a la inevitable repetición en su intento de enmudecer el síntoma.</p>
<p style="text-align: justify;">La posición del analista y la función del tiempo serán modos de operar respecto de esta demanda que vela al <i>parlêtre</i> que introduce lo que sí aconteció: el singular encuentro de la lengua con el cuerpo.</p>
<p style="text-align: justify;">Podríamos situar un pasaje de la urgencia del sujeto al tiempo del <i>parlêtre</i>, que incluye un elemento heterogéneo al tiempo continuo.</p>
<p style="text-align: justify;">Se trata de producir una discontinuidad en la eternidad del tiempo neurótico. En este sentido, creo que se puede leer lo que Lacan dice acerca de que el analizante es aristotélico, silogiza y sueña (1), cree en el despertar e indica pensar que la línea del tiempo se prolonga al infinito –no cesa de no escribirse. Demorado en el fantasma, el ser queda atrapado en esa delgada línea evitando lo imposible, sin darle al presente el espesor necesario para el acto.</p>
<p style="text-align: justify;">Curarse de la temporalidad del sujeto pensada en estos términos, abre al <i>parlêtre</i> que incluye el cuerpo y los ecos singulares que la contingencia del encuentro del cuerpo con la lengua tuvo en la vida de cada uno.</p>
<p style="text-align: justify;">Del lado de la historia tenemos un tiempo no sólo cronológico sino considerado como el que uno vive en la continuidad de su existencia. Estarán allí: el retorno de lo reprimido, el sentido, las leyes, el inconsciente articulado como un saber, el síntoma. Pero será necesario su despliegue para ir bordeando lo forcluido que no espera nada de la palabra, lo sonoro sin sentido. Se trata de que, una vez despejadas las articulaciones simbólicas, reste lo que corresponde a lo fuera de tiempo que daría lugar a «saber» del modo en que uno se enredó.</p>
<p style="text-align: justify;">La incidencia de la función del tiempo en la emergencia de la angustia abre la posibilidad del espacio para las formaciones del inconsciente y para el síntoma, la posibilidad para descongelar lo que quedó coagulado en el decir.</p>
</div>
<div id="CITAS">
<hr />
<p style="text-align: justify;"><b>Bibliografía</b></p>
<ol>
<li style="text-align: justify;">Lacan, J., «El sueño de Aristóteles», <i>Locura: clínica y suplencia</i>, EOLIA, DOR Ediciones, Madrid, p.16.</li>
</ol>
</div>
</div></div></div></div></div></p>
