{"id":393,"date":"2021-08-15T20:17:10","date_gmt":"2021-08-15T23:17:10","guid":{"rendered":"http:\/\/x-enapol.org\/vi\/?post_type=avada_portfolio&#038;p=393"},"modified":"2021-08-15T20:17:10","modified_gmt":"2021-08-15T23:17:10","slug":"da-temporalidade-do-sujeito-ao-tempo-do-falasser","status":"publish","type":"avada_portfolio","link":"https:\/\/enapol.com\/vi\/pt\/portfolio-items\/da-temporalidade-do-sujeito-ao-tempo-do-falasser\/","title":{"rendered":"Da temporalidade do sujeito ao tempo do falasser"},"content":{"rendered":"<p><div class=\"fusion-fullwidth fullwidth-box fusion-builder-row-1 fusion-flex-container nonhundred-percent-fullwidth non-hundred-percent-height-scrolling\" style=\"--awb-border-radius-top-left:0px;--awb-border-radius-top-right:0px;--awb-border-radius-bottom-right:0px;--awb-border-radius-bottom-left:0px;--awb-flex-wrap:wrap;\" ><div class=\"fusion-builder-row fusion-row fusion-flex-align-items-flex-start fusion-flex-content-wrap\" style=\"max-width:1352px;margin-left: calc(-4% \/ 2 );margin-right: calc(-4% \/ 2 );\"><div class=\"fusion-layout-column fusion_builder_column fusion-builder-column-0 fusion_builder_column_1_2 1_2 fusion-flex-column\" style=\"--awb-bg-size:cover;--awb-width-large:50%;--awb-margin-top-large:0px;--awb-spacing-right-large:3.84%;--awb-margin-bottom-large:20px;--awb-spacing-left-large:3.84%;--awb-width-medium:100%;--awb-order-medium:0;--awb-spacing-right-medium:1.92%;--awb-spacing-left-medium:1.92%;--awb-width-small:100%;--awb-order-small:0;--awb-spacing-right-small:1.92%;--awb-spacing-left-small:1.92%;\"><div class=\"fusion-column-wrapper fusion-column-has-shadow fusion-flex-justify-content-flex-start fusion-content-layout-column\"><div class=\"fusion-image-element \" style=\"text-align:left;--awb-bottom-shadow-color:rgba(0,0,0,0.4);--awb-caption-title-font-family:var(--h2_typography-font-family);--awb-caption-title-font-weight:var(--h2_typography-font-weight);--awb-caption-title-font-style:var(--h2_typography-font-style);--awb-caption-title-size:var(--h2_typography-font-size);--awb-caption-title-transform:var(--h2_typography-text-transform);--awb-caption-title-line-height:var(--h2_typography-line-height);--awb-caption-title-letter-spacing:var(--h2_typography-letter-spacing);\"><div class=\"awb-image-frame awb-image-frame-1 awb-bottomshadow\"><span class=\" fusion-imageframe imageframe-bottomshadow imageframe-1 hover-type-none\"><img decoding=\"async\" width=\"300\" height=\"200\" title=\"Viviana-Mozzi\" src=\"http:\/\/enapol.com\/vi\/wp-content\/uploads\/sites\/8\/2021\/08\/Viviana-Mozzi.jpg\" alt class=\"img-responsive wp-image-391\" srcset=\"https:\/\/enapol.com\/vi\/wp-content\/uploads\/sites\/8\/2021\/08\/Viviana-Mozzi-200x133.jpg 200w, https:\/\/enapol.com\/vi\/wp-content\/uploads\/sites\/8\/2021\/08\/Viviana-Mozzi.jpg 300w\" sizes=\"(max-width: 1024px) 100vw, (max-width: 640px) 100vw, 300px\" \/><\/span><svg xmlns=\"http:\/\/www.w3.org\/2000\/svg\" version=\"1.1\" width=\"100%\" viewBox=\"0 0 600 28\" preserveAspectRatio=\"none\"><g clip-path=\"url(#a)\"><mask id=\"b\" style=\"mask-type:luminance\" maskUnits=\"userSpaceOnUse\" x=\"0\" y=\"0\" width=\"600\" height=\"28\"><path d=\"M0 0h600v28H0V0Z\" fill=\"#fff\"\/><\/mask><g filter=\"url(#c)\" mask=\"url(#b)\"><path d=\"M16.439-18.667h567.123v30.8S438.961-8.4 300-8.4C161.04-8.4 16.438 12.133 16.438 12.133v-30.8Z\" fill=\"#000\"\/><\/g><\/g><defs><clipPath id=\"a\"><path fill=\"#fff\" d=\"M0 0h600v28H0z\"\/><\/clipPath><filter id=\"c\" x=\"5.438\" y=\"-29.667\" width=\"589.123\" height=\"52.8\" filterUnits=\"userSpaceOnUse\" color-interpolation-filters=\"sRGB\"><feFlood flood-opacity=\"0\" result=\"BackgroundImageFix\"\/><feBlend in=\"SourceGraphic\" in2=\"BackgroundImageFix\" result=\"shape\"\/><feGaussianBlur stdDeviation=\"5.5\" result=\"effect1_foregroundBlur_3983_183\"\/><\/filter><\/defs><\/svg><\/div><\/div><div class=\"fusion-separator fusion-full-width-sep\" style=\"align-self: center;margin-left: auto;margin-right: auto;margin-top:5px;margin-bottom:5px;width:100%;\"><\/div><div class=\"fusion-title title fusion-title-1 fusion-sep-none fusion-title-text fusion-title-size-three\" style=\"--awb-margin-bottom:0px;\"><h3 class=\"fusion-title-heading title-heading-left fusion-responsive-typography-calculated\" style=\"margin:0;--fontSize:30;line-height:1.3;\">Viviana Mozzi<\/h3><\/div><div class=\"fusion-text fusion-text-1\"><p style=\"text-align: left;\"><strong>EOL (Buenos Aires)<\/strong><\/p>\n<\/div><\/div><\/div><div class=\"fusion-layout-column fusion_builder_column fusion-builder-column-1 fusion_builder_column_1_2 1_2 fusion-flex-column\" style=\"--awb-bg-size:cover;--awb-width-large:50%;--awb-margin-top-large:0px;--awb-spacing-right-large:3.84%;--awb-margin-bottom-large:20px;--awb-spacing-left-large:3.84%;--awb-width-medium:100%;--awb-order-medium:0;--awb-spacing-right-medium:1.92%;--awb-spacing-left-medium:1.92%;--awb-width-small:100%;--awb-order-small:0;--awb-spacing-right-small:1.92%;--awb-spacing-left-small:1.92%;\"><div class=\"fusion-column-wrapper fusion-column-has-shadow fusion-flex-justify-content-flex-start fusion-content-layout-column\"><\/div><\/div><\/div><\/div><div class=\"fusion-fullwidth fullwidth-box fusion-builder-row-2 fusion-flex-container nonhundred-percent-fullwidth non-hundred-percent-height-scrolling\" style=\"--awb-border-radius-top-left:0px;--awb-border-radius-top-right:0px;--awb-border-radius-bottom-right:0px;--awb-border-radius-bottom-left:0px;--awb-flex-wrap:wrap;\" ><div class=\"fusion-builder-row fusion-row fusion-flex-align-items-flex-start fusion-flex-content-wrap\" style=\"max-width:1352px;margin-left: calc(-4% \/ 2 );margin-right: calc(-4% \/ 2 );\"><div class=\"fusion-layout-column fusion_builder_column fusion-builder-column-2 fusion_builder_column_1_1 1_1 fusion-flex-column\" style=\"--awb-bg-size:cover;--awb-width-large:100%;--awb-margin-top-large:0px;--awb-spacing-right-large:1.92%;--awb-margin-bottom-large:20px;--awb-spacing-left-large:1.92%;--awb-width-medium:100%;--awb-order-medium:0;--awb-spacing-right-medium:1.92%;--awb-spacing-left-medium:1.92%;--awb-width-small:100%;--awb-order-small:0;--awb-spacing-right-small:1.92%;--awb-spacing-left-small:1.92%;\"><div class=\"fusion-column-wrapper fusion-column-has-shadow fusion-flex-justify-content-flex-start fusion-content-layout-column\"><div class=\"fusion-separator fusion-full-width-sep\" style=\"align-self: center;margin-left: auto;margin-right: auto;margin-top:10px;margin-bottom:10px;width:100%;\"><\/div><div class=\"fusion-text fusion-text-2\"><div class=\"Parrafo\">\n<div class=\"Parrafo\">\n<p style=\"text-align: justify;\">A pressa em se compensar o que se desequilibrou \u00e9 uma das respostas contempor\u00e2neas \u00e0 demanda subjetiva ante o padecimento, modo que ordena os corpos normatizando-os. Ali conflui a urg\u00eancia do sujeito com a do Outro, na medida em que ambos aspiram uma compensa\u00e7\u00e3o que acalme a angustia desencadeada: o Outro respondendo rapidamente, por exemplo, com medica\u00e7\u00e3o e o sujeito com atos destinados \u00e0 inevit\u00e1vel repeti\u00e7\u00e3o em sua tentativa de emudecer o sintoma.<\/p>\n<p style=\"text-align: justify;\">A posi\u00e7\u00e3o do analista e a fun\u00e7\u00e3o do tempo ser\u00e3o modos de operar em rela\u00e7\u00e3o a essa demanda que vela ao\u00a0<i>falasser<\/i>\u00a0o que introduz o que sim, aconteceu: o singular encontro da l\u00edngua com o corpo.<\/p>\n<p style=\"text-align: justify;\">Poder\u00edamos situar uma passagem da urg\u00eancia do sujeito ao tempo do\u00a0<i>falasser\u00a0<\/i>que inclui um elemento heterog\u00eaneo ao tempo cont\u00ednuo.<\/p>\n<p style=\"text-align: justify;\">Trata-se de produzir uma descontinuidade na eternidade do tempo neur\u00f3tico. Creio que se pode ler nesse sentido o que Lacan diz ao afirmar que o analisante \u00e9 aristot\u00e9lico, silogiza e sonha (1), cr\u00ea no despertar e indica pensar que a linha do tempo se prolonga ao infinito \u2013n\u00e3o cessa de n\u00e3o se escrever. Detido no fantasma, o ser fica tomado nessa estreita linha evitando o imposs\u00edvel sem dar ao presente a espessura necess\u00e1ria para o ato.<\/p>\n<p style=\"text-align: justify;\">Curar-se da temporalidade do sujeito pensada nesses termos, abre ao\u00a0<i>falasser<\/i>, que inclui o corpo e os ecos singulares que a conting\u00eancia do encontro do corpo com a l\u00edngua teve na vida de cada um.<\/p>\n<p style=\"text-align: justify;\">Do lado da hist\u00f3ria temos um tempo n\u00e3o somente cronol\u00f3gico, mas considerado como o que se vive na continuidade de sua exist\u00eancia. Estar\u00e1 a\u00ed o retorno do recalcado, o sentido, as leis, o inconsciente articulado como um saber, o sintoma. Mas ser\u00e1 necess\u00e1rio seu desdobramento para ir bordejando o forclu\u00eddo que n\u00e3o espera nada da palavra, o sonoro sem sentido. Trata-se de que, uma vez esclarecidas as articula\u00e7\u00f5es simb\u00f3licas, reste o que corresponde ao fora do tempo que daria lugar a \u00absaber\u00bb sobre o modo em que se enredou.<\/p>\n<p style=\"text-align: justify;\">A incid\u00eancia da fun\u00e7\u00e3o do tempo na emerg\u00eancia da angustia abre a possibilidade do espa\u00e7o para as forma\u00e7\u00f5es do inconsciente e para o sintoma, possibilidade de descongelar o que ficou coagulado no dizer.<\/p>\n<\/div>\n<div id=\"CITAS\">\n<hr \/>\n<p style=\"text-align: justify;\">Tradu\u00e7\u00e3o: Jorge Pimenta<\/p>\n<ol>\n<li style=\"text-align: justify;\">Lacan, J.,\u00a0<i>O sonho de Arist\u00f3teles<\/i>, in Loucura: cl\u00ednica y supl\u00eancia, Eolia, Dor Ediciones, Madrid, p. 16.<\/li>\n<\/ol>\n<\/div>\n<\/div>\n<\/div><\/div><\/div><\/div><\/div><\/p>\n","protected":false},"excerpt":{"rendered":"<p>Viviana Mozzi<\/p>\n","protected":false},"author":1,"featured_media":391,"menu_order":0,"comment_status":"open","ping_status":"closed","template":"","format":"standard","meta":{"_monsterinsights_skip_tracking":false,"_monsterinsights_sitenote_active":false,"_monsterinsights_sitenote_note":"","_monsterinsights_sitenote_category":0,"footnotes":""},"portfolio_category":[76],"portfolio_skills":[],"portfolio_tags":[],"_links":{"self":[{"href":"https:\/\/enapol.com\/vi\/wp-json\/wp\/v2\/avada_portfolio\/393"}],"collection":[{"href":"https:\/\/enapol.com\/vi\/wp-json\/wp\/v2\/avada_portfolio"}],"about":[{"href":"https:\/\/enapol.com\/vi\/wp-json\/wp\/v2\/types\/avada_portfolio"}],"author":[{"embeddable":true,"href":"https:\/\/enapol.com\/vi\/wp-json\/wp\/v2\/users\/1"}],"replies":[{"embeddable":true,"href":"https:\/\/enapol.com\/vi\/wp-json\/wp\/v2\/comments?post=393"}],"version-history":[{"count":1,"href":"https:\/\/enapol.com\/vi\/wp-json\/wp\/v2\/avada_portfolio\/393\/revisions"}],"predecessor-version":[{"id":394,"href":"https:\/\/enapol.com\/vi\/wp-json\/wp\/v2\/avada_portfolio\/393\/revisions\/394"}],"wp:featuredmedia":[{"embeddable":true,"href":"https:\/\/enapol.com\/vi\/wp-json\/wp\/v2\/media\/391"}],"wp:attachment":[{"href":"https:\/\/enapol.com\/vi\/wp-json\/wp\/v2\/media?parent=393"}],"wp:term":[{"taxonomy":"portfolio_category","embeddable":true,"href":"https:\/\/enapol.com\/vi\/wp-json\/wp\/v2\/portfolio_category?post=393"},{"taxonomy":"portfolio_skills","embeddable":true,"href":"https:\/\/enapol.com\/vi\/wp-json\/wp\/v2\/portfolio_skills?post=393"},{"taxonomy":"portfolio_tags","embeddable":true,"href":"https:\/\/enapol.com\/vi\/wp-json\/wp\/v2\/portfolio_tags?post=393"}],"curies":[{"name":"wp","href":"https:\/\/api.w.org\/{rel}","templated":true}]}}

<p><div class="fusion-fullwidth fullwidth-box fusion-builder-row-1 fusion-flex-container nonhundred-percent-fullwidth non-hundred-percent-height-scrolling" style="--awb-border-radius-top-left:0px;--awb-border-radius-top-right:0px;--awb-border-radius-bottom-right:0px;--awb-border-radius-bottom-left:0px;--awb-flex-wrap:wrap;" ><div class="fusion-builder-row fusion-row fusion-flex-align-items-flex-start fusion-flex-content-wrap" style="max-width:1352px;margin-left: calc(-4% / 2 );margin-right: calc(-4% / 2 );"><div class="fusion-layout-column fusion_builder_column fusion-builder-column-0 fusion_builder_column_1_2 1_2 fusion-flex-column" style="--awb-bg-size:cover;--awb-width-large:50%;--awb-margin-top-large:0px;--awb-spacing-right-large:3.84%;--awb-margin-bottom-large:20px;--awb-spacing-left-large:3.84%;--awb-width-medium:100%;--awb-order-medium:0;--awb-spacing-right-medium:1.92%;--awb-spacing-left-medium:1.92%;--awb-width-small:100%;--awb-order-small:0;--awb-spacing-right-small:1.92%;--awb-spacing-left-small:1.92%;"><div class="fusion-column-wrapper fusion-column-has-shadow fusion-flex-justify-content-flex-start fusion-content-layout-column"><div class="fusion-image-element " style="text-align:left;--awb-bottom-shadow-color:rgba(0,0,0,0.4);--awb-caption-title-font-family:var(--h2_typography-font-family);--awb-caption-title-font-weight:var(--h2_typography-font-weight);--awb-caption-title-font-style:var(--h2_typography-font-style);--awb-caption-title-size:var(--h2_typography-font-size);--awb-caption-title-transform:var(--h2_typography-text-transform);--awb-caption-title-line-height:var(--h2_typography-line-height);--awb-caption-title-letter-spacing:var(--h2_typography-letter-spacing);"><div class="awb-image-frame awb-image-frame-1 awb-bottomshadow"><span class=" fusion-imageframe imageframe-bottomshadow imageframe-1 hover-type-none"><img decoding="async" width="300" height="200" title="Viviana-Mozzi" src="http://enapol.com/vi/wp-content/uploads/sites/8/2021/08/Viviana-Mozzi.jpg" alt class="img-responsive wp-image-391" srcset="https://enapol.com/vi/wp-content/uploads/sites/8/2021/08/Viviana-Mozzi-200x133.jpg 200w, https://enapol.com/vi/wp-content/uploads/sites/8/2021/08/Viviana-Mozzi.jpg 300w" sizes="(max-width: 1024px) 100vw, (max-width: 640px) 100vw, 300px" /></span><svg xmlns="http://www.w3.org/2000/svg" version="1.1" width="100%" viewBox="0 0 600 28" preserveAspectRatio="none"><g clip-path="url(#a)"><mask id="b" style="mask-type:luminance" maskUnits="userSpaceOnUse" x="0" y="0" width="600" height="28"><path d="M0 0h600v28H0V0Z" fill="#fff"/></mask><g filter="url(#c)" mask="url(#b)"><path d="M16.439-18.667h567.123v30.8S438.961-8.4 300-8.4C161.04-8.4 16.438 12.133 16.438 12.133v-30.8Z" fill="#000"/></g></g><defs><clipPath id="a"><path fill="#fff" d="M0 0h600v28H0z"/></clipPath><filter id="c" x="5.438" y="-29.667" width="589.123" height="52.8" filterUnits="userSpaceOnUse" color-interpolation-filters="sRGB"><feFlood flood-opacity="0" result="BackgroundImageFix"/><feBlend in="SourceGraphic" in2="BackgroundImageFix" result="shape"/><feGaussianBlur stdDeviation="5.5" result="effect1_foregroundBlur_3983_183"/></filter></defs></svg></div></div><div class="fusion-separator fusion-full-width-sep" style="align-self: center;margin-left: auto;margin-right: auto;margin-top:5px;margin-bottom:5px;width:100%;"></div><div class="fusion-title title fusion-title-1 fusion-sep-none fusion-title-text fusion-title-size-three" style="--awb-margin-bottom:0px;"><h3 class="fusion-title-heading title-heading-left fusion-responsive-typography-calculated" style="margin:0;--fontSize:30;line-height:1.3;">Viviana Mozzi</h3></div><div class="fusion-text fusion-text-1"><p style="text-align: left;"><strong>EOL (Buenos Aires)</strong></p>
</div></div></div><div class="fusion-layout-column fusion_builder_column fusion-builder-column-1 fusion_builder_column_1_2 1_2 fusion-flex-column" style="--awb-bg-size:cover;--awb-width-large:50%;--awb-margin-top-large:0px;--awb-spacing-right-large:3.84%;--awb-margin-bottom-large:20px;--awb-spacing-left-large:3.84%;--awb-width-medium:100%;--awb-order-medium:0;--awb-spacing-right-medium:1.92%;--awb-spacing-left-medium:1.92%;--awb-width-small:100%;--awb-order-small:0;--awb-spacing-right-small:1.92%;--awb-spacing-left-small:1.92%;"><div class="fusion-column-wrapper fusion-column-has-shadow fusion-flex-justify-content-flex-start fusion-content-layout-column"></div></div></div></div><div class="fusion-fullwidth fullwidth-box fusion-builder-row-2 fusion-flex-container nonhundred-percent-fullwidth non-hundred-percent-height-scrolling" style="--awb-border-radius-top-left:0px;--awb-border-radius-top-right:0px;--awb-border-radius-bottom-right:0px;--awb-border-radius-bottom-left:0px;--awb-flex-wrap:wrap;" ><div class="fusion-builder-row fusion-row fusion-flex-align-items-flex-start fusion-flex-content-wrap" style="max-width:1352px;margin-left: calc(-4% / 2 );margin-right: calc(-4% / 2 );"><div class="fusion-layout-column fusion_builder_column fusion-builder-column-2 fusion_builder_column_1_1 1_1 fusion-flex-column" style="--awb-bg-size:cover;--awb-width-large:100%;--awb-margin-top-large:0px;--awb-spacing-right-large:1.92%;--awb-margin-bottom-large:20px;--awb-spacing-left-large:1.92%;--awb-width-medium:100%;--awb-order-medium:0;--awb-spacing-right-medium:1.92%;--awb-spacing-left-medium:1.92%;--awb-width-small:100%;--awb-order-small:0;--awb-spacing-right-small:1.92%;--awb-spacing-left-small:1.92%;"><div class="fusion-column-wrapper fusion-column-has-shadow fusion-flex-justify-content-flex-start fusion-content-layout-column"><div class="fusion-separator fusion-full-width-sep" style="align-self: center;margin-left: auto;margin-right: auto;margin-top:10px;margin-bottom:10px;width:100%;"></div><div class="fusion-text fusion-text-2"><div class="Parrafo">
<div class="Parrafo">
<p style="text-align: justify;">A pressa em se compensar o que se desequilibrou é uma das respostas contemporâneas à demanda subjetiva ante o padecimento, modo que ordena os corpos normatizando-os. Ali conflui a urgência do sujeito com a do Outro, na medida em que ambos aspiram uma compensação que acalme a angustia desencadeada: o Outro respondendo rapidamente, por exemplo, com medicação e o sujeito com atos destinados à inevitável repetição em sua tentativa de emudecer o sintoma.</p>
<p style="text-align: justify;">A posição do analista e a função do tempo serão modos de operar em relação a essa demanda que vela ao <i>falasser</i> o que introduz o que sim, aconteceu: o singular encontro da língua com o corpo.</p>
<p style="text-align: justify;">Poderíamos situar uma passagem da urgência do sujeito ao tempo do <i>falasser </i>que inclui um elemento heterogêneo ao tempo contínuo.</p>
<p style="text-align: justify;">Trata-se de produzir uma descontinuidade na eternidade do tempo neurótico. Creio que se pode ler nesse sentido o que Lacan diz ao afirmar que o analisante é aristotélico, silogiza e sonha (1), crê no despertar e indica pensar que a linha do tempo se prolonga ao infinito –não cessa de não se escrever. Detido no fantasma, o ser fica tomado nessa estreita linha evitando o impossível sem dar ao presente a espessura necessária para o ato.</p>
<p style="text-align: justify;">Curar-se da temporalidade do sujeito pensada nesses termos, abre ao <i>falasser</i>, que inclui o corpo e os ecos singulares que a contingência do encontro do corpo com a língua teve na vida de cada um.</p>
<p style="text-align: justify;">Do lado da história temos um tempo não somente cronológico, mas considerado como o que se vive na continuidade de sua existência. Estará aí o retorno do recalcado, o sentido, as leis, o inconsciente articulado como um saber, o sintoma. Mas será necessário seu desdobramento para ir bordejando o forcluído que não espera nada da palavra, o sonoro sem sentido. Trata-se de que, uma vez esclarecidas as articulações simbólicas, reste o que corresponde ao fora do tempo que daria lugar a «saber» sobre o modo em que se enredou.</p>
<p style="text-align: justify;">A incidência da função do tempo na emergência da angustia abre a possibilidade do espaço para as formações do inconsciente e para o sintoma, possibilidade de descongelar o que ficou coagulado no dizer.</p>
</div>
<div id="CITAS">
<hr />
<p style="text-align: justify;">Tradução: Jorge Pimenta</p>
<ol>
<li style="text-align: justify;">Lacan, J., <i>O sonho de Aristóteles</i>, in Loucura: clínica y suplência, Eolia, Dor Ediciones, Madrid, p. 16.</li>
</ol>
</div>
</div>
</div></div></div></div></div></p>
