{"id":415,"date":"2021-08-15T20:40:40","date_gmt":"2021-08-15T23:40:40","guid":{"rendered":"http:\/\/x-enapol.org\/vi\/?post_type=avada_portfolio&#038;p=415"},"modified":"2021-08-15T20:42:34","modified_gmt":"2021-08-15T23:42:34","slug":"crisis-de-la-normas-desborde-de-la-violencia","status":"publish","type":"avada_portfolio","link":"https:\/\/enapol.com\/vi\/portfolio-items\/crisis-de-la-normas-desborde-de-la-violencia\/","title":{"rendered":"Crisis de la normas, desborde de la violencia"},"content":{"rendered":"<p><div class=\"fusion-fullwidth fullwidth-box fusion-builder-row-1 fusion-flex-container nonhundred-percent-fullwidth non-hundred-percent-height-scrolling\" style=\"--awb-border-radius-top-left:0px;--awb-border-radius-top-right:0px;--awb-border-radius-bottom-right:0px;--awb-border-radius-bottom-left:0px;--awb-flex-wrap:wrap;\" ><div class=\"fusion-builder-row fusion-row fusion-flex-align-items-flex-start fusion-flex-content-wrap\" style=\"max-width:1352px;margin-left: calc(-4% \/ 2 );margin-right: calc(-4% \/ 2 );\"><div class=\"fusion-layout-column fusion_builder_column fusion-builder-column-0 fusion_builder_column_1_2 1_2 fusion-flex-column\" style=\"--awb-bg-size:cover;--awb-width-large:50%;--awb-margin-top-large:0px;--awb-spacing-right-large:3.84%;--awb-margin-bottom-large:20px;--awb-spacing-left-large:3.84%;--awb-width-medium:100%;--awb-order-medium:0;--awb-spacing-right-medium:1.92%;--awb-spacing-left-medium:1.92%;--awb-width-small:100%;--awb-order-small:0;--awb-spacing-right-small:1.92%;--awb-spacing-left-small:1.92%;\"><div class=\"fusion-column-wrapper fusion-column-has-shadow fusion-flex-justify-content-flex-start fusion-content-layout-column\"><div class=\"fusion-image-element \" style=\"text-align:left;--awb-bottom-shadow-color:rgba(0,0,0,0.4);--awb-caption-title-font-family:var(--h2_typography-font-family);--awb-caption-title-font-weight:var(--h2_typography-font-weight);--awb-caption-title-font-style:var(--h2_typography-font-style);--awb-caption-title-size:var(--h2_typography-font-size);--awb-caption-title-transform:var(--h2_typography-text-transform);--awb-caption-title-line-height:var(--h2_typography-line-height);--awb-caption-title-letter-spacing:var(--h2_typography-letter-spacing);\"><div class=\"awb-image-frame awb-image-frame-1 awb-bottomshadow\"><span class=\" fusion-imageframe imageframe-bottomshadow imageframe-1 hover-type-none\"><img decoding=\"async\" width=\"716\" height=\"715\" title=\"Maria-Elena-Lora\" src=\"http:\/\/enapol.com\/vi\/wp-content\/uploads\/sites\/8\/2021\/08\/Maria-Elena-Lora-1.jpg\" alt class=\"img-responsive wp-image-418\" srcset=\"https:\/\/enapol.com\/vi\/wp-content\/uploads\/sites\/8\/2021\/08\/Maria-Elena-Lora-1-200x200.jpg 200w, https:\/\/enapol.com\/vi\/wp-content\/uploads\/sites\/8\/2021\/08\/Maria-Elena-Lora-1-400x399.jpg 400w, https:\/\/enapol.com\/vi\/wp-content\/uploads\/sites\/8\/2021\/08\/Maria-Elena-Lora-1-600x599.jpg 600w, https:\/\/enapol.com\/vi\/wp-content\/uploads\/sites\/8\/2021\/08\/Maria-Elena-Lora-1.jpg 716w\" sizes=\"(max-width: 1024px) 100vw, (max-width: 640px) 100vw, 716px\" \/><\/span><svg xmlns=\"http:\/\/www.w3.org\/2000\/svg\" version=\"1.1\" width=\"100%\" viewBox=\"0 0 600 28\" preserveAspectRatio=\"none\"><g clip-path=\"url(#a)\"><mask id=\"b\" style=\"mask-type:luminance\" maskUnits=\"userSpaceOnUse\" x=\"0\" y=\"0\" width=\"600\" height=\"28\"><path d=\"M0 0h600v28H0V0Z\" fill=\"#fff\"\/><\/mask><g filter=\"url(#c)\" mask=\"url(#b)\"><path d=\"M16.439-18.667h567.123v30.8S438.961-8.4 300-8.4C161.04-8.4 16.438 12.133 16.438 12.133v-30.8Z\" fill=\"#000\"\/><\/g><\/g><defs><clipPath id=\"a\"><path fill=\"#fff\" d=\"M0 0h600v28H0z\"\/><\/clipPath><filter id=\"c\" x=\"5.438\" y=\"-29.667\" width=\"589.123\" height=\"52.8\" filterUnits=\"userSpaceOnUse\" color-interpolation-filters=\"sRGB\"><feFlood flood-opacity=\"0\" result=\"BackgroundImageFix\"\/><feBlend in=\"SourceGraphic\" in2=\"BackgroundImageFix\" result=\"shape\"\/><feGaussianBlur stdDeviation=\"5.5\" result=\"effect1_foregroundBlur_3983_183\"\/><\/filter><\/defs><\/svg><\/div><\/div><div class=\"fusion-separator fusion-full-width-sep\" style=\"align-self: center;margin-left: auto;margin-right: auto;margin-top:5px;margin-bottom:5px;width:100%;\"><\/div><div class=\"fusion-title title fusion-title-1 fusion-sep-none fusion-title-text fusion-title-size-three\" style=\"--awb-margin-bottom:0px;\"><h3 class=\"fusion-title-heading title-heading-left fusion-responsive-typography-calculated\" style=\"margin:0;--fontSize:30;line-height:1.3;\">Mar\u00eda Elena Lora<\/h3><\/div><div class=\"fusion-text fusion-text-1\"><p style=\"text-align: left;\"><strong>NEL<\/strong><\/p>\n<\/div><\/div><\/div><div class=\"fusion-layout-column fusion_builder_column fusion-builder-column-1 fusion_builder_column_1_2 1_2 fusion-flex-column\" style=\"--awb-bg-size:cover;--awb-width-large:50%;--awb-margin-top-large:0px;--awb-spacing-right-large:3.84%;--awb-margin-bottom-large:20px;--awb-spacing-left-large:3.84%;--awb-width-medium:100%;--awb-order-medium:0;--awb-spacing-right-medium:1.92%;--awb-spacing-left-medium:1.92%;--awb-width-small:100%;--awb-order-small:0;--awb-spacing-right-small:1.92%;--awb-spacing-left-small:1.92%;\"><div class=\"fusion-column-wrapper fusion-column-has-shadow fusion-flex-justify-content-flex-start fusion-content-layout-column\"><\/div><\/div><\/div><\/div><div class=\"fusion-fullwidth fullwidth-box fusion-builder-row-2 fusion-flex-container nonhundred-percent-fullwidth non-hundred-percent-height-scrolling\" style=\"--awb-border-radius-top-left:0px;--awb-border-radius-top-right:0px;--awb-border-radius-bottom-right:0px;--awb-border-radius-bottom-left:0px;--awb-flex-wrap:wrap;\" ><div class=\"fusion-builder-row fusion-row fusion-flex-align-items-flex-start fusion-flex-content-wrap\" style=\"max-width:1352px;margin-left: calc(-4% \/ 2 );margin-right: calc(-4% \/ 2 );\"><div class=\"fusion-layout-column fusion_builder_column fusion-builder-column-2 fusion_builder_column_1_1 1_1 fusion-flex-column\" style=\"--awb-bg-size:cover;--awb-width-large:100%;--awb-margin-top-large:0px;--awb-spacing-right-large:1.92%;--awb-margin-bottom-large:20px;--awb-spacing-left-large:1.92%;--awb-width-medium:100%;--awb-order-medium:0;--awb-spacing-right-medium:1.92%;--awb-spacing-left-medium:1.92%;--awb-width-small:100%;--awb-order-small:0;--awb-spacing-right-small:1.92%;--awb-spacing-left-small:1.92%;\"><div class=\"fusion-column-wrapper fusion-column-has-shadow fusion-flex-justify-content-flex-start fusion-content-layout-column\"><div class=\"fusion-separator fusion-full-width-sep\" style=\"align-self: center;margin-left: auto;margin-right: auto;margin-top:10px;margin-bottom:10px;width:100%;\"><\/div><div class=\"fusion-text fusion-text-2\"><div class=\"Parrafo\">\n<p style=\"text-align: justify;\">Si el siglo XX fue el siglo de lo real, de la amenaza nuclear, del pasaje a la certeza de la ciencia; hoy estamos ante la inminente amenaza biotecnol\u00f3gica, la alteraci\u00f3n del genoma humano, las clonaciones y la consecuente perturbaci\u00f3n de las leyes de lo real. Pero el real propuesto por Lacan no es el real de la ciencia y, por ello, \u00ab\u2026en el siglo XXI se trata, para el psicoan\u00e1lisis, de explorar otra dimensi\u00f3n: la de la defensa contra lo real sin ley y fuera de sentido\u00bb [1].<\/p>\n<p style=\"text-align: justify;\">Las crisis de las normas han incrementado la desconfianza en los S1, que aluden a lo social, lo jur\u00eddico, lo pol\u00edtico, produci\u00e9ndose la emergencia de un mundo tomado por una agitaci\u00f3n de lo real. Un ejemplo de este extrav\u00edo se manifiesta en la negaci\u00f3n de la muerte y el desborde de la violencia.<\/p>\n<p style=\"text-align: justify;\">As\u00ed, discurrimos atrapados entre el capitalismo y la ciencia. La muerte parece ocurrir lejos de nosotros, en la televisi\u00f3n, en un hospital, la familia ya no acompa\u00f1a el ata\u00fad al cementerio, \u00bfse habr\u00e1 perdido la capacidad de aceptar la muerte? O m\u00e1s bien, la vemos tan continuamente: personas golpeadas, mujeres asesinadas, cuerpos despedazados en explosiones. Pero, evidentemente no miramos los cuerpos torturados, golpeados, pues estos nos recordar\u00edan la muerte, nos concentramos eso s\u00ed en la escena del crimen, en las flores o las vigilias a la luz de las velas.<\/p>\n<p style=\"text-align: justify;\">Por otra parte, frente a la dictadura del plus de gozar y sus consecuencias, expectamos el estallido y el desborde de actos violentos: violencia f\u00edsica, violencia sexual hacia las mujeres, feminicidios como expresiones de la agitaci\u00f3n de lo real y del actual malestar en la civilizaci\u00f3n. Esta apreciaci\u00f3n de la \u00e9poca nos interpela a los analistas y nos convoca a reflexionar ante las horrendas muecas de esta epidemia social.<\/p>\n<p style=\"text-align: justify;\">El que la violencia contra la mujer haya pasado de estar ubicada en la esfera privada a situarse en la agenda jur\u00eddica y pol\u00edtica de varios pa\u00edses, ha permitido conocer las cifras macabras de mujeres asesinadas. Por ejemplo, en Bolivia, en los dos primeros meses de 2013 se registraron 25 muertes violentas de mujeres, calificados de homicidios intencionados o feminicidios.<\/p>\n<p style=\"text-align: justify;\">Para frenar este tipo de violencia se proponen nuevas leyes con condenas m\u00e1s duras y acciones dr\u00e1sticas como la castraci\u00f3n qu\u00edmica. Asimismo, se puede observar que la atrocidad a la que est\u00e1n expuestas las mujeres, es abordada por el discurso de g\u00e9nero y desde all\u00ed se intenta explicar la raz\u00f3n de estos hechos, atribuy\u00e9ndolos a la presencia de un machismo en la sociedad. Esta explicaci\u00f3n reduccionista, vinculada a la existencia del machismo, evidencia la falta de interrogaci\u00f3n sobre las causas de un acto violento y la ausencia de un tratamiento de la feminidad, del goce, del cuerpo, que permitan cernir lo real en juego.<\/p>\n<p style=\"text-align: justify;\">La ense\u00f1anza de Lacan muestra c\u00f3mo el discurso capitalista promueve un movimiento circular que intenta excluir lo imposible. Adem\u00e1s, enfatiza el goce femenino como goce suplementario, que no cae todo \u00e9l bajo la significaci\u00f3n f\u00e1lica e introduce en el mundo una diferencia radical; goce femenino que no se puede controlar, encuadrar. Esta perspectiva lleva a afirmar que, en el origen de cualquier rechazo y destrucci\u00f3n del otro, anida el intento de borrar del mundo esta diferencia perturbante.<\/p>\n<p style=\"text-align: justify;\">El feminicidio, las formas de violencia en el siglo actual son actos que cobran una especificidad pues se presentan \u00absin vestiduras y muestran el desgarro del Ideal y la preeminencia del objeto\u00bb [2]. De esta manera, para el psicoan\u00e1lisis estos actos est\u00e1n enraizados al \u00abeso falla\u00bb [3], al no hay de la relaci\u00f3n sexual y como dice Miller \u00abson, ante todo, signos de la no relaci\u00f3n sexual (\u2026) son como puntos de interrogaci\u00f3n en la no relaci\u00f3n sexual\u00bb [4] que expresan de modo singular la falta de unidad entre el ser hablante y el goce.<\/p>\n<p style=\"text-align: justify;\">As\u00ed, la inexistencia de la relaci\u00f3n sexual y la presentificaci\u00f3n en la mujer del no-todo, objetante a lo universal, habita en el n\u00facleo de esta problem\u00e1tica \u2013tan promocionada socialmente\u2013 de la erradicaci\u00f3n de la violencia, con leyes contra el maltrato, contra el feminicidio, donde prevalece la evaluaci\u00f3n. Se instala el control y se desconoce c\u00f3mo en cada uno de estos actos, se trata del goce, del modo singular de anudar una relaci\u00f3n particular con el cuerpo del otro. Es decir, se trata de leer la manera en que cada ser hablante vive la pulsi\u00f3n, un pedazo de real.<\/p>\n<\/div>\n<div id=\"CITAS\">\n<hr \/>\n<p style=\"text-align: justify;\"><b>Notas<\/b><\/p>\n<ol>\n<li style=\"text-align: justify;\">Miller, J.-A., \u00abLo real en el siglo XXI\u00bb, Presentaci\u00f3n del tema del IX Congreso de la AMP,\u00a0<a href=\"http:\/\/www.eol.org.ar\/la_escuela\/Destacados\/Lacan-Quotidien\/LC-cero-216.pdf\">http:\/\/www.eol.org.ar\/la_escuela\/Destacados\/Lacan-Quotidien\/LC-cero-216.pdf<\/a><\/li>\n<li style=\"text-align: justify;\">Tendlarz, S.E., Dante, C., \u00bfA qui\u00e9n mata el asesino?, Grama, Bs. As., 2008, p. 197.<\/li>\n<li style=\"text-align: justify;\">Miller, J.-A.,\u00a0<i>Punto Cenit<\/i>, Diva, Bs. As., 2012, pp. 44-45.<\/li>\n<li style=\"text-align: justify;\">Ib\u00edd., pp. 52-53.<\/li>\n<\/ol>\n<\/div>\n<\/div><\/div><\/div><\/div><\/div><\/p>\n","protected":false},"excerpt":{"rendered":"<p>Mar\u00eda Elena Lora<\/p>\n","protected":false},"author":1,"featured_media":419,"menu_order":0,"comment_status":"open","ping_status":"closed","template":"","format":"standard","meta":{"_monsterinsights_skip_tracking":false,"_monsterinsights_sitenote_active":false,"_monsterinsights_sitenote_note":"","_monsterinsights_sitenote_category":0,"footnotes":""},"portfolio_category":[58],"portfolio_skills":[],"portfolio_tags":[],"_links":{"self":[{"href":"https:\/\/enapol.com\/vi\/wp-json\/wp\/v2\/avada_portfolio\/415"}],"collection":[{"href":"https:\/\/enapol.com\/vi\/wp-json\/wp\/v2\/avada_portfolio"}],"about":[{"href":"https:\/\/enapol.com\/vi\/wp-json\/wp\/v2\/types\/avada_portfolio"}],"author":[{"embeddable":true,"href":"https:\/\/enapol.com\/vi\/wp-json\/wp\/v2\/users\/1"}],"replies":[{"embeddable":true,"href":"https:\/\/enapol.com\/vi\/wp-json\/wp\/v2\/comments?post=415"}],"version-history":[{"count":2,"href":"https:\/\/enapol.com\/vi\/wp-json\/wp\/v2\/avada_portfolio\/415\/revisions"}],"predecessor-version":[{"id":420,"href":"https:\/\/enapol.com\/vi\/wp-json\/wp\/v2\/avada_portfolio\/415\/revisions\/420"}],"wp:featuredmedia":[{"embeddable":true,"href":"https:\/\/enapol.com\/vi\/wp-json\/wp\/v2\/media\/419"}],"wp:attachment":[{"href":"https:\/\/enapol.com\/vi\/wp-json\/wp\/v2\/media?parent=415"}],"wp:term":[{"taxonomy":"portfolio_category","embeddable":true,"href":"https:\/\/enapol.com\/vi\/wp-json\/wp\/v2\/portfolio_category?post=415"},{"taxonomy":"portfolio_skills","embeddable":true,"href":"https:\/\/enapol.com\/vi\/wp-json\/wp\/v2\/portfolio_skills?post=415"},{"taxonomy":"portfolio_tags","embeddable":true,"href":"https:\/\/enapol.com\/vi\/wp-json\/wp\/v2\/portfolio_tags?post=415"}],"curies":[{"name":"wp","href":"https:\/\/api.w.org\/{rel}","templated":true}]}}

<p><div class="fusion-fullwidth fullwidth-box fusion-builder-row-1 fusion-flex-container nonhundred-percent-fullwidth non-hundred-percent-height-scrolling" style="--awb-border-radius-top-left:0px;--awb-border-radius-top-right:0px;--awb-border-radius-bottom-right:0px;--awb-border-radius-bottom-left:0px;--awb-flex-wrap:wrap;" ><div class="fusion-builder-row fusion-row fusion-flex-align-items-flex-start fusion-flex-content-wrap" style="max-width:1352px;margin-left: calc(-4% / 2 );margin-right: calc(-4% / 2 );"><div class="fusion-layout-column fusion_builder_column fusion-builder-column-0 fusion_builder_column_1_2 1_2 fusion-flex-column" style="--awb-bg-size:cover;--awb-width-large:50%;--awb-margin-top-large:0px;--awb-spacing-right-large:3.84%;--awb-margin-bottom-large:20px;--awb-spacing-left-large:3.84%;--awb-width-medium:100%;--awb-order-medium:0;--awb-spacing-right-medium:1.92%;--awb-spacing-left-medium:1.92%;--awb-width-small:100%;--awb-order-small:0;--awb-spacing-right-small:1.92%;--awb-spacing-left-small:1.92%;"><div class="fusion-column-wrapper fusion-column-has-shadow fusion-flex-justify-content-flex-start fusion-content-layout-column"><div class="fusion-image-element " style="text-align:left;--awb-bottom-shadow-color:rgba(0,0,0,0.4);--awb-caption-title-font-family:var(--h2_typography-font-family);--awb-caption-title-font-weight:var(--h2_typography-font-weight);--awb-caption-title-font-style:var(--h2_typography-font-style);--awb-caption-title-size:var(--h2_typography-font-size);--awb-caption-title-transform:var(--h2_typography-text-transform);--awb-caption-title-line-height:var(--h2_typography-line-height);--awb-caption-title-letter-spacing:var(--h2_typography-letter-spacing);"><div class="awb-image-frame awb-image-frame-1 awb-bottomshadow"><span class=" fusion-imageframe imageframe-bottomshadow imageframe-1 hover-type-none"><img decoding="async" width="716" height="715" title="Maria-Elena-Lora" src="http://enapol.com/vi/wp-content/uploads/sites/8/2021/08/Maria-Elena-Lora-1.jpg" alt class="img-responsive wp-image-418" srcset="https://enapol.com/vi/wp-content/uploads/sites/8/2021/08/Maria-Elena-Lora-1-200x200.jpg 200w, https://enapol.com/vi/wp-content/uploads/sites/8/2021/08/Maria-Elena-Lora-1-400x399.jpg 400w, https://enapol.com/vi/wp-content/uploads/sites/8/2021/08/Maria-Elena-Lora-1-600x599.jpg 600w, https://enapol.com/vi/wp-content/uploads/sites/8/2021/08/Maria-Elena-Lora-1.jpg 716w" sizes="(max-width: 1024px) 100vw, (max-width: 640px) 100vw, 716px" /></span><svg xmlns="http://www.w3.org/2000/svg" version="1.1" width="100%" viewBox="0 0 600 28" preserveAspectRatio="none"><g clip-path="url(#a)"><mask id="b" style="mask-type:luminance" maskUnits="userSpaceOnUse" x="0" y="0" width="600" height="28"><path d="M0 0h600v28H0V0Z" fill="#fff"/></mask><g filter="url(#c)" mask="url(#b)"><path d="M16.439-18.667h567.123v30.8S438.961-8.4 300-8.4C161.04-8.4 16.438 12.133 16.438 12.133v-30.8Z" fill="#000"/></g></g><defs><clipPath id="a"><path fill="#fff" d="M0 0h600v28H0z"/></clipPath><filter id="c" x="5.438" y="-29.667" width="589.123" height="52.8" filterUnits="userSpaceOnUse" color-interpolation-filters="sRGB"><feFlood flood-opacity="0" result="BackgroundImageFix"/><feBlend in="SourceGraphic" in2="BackgroundImageFix" result="shape"/><feGaussianBlur stdDeviation="5.5" result="effect1_foregroundBlur_3983_183"/></filter></defs></svg></div></div><div class="fusion-separator fusion-full-width-sep" style="align-self: center;margin-left: auto;margin-right: auto;margin-top:5px;margin-bottom:5px;width:100%;"></div><div class="fusion-title title fusion-title-1 fusion-sep-none fusion-title-text fusion-title-size-three" style="--awb-margin-bottom:0px;"><h3 class="fusion-title-heading title-heading-left fusion-responsive-typography-calculated" style="margin:0;--fontSize:30;line-height:1.3;">María Elena Lora</h3></div><div class="fusion-text fusion-text-1"><p style="text-align: left;"><strong>NEL</strong></p>
</div></div></div><div class="fusion-layout-column fusion_builder_column fusion-builder-column-1 fusion_builder_column_1_2 1_2 fusion-flex-column" style="--awb-bg-size:cover;--awb-width-large:50%;--awb-margin-top-large:0px;--awb-spacing-right-large:3.84%;--awb-margin-bottom-large:20px;--awb-spacing-left-large:3.84%;--awb-width-medium:100%;--awb-order-medium:0;--awb-spacing-right-medium:1.92%;--awb-spacing-left-medium:1.92%;--awb-width-small:100%;--awb-order-small:0;--awb-spacing-right-small:1.92%;--awb-spacing-left-small:1.92%;"><div class="fusion-column-wrapper fusion-column-has-shadow fusion-flex-justify-content-flex-start fusion-content-layout-column"></div></div></div></div><div class="fusion-fullwidth fullwidth-box fusion-builder-row-2 fusion-flex-container nonhundred-percent-fullwidth non-hundred-percent-height-scrolling" style="--awb-border-radius-top-left:0px;--awb-border-radius-top-right:0px;--awb-border-radius-bottom-right:0px;--awb-border-radius-bottom-left:0px;--awb-flex-wrap:wrap;" ><div class="fusion-builder-row fusion-row fusion-flex-align-items-flex-start fusion-flex-content-wrap" style="max-width:1352px;margin-left: calc(-4% / 2 );margin-right: calc(-4% / 2 );"><div class="fusion-layout-column fusion_builder_column fusion-builder-column-2 fusion_builder_column_1_1 1_1 fusion-flex-column" style="--awb-bg-size:cover;--awb-width-large:100%;--awb-margin-top-large:0px;--awb-spacing-right-large:1.92%;--awb-margin-bottom-large:20px;--awb-spacing-left-large:1.92%;--awb-width-medium:100%;--awb-order-medium:0;--awb-spacing-right-medium:1.92%;--awb-spacing-left-medium:1.92%;--awb-width-small:100%;--awb-order-small:0;--awb-spacing-right-small:1.92%;--awb-spacing-left-small:1.92%;"><div class="fusion-column-wrapper fusion-column-has-shadow fusion-flex-justify-content-flex-start fusion-content-layout-column"><div class="fusion-separator fusion-full-width-sep" style="align-self: center;margin-left: auto;margin-right: auto;margin-top:10px;margin-bottom:10px;width:100%;"></div><div class="fusion-text fusion-text-2"><div class="Parrafo">
<p style="text-align: justify;">Si el siglo XX fue el siglo de lo real, de la amenaza nuclear, del pasaje a la certeza de la ciencia; hoy estamos ante la inminente amenaza biotecnológica, la alteración del genoma humano, las clonaciones y la consecuente perturbación de las leyes de lo real. Pero el real propuesto por Lacan no es el real de la ciencia y, por ello, «…en el siglo XXI se trata, para el psicoanálisis, de explorar otra dimensión: la de la defensa contra lo real sin ley y fuera de sentido» [1].</p>
<p style="text-align: justify;">Las crisis de las normas han incrementado la desconfianza en los S1, que aluden a lo social, lo jurídico, lo político, produciéndose la emergencia de un mundo tomado por una agitación de lo real. Un ejemplo de este extravío se manifiesta en la negación de la muerte y el desborde de la violencia.</p>
<p style="text-align: justify;">Así, discurrimos atrapados entre el capitalismo y la ciencia. La muerte parece ocurrir lejos de nosotros, en la televisión, en un hospital, la familia ya no acompaña el ataúd al cementerio, ¿se habrá perdido la capacidad de aceptar la muerte? O más bien, la vemos tan continuamente: personas golpeadas, mujeres asesinadas, cuerpos despedazados en explosiones. Pero, evidentemente no miramos los cuerpos torturados, golpeados, pues estos nos recordarían la muerte, nos concentramos eso sí en la escena del crimen, en las flores o las vigilias a la luz de las velas.</p>
<p style="text-align: justify;">Por otra parte, frente a la dictadura del plus de gozar y sus consecuencias, expectamos el estallido y el desborde de actos violentos: violencia física, violencia sexual hacia las mujeres, feminicidios como expresiones de la agitación de lo real y del actual malestar en la civilización. Esta apreciación de la época nos interpela a los analistas y nos convoca a reflexionar ante las horrendas muecas de esta epidemia social.</p>
<p style="text-align: justify;">El que la violencia contra la mujer haya pasado de estar ubicada en la esfera privada a situarse en la agenda jurídica y política de varios países, ha permitido conocer las cifras macabras de mujeres asesinadas. Por ejemplo, en Bolivia, en los dos primeros meses de 2013 se registraron 25 muertes violentas de mujeres, calificados de homicidios intencionados o feminicidios.</p>
<p style="text-align: justify;">Para frenar este tipo de violencia se proponen nuevas leyes con condenas más duras y acciones drásticas como la castración química. Asimismo, se puede observar que la atrocidad a la que están expuestas las mujeres, es abordada por el discurso de género y desde allí se intenta explicar la razón de estos hechos, atribuyéndolos a la presencia de un machismo en la sociedad. Esta explicación reduccionista, vinculada a la existencia del machismo, evidencia la falta de interrogación sobre las causas de un acto violento y la ausencia de un tratamiento de la feminidad, del goce, del cuerpo, que permitan cernir lo real en juego.</p>
<p style="text-align: justify;">La enseñanza de Lacan muestra cómo el discurso capitalista promueve un movimiento circular que intenta excluir lo imposible. Además, enfatiza el goce femenino como goce suplementario, que no cae todo él bajo la significación fálica e introduce en el mundo una diferencia radical; goce femenino que no se puede controlar, encuadrar. Esta perspectiva lleva a afirmar que, en el origen de cualquier rechazo y destrucción del otro, anida el intento de borrar del mundo esta diferencia perturbante.</p>
<p style="text-align: justify;">El feminicidio, las formas de violencia en el siglo actual son actos que cobran una especificidad pues se presentan «sin vestiduras y muestran el desgarro del Ideal y la preeminencia del objeto» [2]. De esta manera, para el psicoanálisis estos actos están enraizados al «eso falla» [3], al no hay de la relación sexual y como dice Miller «son, ante todo, signos de la no relación sexual (…) son como puntos de interrogación en la no relación sexual» [4] que expresan de modo singular la falta de unidad entre el ser hablante y el goce.</p>
<p style="text-align: justify;">Así, la inexistencia de la relación sexual y la presentificación en la mujer del no-todo, objetante a lo universal, habita en el núcleo de esta problemática –tan promocionada socialmente– de la erradicación de la violencia, con leyes contra el maltrato, contra el feminicidio, donde prevalece la evaluación. Se instala el control y se desconoce cómo en cada uno de estos actos, se trata del goce, del modo singular de anudar una relación particular con el cuerpo del otro. Es decir, se trata de leer la manera en que cada ser hablante vive la pulsión, un pedazo de real.</p>
</div>
<div id="CITAS">
<hr />
<p style="text-align: justify;"><b>Notas</b></p>
<ol>
<li style="text-align: justify;">Miller, J.-A., «Lo real en el siglo XXI», Presentación del tema del IX Congreso de la AMP, <a href="http://www.eol.org.ar/la_escuela/Destacados/Lacan-Quotidien/LC-cero-216.pdf">http://www.eol.org.ar/la_escuela/Destacados/Lacan-Quotidien/LC-cero-216.pdf</a></li>
<li style="text-align: justify;">Tendlarz, S.E., Dante, C., ¿A quién mata el asesino?, Grama, Bs. As., 2008, p. 197.</li>
<li style="text-align: justify;">Miller, J.-A., <i>Punto Cenit</i>, Diva, Bs. As., 2012, pp. 44-45.</li>
<li style="text-align: justify;">Ibíd., pp. 52-53.</li>
</ol>
</div>
</div></div></div></div></div></p>

<p>María Elena Lora</p>
