{"id":423,"date":"2021-08-15T20:46:17","date_gmt":"2021-08-15T23:46:17","guid":{"rendered":"http:\/\/x-enapol.org\/vi\/?post_type=avada_portfolio&#038;p=423"},"modified":"2021-08-15T20:48:12","modified_gmt":"2021-08-15T23:48:12","slug":"el-cuerpo-del-delito","status":"publish","type":"avada_portfolio","link":"https:\/\/enapol.com\/vi\/portfolio-items\/el-cuerpo-del-delito\/","title":{"rendered":"El cuerpo del delito"},"content":{"rendered":"<p><div class=\"fusion-fullwidth fullwidth-box fusion-builder-row-1 fusion-flex-container nonhundred-percent-fullwidth non-hundred-percent-height-scrolling\" style=\"--awb-border-radius-top-left:0px;--awb-border-radius-top-right:0px;--awb-border-radius-bottom-right:0px;--awb-border-radius-bottom-left:0px;--awb-flex-wrap:wrap;\" ><div class=\"fusion-builder-row fusion-row fusion-flex-align-items-flex-start fusion-flex-content-wrap\" style=\"max-width:1352px;margin-left: calc(-4% \/ 2 );margin-right: calc(-4% \/ 2 );\"><div class=\"fusion-layout-column fusion_builder_column fusion-builder-column-0 fusion_builder_column_1_2 1_2 fusion-flex-column\" style=\"--awb-bg-size:cover;--awb-width-large:50%;--awb-margin-top-large:0px;--awb-spacing-right-large:3.84%;--awb-margin-bottom-large:20px;--awb-spacing-left-large:3.84%;--awb-width-medium:100%;--awb-order-medium:0;--awb-spacing-right-medium:1.92%;--awb-spacing-left-medium:1.92%;--awb-width-small:100%;--awb-order-small:0;--awb-spacing-right-small:1.92%;--awb-spacing-left-small:1.92%;\"><div class=\"fusion-column-wrapper fusion-column-has-shadow fusion-flex-justify-content-flex-start fusion-content-layout-column\"><div class=\"fusion-image-element \" style=\"text-align:left;--awb-bottom-shadow-color:rgba(0,0,0,0.4);--awb-caption-title-font-family:var(--h2_typography-font-family);--awb-caption-title-font-weight:var(--h2_typography-font-weight);--awb-caption-title-font-style:var(--h2_typography-font-style);--awb-caption-title-size:var(--h2_typography-font-size);--awb-caption-title-transform:var(--h2_typography-text-transform);--awb-caption-title-line-height:var(--h2_typography-line-height);--awb-caption-title-letter-spacing:var(--h2_typography-letter-spacing);\"><div class=\"awb-image-frame awb-image-frame-1 awb-bottomshadow\"><span class=\" fusion-imageframe imageframe-bottomshadow imageframe-1 hover-type-none\"><img decoding=\"async\" width=\"1000\" height=\"600\" title=\"Juan-Pablo-Mollo\" src=\"http:\/\/enapol.com\/vi\/wp-content\/uploads\/sites\/8\/2021\/08\/Juan-Pablo-Mollo-1.jpg\" alt class=\"img-responsive wp-image-426\" srcset=\"https:\/\/enapol.com\/vi\/wp-content\/uploads\/sites\/8\/2021\/08\/Juan-Pablo-Mollo-1-200x120.jpg 200w, https:\/\/enapol.com\/vi\/wp-content\/uploads\/sites\/8\/2021\/08\/Juan-Pablo-Mollo-1-400x240.jpg 400w, https:\/\/enapol.com\/vi\/wp-content\/uploads\/sites\/8\/2021\/08\/Juan-Pablo-Mollo-1-600x360.jpg 600w, https:\/\/enapol.com\/vi\/wp-content\/uploads\/sites\/8\/2021\/08\/Juan-Pablo-Mollo-1-800x480.jpg 800w, https:\/\/enapol.com\/vi\/wp-content\/uploads\/sites\/8\/2021\/08\/Juan-Pablo-Mollo-1.jpg 1000w\" sizes=\"(max-width: 1024px) 100vw, (max-width: 640px) 100vw, 800px\" \/><\/span><svg xmlns=\"http:\/\/www.w3.org\/2000\/svg\" version=\"1.1\" width=\"100%\" viewBox=\"0 0 600 28\" preserveAspectRatio=\"none\"><g clip-path=\"url(#a)\"><mask id=\"b\" style=\"mask-type:luminance\" maskUnits=\"userSpaceOnUse\" x=\"0\" y=\"0\" width=\"600\" height=\"28\"><path d=\"M0 0h600v28H0V0Z\" fill=\"#fff\"\/><\/mask><g filter=\"url(#c)\" mask=\"url(#b)\"><path d=\"M16.439-18.667h567.123v30.8S438.961-8.4 300-8.4C161.04-8.4 16.438 12.133 16.438 12.133v-30.8Z\" fill=\"#000\"\/><\/g><\/g><defs><clipPath id=\"a\"><path fill=\"#fff\" d=\"M0 0h600v28H0z\"\/><\/clipPath><filter id=\"c\" x=\"5.438\" y=\"-29.667\" width=\"589.123\" height=\"52.8\" filterUnits=\"userSpaceOnUse\" color-interpolation-filters=\"sRGB\"><feFlood flood-opacity=\"0\" result=\"BackgroundImageFix\"\/><feBlend in=\"SourceGraphic\" in2=\"BackgroundImageFix\" result=\"shape\"\/><feGaussianBlur stdDeviation=\"5.5\" result=\"effect1_foregroundBlur_3983_183\"\/><\/filter><\/defs><\/svg><\/div><\/div><div class=\"fusion-separator fusion-full-width-sep\" style=\"align-self: center;margin-left: auto;margin-right: auto;margin-top:5px;margin-bottom:5px;width:100%;\"><\/div><div class=\"fusion-title title fusion-title-1 fusion-sep-none fusion-title-text fusion-title-size-three\" style=\"--awb-margin-bottom:0px;\"><h3 class=\"fusion-title-heading title-heading-left fusion-responsive-typography-calculated\" style=\"margin:0;--fontSize:30;line-height:1.3;\">Juan Pablo Mollo<\/h3><\/div><div class=\"fusion-text fusion-text-1\"><p style=\"text-align: left;\"><strong>EOL<\/strong><\/p>\n<\/div><\/div><\/div><div class=\"fusion-layout-column fusion_builder_column fusion-builder-column-1 fusion_builder_column_1_2 1_2 fusion-flex-column\" style=\"--awb-bg-size:cover;--awb-width-large:50%;--awb-margin-top-large:0px;--awb-spacing-right-large:3.84%;--awb-margin-bottom-large:20px;--awb-spacing-left-large:3.84%;--awb-width-medium:100%;--awb-order-medium:0;--awb-spacing-right-medium:1.92%;--awb-spacing-left-medium:1.92%;--awb-width-small:100%;--awb-order-small:0;--awb-spacing-right-small:1.92%;--awb-spacing-left-small:1.92%;\"><div class=\"fusion-column-wrapper fusion-column-has-shadow fusion-flex-justify-content-flex-start fusion-content-layout-column\"><\/div><\/div><\/div><\/div><div class=\"fusion-fullwidth fullwidth-box fusion-builder-row-2 fusion-flex-container nonhundred-percent-fullwidth non-hundred-percent-height-scrolling\" style=\"--awb-border-radius-top-left:0px;--awb-border-radius-top-right:0px;--awb-border-radius-bottom-right:0px;--awb-border-radius-bottom-left:0px;--awb-flex-wrap:wrap;\" ><div class=\"fusion-builder-row fusion-row fusion-flex-align-items-flex-start fusion-flex-content-wrap\" style=\"max-width:1352px;margin-left: calc(-4% \/ 2 );margin-right: calc(-4% \/ 2 );\"><div class=\"fusion-layout-column fusion_builder_column fusion-builder-column-2 fusion_builder_column_1_1 1_1 fusion-flex-column\" style=\"--awb-bg-size:cover;--awb-width-large:100%;--awb-margin-top-large:0px;--awb-spacing-right-large:1.92%;--awb-margin-bottom-large:20px;--awb-spacing-left-large:1.92%;--awb-width-medium:100%;--awb-order-medium:0;--awb-spacing-right-medium:1.92%;--awb-spacing-left-medium:1.92%;--awb-width-small:100%;--awb-order-small:0;--awb-spacing-right-small:1.92%;--awb-spacing-left-small:1.92%;\"><div class=\"fusion-column-wrapper fusion-column-has-shadow fusion-flex-justify-content-flex-start fusion-content-layout-column\"><div class=\"fusion-separator fusion-full-width-sep\" style=\"align-self: center;margin-left: auto;margin-right: auto;margin-top:10px;margin-bottom:10px;width:100%;\"><\/div><div class=\"fusion-text fusion-text-2\"><div class=\"Parrafo\">\n<p style=\"text-align: justify;\">La noci\u00f3n de delito es una arquitectura socio-jur\u00eddica, subsidiaria de la noci\u00f3n de Estado, que act\u00faa frente a los conflictos sociales mediante la creaci\u00f3n, interpretaci\u00f3n y la aplicaci\u00f3n coactiva de normas. El delito es una abstracci\u00f3n jur\u00eddica que no existe en la realidad social; es decir, existen acciones conflictivas de diferente magnitud y da\u00f1o social, que simplemente tienen en com\u00fan estar descriptos como delitos en el c\u00f3digo penal y que habilitan al poder punitivo a criminalizar ciertas conductas y personas, seg\u00fan su arbitrio selectivo.<\/p>\n<p style=\"text-align: justify;\">No existen delitos castigados en todo tiempo y lugar: no hubo conducta delictiva que no haya sido permitida, ni comportamiento l\u00edcito que no haya sido prohibido (ni siquiera el homicidio ha estado siempre prohibido y castigado). El buen ciudadano y el reo o la virtud y el vicio, son intercambiables en la historia de los c\u00f3digos penales. La imputaci\u00f3n de un delito, la identificaci\u00f3n del delincuente y las nociones de culpa, responsabilidad y castigo son relativas al contexto cultural y el poder punitivo de cada \u00e9poca. Por ende, no puede darse un salto desde un c\u00f3digo penal hacia el mundo social; y mucho menos cristalizar al delito como un pecado religioso o una patolog\u00eda individual.<\/p>\n<p style=\"text-align: justify;\">Si bien el delito no tiene cuerpo, ni puede tener or\u00edgenes biol\u00f3gicos, \u00e9tnicos o morales, la psiquiatr\u00eda positivista del siglo XVIII instituy\u00f3, con su falsa ciencia, la patologizaci\u00f3n del delito; es decir, \u00absustancializ\u00f3\u00bb al delito con una concepci\u00f3n biol\u00f3gicamente determinada de la conducta individual (actualmente reflotada por las neurociencias a partir de la neuroqu\u00edmica cerebral y la gen\u00e9tica molecular). Y la reducci\u00f3n biologicista, legitimadora del poder punitivo, siempre ha pretendido hacer existir el delito en la realidad social, en contra de la autonom\u00eda de las personas y de la soberan\u00eda jur\u00eddica sobre sus cuerpos.<\/p>\n<p style=\"text-align: justify;\">Asimismo, la historia de la penalidad verifica que el concepto de enemigo siempre est\u00e1 presente en los programas de criminalizaci\u00f3n de cuerpos humanos etiquetados como \u00abriesgos sociales\u00bb y sin derechos. La materializaci\u00f3n de esta ideolog\u00eda queda plasmada en el \u00abderecho penal del enemigo\u00bb, que legitima al Estado a quitar el estatuto de persona a sus enemigos (j\u00f3venes marginales, negros, inmigrantes, subversivos, terroristas etc.), para salvaguardar la seguridad de los ciudadanos. Por esto, la enfermedad end\u00e9mica del poder punitivo es el genocidio; es decir, un ataque fuera de discurso y animado por el odio al goce del Otro, dirigido hacia el objeto enemigo (el nazismo fue la elecci\u00f3n de un enemigo a partir de un delirio biol\u00f3gico).<\/p>\n<p style=\"text-align: justify;\">La pena simb\u00f3lica y justificable, no es practicable; el \u00abasentimiento subjetivo\u00bb de la pena es una fantas\u00eda del psicoan\u00e1lisis con el derecho, el padre y la doctrina cristiana. La pena real se encarga de imponer censura a trav\u00e9s de la degradaci\u00f3n social del transgresor sometido a ser objeto de un sufrimiento humillante. As\u00ed, la \u00abencarnaci\u00f3n\u00bb del delito es un acto pol\u00edtico, siempre racista, que produce un resto corporal rebajado a la animalidad en la hoguera, el campo de exterminio o la prisi\u00f3n.<\/p>\n<p style=\"text-align: justify;\">Una l\u00f3gica bul\u00edmica opera en el orden de seguridad del capitalismo avanzado y el discurso global de la ciencia: traga a sus miembros, consume masas de personas a trav\u00e9s de la educaci\u00f3n, los medios de comunicaci\u00f3n y la participaci\u00f3n en el mercado; y mediante el sistema penal, vomita los restos abyectos fuera del cuerpo pol\u00edtico-social. En efecto, en la \u00e9poca de la crisis de las normas y la agitaci\u00f3n de lo real, el poder punitivo ya no opera a partir del semblante universal de la justicia, sino con un fin pol\u00edtico de utilidad social basado en la segregaci\u00f3n.<\/p>\n<\/div>\n<div id=\"CITAS\">\n<hr \/>\n<p style=\"text-align: justify;\"><b>Bibliograf\u00eda<\/b><\/p>\n<ol>\n<li style=\"text-align: justify;\">Lacan, J., \u00abEl atolondradicho\u00bb,\u00a0<i>Otros escritos,\u00a0<\/i>Paid\u00f3s, Bs. As., 2012.<\/li>\n<li style=\"text-align: justify;\">Miller, J.-A.,\u00a0<i>Extimidad<\/i>, Paid\u00f3s, Bs. As., 2010.<\/li>\n<li style=\"text-align: justify;\">Pavarini, M.,\u00a0<i>El arte abyecto<\/i>, Ad-Hoc, Bs. As., 2006.<\/li>\n<li style=\"text-align: justify;\">Young, J., La sociedad excluyente, Marcial Pons, Madrid, 2003.<\/li>\n<li style=\"text-align: justify;\">Zaffaroni, R., Zaffaroni, R., El enemigo en el derecho penal, Ediar, Bs. As., 2005.<\/li>\n<\/ol>\n<\/div>\n<\/div><\/div><\/div><\/div><\/div><\/p>\n","protected":false},"excerpt":{"rendered":"<p>Juan Pablo Mollo<\/p>\n","protected":false},"author":1,"featured_media":426,"menu_order":0,"comment_status":"open","ping_status":"closed","template":"","format":"standard","meta":{"_monsterinsights_skip_tracking":false,"_monsterinsights_sitenote_active":false,"_monsterinsights_sitenote_note":"","_monsterinsights_sitenote_category":0,"footnotes":""},"portfolio_category":[58],"portfolio_skills":[],"portfolio_tags":[],"_links":{"self":[{"href":"https:\/\/enapol.com\/vi\/wp-json\/wp\/v2\/avada_portfolio\/423"}],"collection":[{"href":"https:\/\/enapol.com\/vi\/wp-json\/wp\/v2\/avada_portfolio"}],"about":[{"href":"https:\/\/enapol.com\/vi\/wp-json\/wp\/v2\/types\/avada_portfolio"}],"author":[{"embeddable":true,"href":"https:\/\/enapol.com\/vi\/wp-json\/wp\/v2\/users\/1"}],"replies":[{"embeddable":true,"href":"https:\/\/enapol.com\/vi\/wp-json\/wp\/v2\/comments?post=423"}],"version-history":[{"count":2,"href":"https:\/\/enapol.com\/vi\/wp-json\/wp\/v2\/avada_portfolio\/423\/revisions"}],"predecessor-version":[{"id":427,"href":"https:\/\/enapol.com\/vi\/wp-json\/wp\/v2\/avada_portfolio\/423\/revisions\/427"}],"wp:featuredmedia":[{"embeddable":true,"href":"https:\/\/enapol.com\/vi\/wp-json\/wp\/v2\/media\/426"}],"wp:attachment":[{"href":"https:\/\/enapol.com\/vi\/wp-json\/wp\/v2\/media?parent=423"}],"wp:term":[{"taxonomy":"portfolio_category","embeddable":true,"href":"https:\/\/enapol.com\/vi\/wp-json\/wp\/v2\/portfolio_category?post=423"},{"taxonomy":"portfolio_skills","embeddable":true,"href":"https:\/\/enapol.com\/vi\/wp-json\/wp\/v2\/portfolio_skills?post=423"},{"taxonomy":"portfolio_tags","embeddable":true,"href":"https:\/\/enapol.com\/vi\/wp-json\/wp\/v2\/portfolio_tags?post=423"}],"curies":[{"name":"wp","href":"https:\/\/api.w.org\/{rel}","templated":true}]}}

<p><div class="fusion-fullwidth fullwidth-box fusion-builder-row-1 fusion-flex-container nonhundred-percent-fullwidth non-hundred-percent-height-scrolling" style="--awb-border-radius-top-left:0px;--awb-border-radius-top-right:0px;--awb-border-radius-bottom-right:0px;--awb-border-radius-bottom-left:0px;--awb-flex-wrap:wrap;" ><div class="fusion-builder-row fusion-row fusion-flex-align-items-flex-start fusion-flex-content-wrap" style="max-width:1352px;margin-left: calc(-4% / 2 );margin-right: calc(-4% / 2 );"><div class="fusion-layout-column fusion_builder_column fusion-builder-column-0 fusion_builder_column_1_2 1_2 fusion-flex-column" style="--awb-bg-size:cover;--awb-width-large:50%;--awb-margin-top-large:0px;--awb-spacing-right-large:3.84%;--awb-margin-bottom-large:20px;--awb-spacing-left-large:3.84%;--awb-width-medium:100%;--awb-order-medium:0;--awb-spacing-right-medium:1.92%;--awb-spacing-left-medium:1.92%;--awb-width-small:100%;--awb-order-small:0;--awb-spacing-right-small:1.92%;--awb-spacing-left-small:1.92%;"><div class="fusion-column-wrapper fusion-column-has-shadow fusion-flex-justify-content-flex-start fusion-content-layout-column"><div class="fusion-image-element " style="text-align:left;--awb-bottom-shadow-color:rgba(0,0,0,0.4);--awb-caption-title-font-family:var(--h2_typography-font-family);--awb-caption-title-font-weight:var(--h2_typography-font-weight);--awb-caption-title-font-style:var(--h2_typography-font-style);--awb-caption-title-size:var(--h2_typography-font-size);--awb-caption-title-transform:var(--h2_typography-text-transform);--awb-caption-title-line-height:var(--h2_typography-line-height);--awb-caption-title-letter-spacing:var(--h2_typography-letter-spacing);"><div class="awb-image-frame awb-image-frame-1 awb-bottomshadow"><span class=" fusion-imageframe imageframe-bottomshadow imageframe-1 hover-type-none"><img decoding="async" width="1000" height="600" title="Juan-Pablo-Mollo" src="http://enapol.com/vi/wp-content/uploads/sites/8/2021/08/Juan-Pablo-Mollo-1.jpg" alt class="img-responsive wp-image-426" srcset="https://enapol.com/vi/wp-content/uploads/sites/8/2021/08/Juan-Pablo-Mollo-1-200x120.jpg 200w, https://enapol.com/vi/wp-content/uploads/sites/8/2021/08/Juan-Pablo-Mollo-1-400x240.jpg 400w, https://enapol.com/vi/wp-content/uploads/sites/8/2021/08/Juan-Pablo-Mollo-1-600x360.jpg 600w, https://enapol.com/vi/wp-content/uploads/sites/8/2021/08/Juan-Pablo-Mollo-1-800x480.jpg 800w, https://enapol.com/vi/wp-content/uploads/sites/8/2021/08/Juan-Pablo-Mollo-1.jpg 1000w" sizes="(max-width: 1024px) 100vw, (max-width: 640px) 100vw, 800px" /></span><svg xmlns="http://www.w3.org/2000/svg" version="1.1" width="100%" viewBox="0 0 600 28" preserveAspectRatio="none"><g clip-path="url(#a)"><mask id="b" style="mask-type:luminance" maskUnits="userSpaceOnUse" x="0" y="0" width="600" height="28"><path d="M0 0h600v28H0V0Z" fill="#fff"/></mask><g filter="url(#c)" mask="url(#b)"><path d="M16.439-18.667h567.123v30.8S438.961-8.4 300-8.4C161.04-8.4 16.438 12.133 16.438 12.133v-30.8Z" fill="#000"/></g></g><defs><clipPath id="a"><path fill="#fff" d="M0 0h600v28H0z"/></clipPath><filter id="c" x="5.438" y="-29.667" width="589.123" height="52.8" filterUnits="userSpaceOnUse" color-interpolation-filters="sRGB"><feFlood flood-opacity="0" result="BackgroundImageFix"/><feBlend in="SourceGraphic" in2="BackgroundImageFix" result="shape"/><feGaussianBlur stdDeviation="5.5" result="effect1_foregroundBlur_3983_183"/></filter></defs></svg></div></div><div class="fusion-separator fusion-full-width-sep" style="align-self: center;margin-left: auto;margin-right: auto;margin-top:5px;margin-bottom:5px;width:100%;"></div><div class="fusion-title title fusion-title-1 fusion-sep-none fusion-title-text fusion-title-size-three" style="--awb-margin-bottom:0px;"><h3 class="fusion-title-heading title-heading-left fusion-responsive-typography-calculated" style="margin:0;--fontSize:30;line-height:1.3;">Juan Pablo Mollo</h3></div><div class="fusion-text fusion-text-1"><p style="text-align: left;"><strong>EOL</strong></p>
</div></div></div><div class="fusion-layout-column fusion_builder_column fusion-builder-column-1 fusion_builder_column_1_2 1_2 fusion-flex-column" style="--awb-bg-size:cover;--awb-width-large:50%;--awb-margin-top-large:0px;--awb-spacing-right-large:3.84%;--awb-margin-bottom-large:20px;--awb-spacing-left-large:3.84%;--awb-width-medium:100%;--awb-order-medium:0;--awb-spacing-right-medium:1.92%;--awb-spacing-left-medium:1.92%;--awb-width-small:100%;--awb-order-small:0;--awb-spacing-right-small:1.92%;--awb-spacing-left-small:1.92%;"><div class="fusion-column-wrapper fusion-column-has-shadow fusion-flex-justify-content-flex-start fusion-content-layout-column"></div></div></div></div><div class="fusion-fullwidth fullwidth-box fusion-builder-row-2 fusion-flex-container nonhundred-percent-fullwidth non-hundred-percent-height-scrolling" style="--awb-border-radius-top-left:0px;--awb-border-radius-top-right:0px;--awb-border-radius-bottom-right:0px;--awb-border-radius-bottom-left:0px;--awb-flex-wrap:wrap;" ><div class="fusion-builder-row fusion-row fusion-flex-align-items-flex-start fusion-flex-content-wrap" style="max-width:1352px;margin-left: calc(-4% / 2 );margin-right: calc(-4% / 2 );"><div class="fusion-layout-column fusion_builder_column fusion-builder-column-2 fusion_builder_column_1_1 1_1 fusion-flex-column" style="--awb-bg-size:cover;--awb-width-large:100%;--awb-margin-top-large:0px;--awb-spacing-right-large:1.92%;--awb-margin-bottom-large:20px;--awb-spacing-left-large:1.92%;--awb-width-medium:100%;--awb-order-medium:0;--awb-spacing-right-medium:1.92%;--awb-spacing-left-medium:1.92%;--awb-width-small:100%;--awb-order-small:0;--awb-spacing-right-small:1.92%;--awb-spacing-left-small:1.92%;"><div class="fusion-column-wrapper fusion-column-has-shadow fusion-flex-justify-content-flex-start fusion-content-layout-column"><div class="fusion-separator fusion-full-width-sep" style="align-self: center;margin-left: auto;margin-right: auto;margin-top:10px;margin-bottom:10px;width:100%;"></div><div class="fusion-text fusion-text-2"><div class="Parrafo">
<p style="text-align: justify;">La noción de delito es una arquitectura socio-jurídica, subsidiaria de la noción de Estado, que actúa frente a los conflictos sociales mediante la creación, interpretación y la aplicación coactiva de normas. El delito es una abstracción jurídica que no existe en la realidad social; es decir, existen acciones conflictivas de diferente magnitud y daño social, que simplemente tienen en común estar descriptos como delitos en el código penal y que habilitan al poder punitivo a criminalizar ciertas conductas y personas, según su arbitrio selectivo.</p>
<p style="text-align: justify;">No existen delitos castigados en todo tiempo y lugar: no hubo conducta delictiva que no haya sido permitida, ni comportamiento lícito que no haya sido prohibido (ni siquiera el homicidio ha estado siempre prohibido y castigado). El buen ciudadano y el reo o la virtud y el vicio, son intercambiables en la historia de los códigos penales. La imputación de un delito, la identificación del delincuente y las nociones de culpa, responsabilidad y castigo son relativas al contexto cultural y el poder punitivo de cada época. Por ende, no puede darse un salto desde un código penal hacia el mundo social; y mucho menos cristalizar al delito como un pecado religioso o una patología individual.</p>
<p style="text-align: justify;">Si bien el delito no tiene cuerpo, ni puede tener orígenes biológicos, étnicos o morales, la psiquiatría positivista del siglo XVIII instituyó, con su falsa ciencia, la patologización del delito; es decir, «sustancializó» al delito con una concepción biológicamente determinada de la conducta individual (actualmente reflotada por las neurociencias a partir de la neuroquímica cerebral y la genética molecular). Y la reducción biologicista, legitimadora del poder punitivo, siempre ha pretendido hacer existir el delito en la realidad social, en contra de la autonomía de las personas y de la soberanía jurídica sobre sus cuerpos.</p>
<p style="text-align: justify;">Asimismo, la historia de la penalidad verifica que el concepto de enemigo siempre está presente en los programas de criminalización de cuerpos humanos etiquetados como «riesgos sociales» y sin derechos. La materialización de esta ideología queda plasmada en el «derecho penal del enemigo», que legitima al Estado a quitar el estatuto de persona a sus enemigos (jóvenes marginales, negros, inmigrantes, subversivos, terroristas etc.), para salvaguardar la seguridad de los ciudadanos. Por esto, la enfermedad endémica del poder punitivo es el genocidio; es decir, un ataque fuera de discurso y animado por el odio al goce del Otro, dirigido hacia el objeto enemigo (el nazismo fue la elección de un enemigo a partir de un delirio biológico).</p>
<p style="text-align: justify;">La pena simbólica y justificable, no es practicable; el «asentimiento subjetivo» de la pena es una fantasía del psicoanálisis con el derecho, el padre y la doctrina cristiana. La pena real se encarga de imponer censura a través de la degradación social del transgresor sometido a ser objeto de un sufrimiento humillante. Así, la «encarnación» del delito es un acto político, siempre racista, que produce un resto corporal rebajado a la animalidad en la hoguera, el campo de exterminio o la prisión.</p>
<p style="text-align: justify;">Una lógica bulímica opera en el orden de seguridad del capitalismo avanzado y el discurso global de la ciencia: traga a sus miembros, consume masas de personas a través de la educación, los medios de comunicación y la participación en el mercado; y mediante el sistema penal, vomita los restos abyectos fuera del cuerpo político-social. En efecto, en la época de la crisis de las normas y la agitación de lo real, el poder punitivo ya no opera a partir del semblante universal de la justicia, sino con un fin político de utilidad social basado en la segregación.</p>
</div>
<div id="CITAS">
<hr />
<p style="text-align: justify;"><b>Bibliografía</b></p>
<ol>
<li style="text-align: justify;">Lacan, J., «El atolondradicho», <i>Otros escritos, </i>Paidós, Bs. As., 2012.</li>
<li style="text-align: justify;">Miller, J.-A., <i>Extimidad</i>, Paidós, Bs. As., 2010.</li>
<li style="text-align: justify;">Pavarini, M., <i>El arte abyecto</i>, Ad-Hoc, Bs. As., 2006.</li>
<li style="text-align: justify;">Young, J., La sociedad excluyente, Marcial Pons, Madrid, 2003.</li>
<li style="text-align: justify;">Zaffaroni, R., Zaffaroni, R., El enemigo en el derecho penal, Ediar, Bs. As., 2005.</li>
</ol>
</div>
</div></div></div></div></div></p>
