{"id":438,"date":"2021-08-15T20:58:45","date_gmt":"2021-08-15T23:58:45","guid":{"rendered":"http:\/\/x-enapol.org\/vi\/?post_type=avada_portfolio&#038;p=438"},"modified":"2021-08-15T20:58:45","modified_gmt":"2021-08-15T23:58:45","slug":"imaginar-o-real","status":"publish","type":"avada_portfolio","link":"https:\/\/enapol.com\/vi\/pt\/portfolio-items\/imaginar-o-real\/","title":{"rendered":"Imaginar o real"},"content":{"rendered":"<p><div class=\"fusion-fullwidth fullwidth-box fusion-builder-row-1 fusion-flex-container nonhundred-percent-fullwidth non-hundred-percent-height-scrolling\" style=\"--awb-border-radius-top-left:0px;--awb-border-radius-top-right:0px;--awb-border-radius-bottom-right:0px;--awb-border-radius-bottom-left:0px;--awb-flex-wrap:wrap;\" ><div class=\"fusion-builder-row fusion-row fusion-flex-align-items-flex-start fusion-flex-content-wrap\" style=\"max-width:1352px;margin-left: calc(-4% \/ 2 );margin-right: calc(-4% \/ 2 );\"><div class=\"fusion-layout-column fusion_builder_column fusion-builder-column-0 fusion_builder_column_1_2 1_2 fusion-flex-column\" style=\"--awb-bg-size:cover;--awb-width-large:50%;--awb-margin-top-large:0px;--awb-spacing-right-large:3.84%;--awb-margin-bottom-large:20px;--awb-spacing-left-large:3.84%;--awb-width-medium:100%;--awb-order-medium:0;--awb-spacing-right-medium:1.92%;--awb-spacing-left-medium:1.92%;--awb-width-small:100%;--awb-order-small:0;--awb-spacing-right-small:1.92%;--awb-spacing-left-small:1.92%;\"><div class=\"fusion-column-wrapper fusion-column-has-shadow fusion-flex-justify-content-flex-start fusion-content-layout-column\"><div class=\"fusion-image-element \" style=\"text-align:left;--awb-bottom-shadow-color:rgba(0,0,0,0.4);--awb-caption-title-font-family:var(--h2_typography-font-family);--awb-caption-title-font-weight:var(--h2_typography-font-weight);--awb-caption-title-font-style:var(--h2_typography-font-style);--awb-caption-title-size:var(--h2_typography-font-size);--awb-caption-title-transform:var(--h2_typography-text-transform);--awb-caption-title-line-height:var(--h2_typography-line-height);--awb-caption-title-letter-spacing:var(--h2_typography-letter-spacing);\"><div class=\"awb-image-frame awb-image-frame-1 awb-bottomshadow\"><span class=\" fusion-imageframe imageframe-bottomshadow imageframe-1 hover-type-none\"><img decoding=\"async\" width=\"300\" height=\"200\" title=\"Vera-Gorali\" src=\"http:\/\/enapol.com\/vi\/wp-content\/uploads\/sites\/8\/2021\/08\/Vera-Gorali.jpg\" alt class=\"img-responsive wp-image-436\" srcset=\"https:\/\/enapol.com\/vi\/wp-content\/uploads\/sites\/8\/2021\/08\/Vera-Gorali-200x133.jpg 200w, https:\/\/enapol.com\/vi\/wp-content\/uploads\/sites\/8\/2021\/08\/Vera-Gorali.jpg 300w\" sizes=\"(max-width: 1024px) 100vw, (max-width: 640px) 100vw, 300px\" \/><\/span><svg xmlns=\"http:\/\/www.w3.org\/2000\/svg\" version=\"1.1\" width=\"100%\" viewBox=\"0 0 600 28\" preserveAspectRatio=\"none\"><g clip-path=\"url(#a)\"><mask id=\"b\" style=\"mask-type:luminance\" maskUnits=\"userSpaceOnUse\" x=\"0\" y=\"0\" width=\"600\" height=\"28\"><path d=\"M0 0h600v28H0V0Z\" fill=\"#fff\"\/><\/mask><g filter=\"url(#c)\" mask=\"url(#b)\"><path d=\"M16.439-18.667h567.123v30.8S438.961-8.4 300-8.4C161.04-8.4 16.438 12.133 16.438 12.133v-30.8Z\" fill=\"#000\"\/><\/g><\/g><defs><clipPath id=\"a\"><path fill=\"#fff\" d=\"M0 0h600v28H0z\"\/><\/clipPath><filter id=\"c\" x=\"5.438\" y=\"-29.667\" width=\"589.123\" height=\"52.8\" filterUnits=\"userSpaceOnUse\" color-interpolation-filters=\"sRGB\"><feFlood flood-opacity=\"0\" result=\"BackgroundImageFix\"\/><feBlend in=\"SourceGraphic\" in2=\"BackgroundImageFix\" result=\"shape\"\/><feGaussianBlur stdDeviation=\"5.5\" result=\"effect1_foregroundBlur_3983_183\"\/><\/filter><\/defs><\/svg><\/div><\/div><div class=\"fusion-separator fusion-full-width-sep\" style=\"align-self: center;margin-left: auto;margin-right: auto;margin-top:5px;margin-bottom:5px;width:100%;\"><\/div><div class=\"fusion-title title fusion-title-1 fusion-sep-none fusion-title-text fusion-title-size-three\" style=\"--awb-margin-bottom:0px;\"><h3 class=\"fusion-title-heading title-heading-left fusion-responsive-typography-calculated\" style=\"margin:0;--fontSize:30;line-height:1.3;\">Vera Gorali<\/h3><\/div><div class=\"fusion-text fusion-text-1\"><p style=\"text-align: left;\"><strong>EOL Buenos Aires<\/strong><\/p>\n<\/div><\/div><\/div><div class=\"fusion-layout-column fusion_builder_column fusion-builder-column-1 fusion_builder_column_1_2 1_2 fusion-flex-column\" style=\"--awb-bg-size:cover;--awb-width-large:50%;--awb-margin-top-large:0px;--awb-spacing-right-large:3.84%;--awb-margin-bottom-large:20px;--awb-spacing-left-large:3.84%;--awb-width-medium:100%;--awb-order-medium:0;--awb-spacing-right-medium:1.92%;--awb-spacing-left-medium:1.92%;--awb-width-small:100%;--awb-order-small:0;--awb-spacing-right-small:1.92%;--awb-spacing-left-small:1.92%;\"><div class=\"fusion-column-wrapper fusion-column-has-shadow fusion-flex-justify-content-flex-start fusion-content-layout-column\"><\/div><\/div><\/div><\/div><div class=\"fusion-fullwidth fullwidth-box fusion-builder-row-2 fusion-flex-container nonhundred-percent-fullwidth non-hundred-percent-height-scrolling\" style=\"--awb-border-radius-top-left:0px;--awb-border-radius-top-right:0px;--awb-border-radius-bottom-right:0px;--awb-border-radius-bottom-left:0px;--awb-flex-wrap:wrap;\" ><div class=\"fusion-builder-row fusion-row fusion-flex-align-items-flex-start fusion-flex-content-wrap\" style=\"max-width:1352px;margin-left: calc(-4% \/ 2 );margin-right: calc(-4% \/ 2 );\"><div class=\"fusion-layout-column fusion_builder_column fusion-builder-column-2 fusion_builder_column_1_1 1_1 fusion-flex-column\" style=\"--awb-bg-size:cover;--awb-width-large:100%;--awb-margin-top-large:0px;--awb-spacing-right-large:1.92%;--awb-margin-bottom-large:20px;--awb-spacing-left-large:1.92%;--awb-width-medium:100%;--awb-order-medium:0;--awb-spacing-right-medium:1.92%;--awb-spacing-left-medium:1.92%;--awb-width-small:100%;--awb-order-small:0;--awb-spacing-right-small:1.92%;--awb-spacing-left-small:1.92%;\"><div class=\"fusion-column-wrapper fusion-column-has-shadow fusion-flex-justify-content-flex-start fusion-content-layout-column\"><div class=\"fusion-separator fusion-full-width-sep\" style=\"align-self: center;margin-left: auto;margin-right: auto;margin-top:10px;margin-bottom:10px;width:100%;\"><\/div><div class=\"fusion-text fusion-text-2\"><div class=\"Parrafo\">\n<div class=\"Parrafo\">\n<p style=\"text-align: justify;\">\u00abO real do direito \u00e9 o torto\u00bb, afirma Lacan, e abandona o espa\u00e7o euclidiano para nos submergir nessa outra esp\u00e9cie de espa\u00e7o que nos edifica o corpo: a topologia nodal.<\/p>\n<p style=\"text-align: justify;\">A geometria euclidiana \u00e9 pr\u00f3pria dos anjos, n\u00e3o tem corpo. Suas figuras se tornam necess\u00e1rias e eternas. Tri\u00e2ngulos, esferas, linhas e pontos s\u00e3o abolidos em sua realiza\u00e7\u00e3o efetiva, de forma a se constitu\u00edrem em conceitos abstratos e imut\u00e1veis, atemporais.<\/p>\n<p style=\"text-align: justify;\">A geometria nodal, por outro lado, \u00e9 contingente e inclui o tempo. Isto \u00e9 palp\u00e1vel quando consideramos o desdobramento sucessivo de seus desenhos. Suas figuras multiplicadas podem replicar um mesmo enla\u00e7amento, mas, o que importa s\u00e3o as diferen\u00e7as materiais de sua reprodu\u00e7\u00e3o. \u00c9 o modelo de uma escrita sem sentido que n\u00e3o prov\u00e9m do significante.<\/p>\n<p style=\"text-align: justify;\">Este n\u00f3 deform\u00e1vel, uma vez desdobrado est\u00e1 provido de ex-sit\u00eancia. Por esta caracter\u00edstica a topologia permanece definitivamente ligada ao real e nos libera da \u00abm\u00fasica do ser\u00bb e de seus horizontes desabitados.\u00a0<i>H\u00e1 o Um\u00a0<\/i>do significante sem estrutura, e sua insist\u00eancia de gozo encarnado na consist\u00eancia material, nas diferentes formas em que se pode escrever a mesma emiss\u00e3o de voz:\u00a0<i>\u00abAilouno<\/i>\u00bb ou \u00ab<i>aailo uuno<\/i>\u00ab<i>,\u00a0<\/i>por exemplo.<\/p>\n<p style=\"text-align: justify;\">A interse\u00e7\u00e3o do simb\u00f3lico com o imagin\u00e1rio, ou seja, do corpo com a palavra, que Lacan paradoxalmente sustenta at\u00e9 o S<i>emin\u00e1rio O Sinthome<\/i>, \u00e9 produtora de sentido. Esta concep\u00e7\u00e3o est\u00e1 em sintonia com a ideia da puls\u00e3o como eco no corpo de um dizer. O problema que permanece, no mencionado\u00a0<i>Semin\u00e1rio<\/i>, \u00e9 que na cl\u00ednica o real do sintoma, localizado fora da conjun\u00e7\u00e3o simb\u00f3lico-imagin\u00e1ria, n\u00e3o pode ser atingido pela interpreta\u00e7\u00e3o simb\u00f3lica. Isso, ainda que ela utilize o equ\u00edvoco significante \u2013 que n\u00e3o deixa de ser um uso particular do duplo sentido.<\/p>\n<p style=\"text-align: justify;\">Lacan, a partir desta constru\u00e7\u00e3o, avan\u00e7a suas renovadas propostas em rela\u00e7\u00e3o \u00e0 experi\u00eancia anal\u00edtica, apoiado na constata\u00e7\u00e3o da disjun\u00e7\u00e3o das palavras e coisas.<\/p>\n<p style=\"text-align: justify;\">A psican\u00e1lise, ao longo dos S<i>emin\u00e1rios 24 e 25<\/i>, \u00e9 definitivamente considerada uma pr\u00e1tica na qual dois participam, e n\u00e3o uma ci\u00eancia. Ela consiste em que o analisante diga o que lhe acontece e, Lacan prop\u00f5e resgatar essa palavra vazia de seus primeiros\u00a0<i>Escritos,<\/i>\u00a0palavra esburacada que se se materializa no toro, dando-lhe corpo. E, ao analista cabe a responsabilidade de um novo uso do significante que fa\u00e7a ressoar outra coisa que o sentido. Recorre \u00e0 poesia para demonstrar que a palavra pode ter efeito de sentido e, tamb\u00e9m, efeito de buraco, na significa\u00e7\u00e3o vazia, o buraco no real da rela\u00e7\u00e3o sexual que n\u00e3o existe. A manipula\u00e7\u00e3o interpretativa, borromeana, implica eliminar um sentido, o sentido comum, pelo for\u00e7amento do significante.<\/p>\n<p style=\"text-align: justify;\">Trata-se de uma mudan\u00e7a importante, pois sup\u00f5e outorgar primazia ao imagin\u00e1rio que est\u00e1 inclu\u00eddo no real. N\u00e3o \u00e9 o imagin\u00e1rio da forma adorada do corpo, do belo, mas, um novo imagin\u00e1rio, carente de sentido. \u00abRecorre-se ao imagin\u00e1rio para ir ao real\u00bb [2].<\/p>\n<p style=\"text-align: justify;\">Este imagin\u00e1rio rompe com o Nome-do-Pai e introduz um novo problema: Como imaginar o real? A isto responde um novo fato cl\u00ednico:\u00a0<i>a inibi\u00e7\u00e3o.<\/i>\u00a0No n\u00f3 borromeano a inibi\u00e7\u00e3o se coloca no hiato entre imagin\u00e1rio e real. Somos inibidos na hora de imaginar o real.<\/p>\n<p style=\"text-align: justify;\">Para concluir, uma indica\u00e7\u00e3o de Lacan: \u00abn\u00e3o se pode pensar sem o corpo e, para isso, h\u00e1 que se quebrar a cabe\u00e7a\u00bb [3].<\/p>\n<\/div>\n<div id=\"CITAS\">\n<hr \/>\n<p style=\"text-align: justify;\">Tradu\u00e7\u00e3o: Ilka Franco Ferrari<\/p>\n<ol>\n<li style=\"text-align: justify;\">Desenvolvimento inspirado no Curso de Orienta\u00e7\u00e3o Lacaniana, ministrado por J.- A. Miller em 2006-2007.<\/li>\n<li style=\"text-align: justify;\">Lacan, J.,\u00a0<i>Semin\u00e1rio 24,\u00a0<\/i>\u00ab<i>L&#8217;insu que sait de l&#8217;une-b\u00e9vue s&#8217;aile \u00e0 mourre\u00bb,\u00a0<\/i>(1976-1977), Aula de 16 de novembro de 1976, in\u00e9dito.<\/li>\n<li style=\"text-align: justify;\">Lacan, J.\u00a0<i>Semin\u00e1rio 25<\/i>, \u00abO momento de concluir\u00bb, (1977-1978), Aula de 15 de novembro de 1977, in\u00e9dito.<\/li>\n<\/ol>\n<\/div>\n<\/div>\n<\/div><\/div><\/div><\/div><\/div><\/p>\n","protected":false},"excerpt":{"rendered":"<p>Vera Gorali<\/p>\n","protected":false},"author":1,"featured_media":436,"menu_order":0,"comment_status":"open","ping_status":"closed","template":"","format":"standard","meta":{"_monsterinsights_skip_tracking":false,"_monsterinsights_sitenote_active":false,"_monsterinsights_sitenote_note":"","_monsterinsights_sitenote_category":0,"footnotes":""},"portfolio_category":[76],"portfolio_skills":[],"portfolio_tags":[],"_links":{"self":[{"href":"https:\/\/enapol.com\/vi\/wp-json\/wp\/v2\/avada_portfolio\/438"}],"collection":[{"href":"https:\/\/enapol.com\/vi\/wp-json\/wp\/v2\/avada_portfolio"}],"about":[{"href":"https:\/\/enapol.com\/vi\/wp-json\/wp\/v2\/types\/avada_portfolio"}],"author":[{"embeddable":true,"href":"https:\/\/enapol.com\/vi\/wp-json\/wp\/v2\/users\/1"}],"replies":[{"embeddable":true,"href":"https:\/\/enapol.com\/vi\/wp-json\/wp\/v2\/comments?post=438"}],"version-history":[{"count":1,"href":"https:\/\/enapol.com\/vi\/wp-json\/wp\/v2\/avada_portfolio\/438\/revisions"}],"predecessor-version":[{"id":439,"href":"https:\/\/enapol.com\/vi\/wp-json\/wp\/v2\/avada_portfolio\/438\/revisions\/439"}],"wp:featuredmedia":[{"embeddable":true,"href":"https:\/\/enapol.com\/vi\/wp-json\/wp\/v2\/media\/436"}],"wp:attachment":[{"href":"https:\/\/enapol.com\/vi\/wp-json\/wp\/v2\/media?parent=438"}],"wp:term":[{"taxonomy":"portfolio_category","embeddable":true,"href":"https:\/\/enapol.com\/vi\/wp-json\/wp\/v2\/portfolio_category?post=438"},{"taxonomy":"portfolio_skills","embeddable":true,"href":"https:\/\/enapol.com\/vi\/wp-json\/wp\/v2\/portfolio_skills?post=438"},{"taxonomy":"portfolio_tags","embeddable":true,"href":"https:\/\/enapol.com\/vi\/wp-json\/wp\/v2\/portfolio_tags?post=438"}],"curies":[{"name":"wp","href":"https:\/\/api.w.org\/{rel}","templated":true}]}}

<p><div class="fusion-fullwidth fullwidth-box fusion-builder-row-1 fusion-flex-container nonhundred-percent-fullwidth non-hundred-percent-height-scrolling" style="--awb-border-radius-top-left:0px;--awb-border-radius-top-right:0px;--awb-border-radius-bottom-right:0px;--awb-border-radius-bottom-left:0px;--awb-flex-wrap:wrap;" ><div class="fusion-builder-row fusion-row fusion-flex-align-items-flex-start fusion-flex-content-wrap" style="max-width:1352px;margin-left: calc(-4% / 2 );margin-right: calc(-4% / 2 );"><div class="fusion-layout-column fusion_builder_column fusion-builder-column-0 fusion_builder_column_1_2 1_2 fusion-flex-column" style="--awb-bg-size:cover;--awb-width-large:50%;--awb-margin-top-large:0px;--awb-spacing-right-large:3.84%;--awb-margin-bottom-large:20px;--awb-spacing-left-large:3.84%;--awb-width-medium:100%;--awb-order-medium:0;--awb-spacing-right-medium:1.92%;--awb-spacing-left-medium:1.92%;--awb-width-small:100%;--awb-order-small:0;--awb-spacing-right-small:1.92%;--awb-spacing-left-small:1.92%;"><div class="fusion-column-wrapper fusion-column-has-shadow fusion-flex-justify-content-flex-start fusion-content-layout-column"><div class="fusion-image-element " style="text-align:left;--awb-bottom-shadow-color:rgba(0,0,0,0.4);--awb-caption-title-font-family:var(--h2_typography-font-family);--awb-caption-title-font-weight:var(--h2_typography-font-weight);--awb-caption-title-font-style:var(--h2_typography-font-style);--awb-caption-title-size:var(--h2_typography-font-size);--awb-caption-title-transform:var(--h2_typography-text-transform);--awb-caption-title-line-height:var(--h2_typography-line-height);--awb-caption-title-letter-spacing:var(--h2_typography-letter-spacing);"><div class="awb-image-frame awb-image-frame-1 awb-bottomshadow"><span class=" fusion-imageframe imageframe-bottomshadow imageframe-1 hover-type-none"><img decoding="async" width="300" height="200" title="Vera-Gorali" src="http://enapol.com/vi/wp-content/uploads/sites/8/2021/08/Vera-Gorali.jpg" alt class="img-responsive wp-image-436" srcset="https://enapol.com/vi/wp-content/uploads/sites/8/2021/08/Vera-Gorali-200x133.jpg 200w, https://enapol.com/vi/wp-content/uploads/sites/8/2021/08/Vera-Gorali.jpg 300w" sizes="(max-width: 1024px) 100vw, (max-width: 640px) 100vw, 300px" /></span><svg xmlns="http://www.w3.org/2000/svg" version="1.1" width="100%" viewBox="0 0 600 28" preserveAspectRatio="none"><g clip-path="url(#a)"><mask id="b" style="mask-type:luminance" maskUnits="userSpaceOnUse" x="0" y="0" width="600" height="28"><path d="M0 0h600v28H0V0Z" fill="#fff"/></mask><g filter="url(#c)" mask="url(#b)"><path d="M16.439-18.667h567.123v30.8S438.961-8.4 300-8.4C161.04-8.4 16.438 12.133 16.438 12.133v-30.8Z" fill="#000"/></g></g><defs><clipPath id="a"><path fill="#fff" d="M0 0h600v28H0z"/></clipPath><filter id="c" x="5.438" y="-29.667" width="589.123" height="52.8" filterUnits="userSpaceOnUse" color-interpolation-filters="sRGB"><feFlood flood-opacity="0" result="BackgroundImageFix"/><feBlend in="SourceGraphic" in2="BackgroundImageFix" result="shape"/><feGaussianBlur stdDeviation="5.5" result="effect1_foregroundBlur_3983_183"/></filter></defs></svg></div></div><div class="fusion-separator fusion-full-width-sep" style="align-self: center;margin-left: auto;margin-right: auto;margin-top:5px;margin-bottom:5px;width:100%;"></div><div class="fusion-title title fusion-title-1 fusion-sep-none fusion-title-text fusion-title-size-three" style="--awb-margin-bottom:0px;"><h3 class="fusion-title-heading title-heading-left fusion-responsive-typography-calculated" style="margin:0;--fontSize:30;line-height:1.3;">Vera Gorali</h3></div><div class="fusion-text fusion-text-1"><p style="text-align: left;"><strong>EOL Buenos Aires</strong></p>
</div></div></div><div class="fusion-layout-column fusion_builder_column fusion-builder-column-1 fusion_builder_column_1_2 1_2 fusion-flex-column" style="--awb-bg-size:cover;--awb-width-large:50%;--awb-margin-top-large:0px;--awb-spacing-right-large:3.84%;--awb-margin-bottom-large:20px;--awb-spacing-left-large:3.84%;--awb-width-medium:100%;--awb-order-medium:0;--awb-spacing-right-medium:1.92%;--awb-spacing-left-medium:1.92%;--awb-width-small:100%;--awb-order-small:0;--awb-spacing-right-small:1.92%;--awb-spacing-left-small:1.92%;"><div class="fusion-column-wrapper fusion-column-has-shadow fusion-flex-justify-content-flex-start fusion-content-layout-column"></div></div></div></div><div class="fusion-fullwidth fullwidth-box fusion-builder-row-2 fusion-flex-container nonhundred-percent-fullwidth non-hundred-percent-height-scrolling" style="--awb-border-radius-top-left:0px;--awb-border-radius-top-right:0px;--awb-border-radius-bottom-right:0px;--awb-border-radius-bottom-left:0px;--awb-flex-wrap:wrap;" ><div class="fusion-builder-row fusion-row fusion-flex-align-items-flex-start fusion-flex-content-wrap" style="max-width:1352px;margin-left: calc(-4% / 2 );margin-right: calc(-4% / 2 );"><div class="fusion-layout-column fusion_builder_column fusion-builder-column-2 fusion_builder_column_1_1 1_1 fusion-flex-column" style="--awb-bg-size:cover;--awb-width-large:100%;--awb-margin-top-large:0px;--awb-spacing-right-large:1.92%;--awb-margin-bottom-large:20px;--awb-spacing-left-large:1.92%;--awb-width-medium:100%;--awb-order-medium:0;--awb-spacing-right-medium:1.92%;--awb-spacing-left-medium:1.92%;--awb-width-small:100%;--awb-order-small:0;--awb-spacing-right-small:1.92%;--awb-spacing-left-small:1.92%;"><div class="fusion-column-wrapper fusion-column-has-shadow fusion-flex-justify-content-flex-start fusion-content-layout-column"><div class="fusion-separator fusion-full-width-sep" style="align-self: center;margin-left: auto;margin-right: auto;margin-top:10px;margin-bottom:10px;width:100%;"></div><div class="fusion-text fusion-text-2"><div class="Parrafo">
<div class="Parrafo">
<p style="text-align: justify;">«O real do direito é o torto», afirma Lacan, e abandona o espaço euclidiano para nos submergir nessa outra espécie de espaço que nos edifica o corpo: a topologia nodal.</p>
<p style="text-align: justify;">A geometria euclidiana é própria dos anjos, não tem corpo. Suas figuras se tornam necessárias e eternas. Triângulos, esferas, linhas e pontos são abolidos em sua realização efetiva, de forma a se constituírem em conceitos abstratos e imutáveis, atemporais.</p>
<p style="text-align: justify;">A geometria nodal, por outro lado, é contingente e inclui o tempo. Isto é palpável quando consideramos o desdobramento sucessivo de seus desenhos. Suas figuras multiplicadas podem replicar um mesmo enlaçamento, mas, o que importa são as diferenças materiais de sua reprodução. É o modelo de uma escrita sem sentido que não provém do significante.</p>
<p style="text-align: justify;">Este nó deformável, uma vez desdobrado está provido de ex-sitência. Por esta característica a topologia permanece definitivamente ligada ao real e nos libera da «música do ser» e de seus horizontes desabitados. <i>Há o Um </i>do significante sem estrutura, e sua insistência de gozo encarnado na consistência material, nas diferentes formas em que se pode escrever a mesma emissão de voz: <i>«Ailouno</i>» ou «<i>aailo uuno</i>«<i>, </i>por exemplo.</p>
<p style="text-align: justify;">A interseção do simbólico com o imaginário, ou seja, do corpo com a palavra, que Lacan paradoxalmente sustenta até o S<i>eminário O Sinthome</i>, é produtora de sentido. Esta concepção está em sintonia com a ideia da pulsão como eco no corpo de um dizer. O problema que permanece, no mencionado <i>Seminário</i>, é que na clínica o real do sintoma, localizado fora da conjunção simbólico-imaginária, não pode ser atingido pela interpretação simbólica. Isso, ainda que ela utilize o equívoco significante – que não deixa de ser um uso particular do duplo sentido.</p>
<p style="text-align: justify;">Lacan, a partir desta construção, avança suas renovadas propostas em relação à experiência analítica, apoiado na constatação da disjunção das palavras e coisas.</p>
<p style="text-align: justify;">A psicanálise, ao longo dos S<i>eminários 24 e 25</i>, é definitivamente considerada uma prática na qual dois participam, e não uma ciência. Ela consiste em que o analisante diga o que lhe acontece e, Lacan propõe resgatar essa palavra vazia de seus primeiros <i>Escritos,</i> palavra esburacada que se se materializa no toro, dando-lhe corpo. E, ao analista cabe a responsabilidade de um novo uso do significante que faça ressoar outra coisa que o sentido. Recorre à poesia para demonstrar que a palavra pode ter efeito de sentido e, também, efeito de buraco, na significação vazia, o buraco no real da relação sexual que não existe. A manipulação interpretativa, borromeana, implica eliminar um sentido, o sentido comum, pelo forçamento do significante.</p>
<p style="text-align: justify;">Trata-se de uma mudança importante, pois supõe outorgar primazia ao imaginário que está incluído no real. Não é o imaginário da forma adorada do corpo, do belo, mas, um novo imaginário, carente de sentido. «Recorre-se ao imaginário para ir ao real» [2].</p>
<p style="text-align: justify;">Este imaginário rompe com o Nome-do-Pai e introduz um novo problema: Como imaginar o real? A isto responde um novo fato clínico: <i>a inibição.</i> No nó borromeano a inibição se coloca no hiato entre imaginário e real. Somos inibidos na hora de imaginar o real.</p>
<p style="text-align: justify;">Para concluir, uma indicação de Lacan: «não se pode pensar sem o corpo e, para isso, há que se quebrar a cabeça» [3].</p>
</div>
<div id="CITAS">
<hr />
<p style="text-align: justify;">Tradução: Ilka Franco Ferrari</p>
<ol>
<li style="text-align: justify;">Desenvolvimento inspirado no Curso de Orientação Lacaniana, ministrado por J.- A. Miller em 2006-2007.</li>
<li style="text-align: justify;">Lacan, J., <i>Seminário 24, </i>«<i>L&#8217;insu que sait de l&#8217;une-bévue s&#8217;aile à mourre», </i>(1976-1977), Aula de 16 de novembro de 1976, inédito.</li>
<li style="text-align: justify;">Lacan, J. <i>Seminário 25</i>, «O momento de concluir», (1977-1978), Aula de 15 de novembro de 1977, inédito.</li>
</ol>
</div>
</div>
</div></div></div></div></div></p>
