{"id":440,"date":"2021-08-15T21:04:56","date_gmt":"2021-08-16T00:04:56","guid":{"rendered":"http:\/\/x-enapol.org\/vi\/?post_type=avada_portfolio&#038;p=440"},"modified":"2021-08-15T21:04:56","modified_gmt":"2021-08-16T00:04:56","slug":"feminicidio","status":"publish","type":"avada_portfolio","link":"https:\/\/enapol.com\/vi\/portfolio-items\/feminicidio\/","title":{"rendered":"Feminicidio"},"content":{"rendered":"<p><div class=\"fusion-fullwidth fullwidth-box fusion-builder-row-1 fusion-flex-container nonhundred-percent-fullwidth non-hundred-percent-height-scrolling\" style=\"--awb-border-radius-top-left:0px;--awb-border-radius-top-right:0px;--awb-border-radius-bottom-right:0px;--awb-border-radius-bottom-left:0px;--awb-flex-wrap:wrap;\" ><div class=\"fusion-builder-row fusion-row fusion-flex-align-items-flex-start fusion-flex-content-wrap\" style=\"max-width:1352px;margin-left: calc(-4% \/ 2 );margin-right: calc(-4% \/ 2 );\"><div class=\"fusion-layout-column fusion_builder_column fusion-builder-column-0 fusion_builder_column_1_2 1_2 fusion-flex-column\" style=\"--awb-bg-size:cover;--awb-width-large:50%;--awb-margin-top-large:0px;--awb-spacing-right-large:3.84%;--awb-margin-bottom-large:20px;--awb-spacing-left-large:3.84%;--awb-width-medium:100%;--awb-order-medium:0;--awb-spacing-right-medium:1.92%;--awb-spacing-left-medium:1.92%;--awb-width-small:100%;--awb-order-small:0;--awb-spacing-right-small:1.92%;--awb-spacing-left-small:1.92%;\"><div class=\"fusion-column-wrapper fusion-column-has-shadow fusion-flex-justify-content-flex-start fusion-content-layout-column\"><div class=\"fusion-image-element \" style=\"text-align:left;--awb-bottom-shadow-color:rgba(0,0,0,0.4);--awb-caption-title-font-family:var(--h2_typography-font-family);--awb-caption-title-font-weight:var(--h2_typography-font-weight);--awb-caption-title-font-style:var(--h2_typography-font-style);--awb-caption-title-size:var(--h2_typography-font-size);--awb-caption-title-transform:var(--h2_typography-text-transform);--awb-caption-title-line-height:var(--h2_typography-line-height);--awb-caption-title-letter-spacing:var(--h2_typography-letter-spacing);\"><div class=\"awb-image-frame awb-image-frame-1 awb-bottomshadow\"><span class=\" fusion-imageframe imageframe-bottomshadow imageframe-1 hover-type-none\"><img decoding=\"async\" width=\"300\" height=\"200\" title=\"Marisa-Morao\" src=\"http:\/\/enapol.com\/vi\/wp-content\/uploads\/sites\/8\/2021\/08\/Marisa-Morao.jpg\" alt class=\"img-responsive wp-image-441\" srcset=\"https:\/\/enapol.com\/vi\/wp-content\/uploads\/sites\/8\/2021\/08\/Marisa-Morao-200x133.jpg 200w, https:\/\/enapol.com\/vi\/wp-content\/uploads\/sites\/8\/2021\/08\/Marisa-Morao.jpg 300w\" sizes=\"(max-width: 1024px) 100vw, (max-width: 640px) 100vw, 300px\" \/><\/span><svg xmlns=\"http:\/\/www.w3.org\/2000\/svg\" version=\"1.1\" width=\"100%\" viewBox=\"0 0 600 28\" preserveAspectRatio=\"none\"><g clip-path=\"url(#a)\"><mask id=\"b\" style=\"mask-type:luminance\" maskUnits=\"userSpaceOnUse\" x=\"0\" y=\"0\" width=\"600\" height=\"28\"><path d=\"M0 0h600v28H0V0Z\" fill=\"#fff\"\/><\/mask><g filter=\"url(#c)\" mask=\"url(#b)\"><path d=\"M16.439-18.667h567.123v30.8S438.961-8.4 300-8.4C161.04-8.4 16.438 12.133 16.438 12.133v-30.8Z\" fill=\"#000\"\/><\/g><\/g><defs><clipPath id=\"a\"><path fill=\"#fff\" d=\"M0 0h600v28H0z\"\/><\/clipPath><filter id=\"c\" x=\"5.438\" y=\"-29.667\" width=\"589.123\" height=\"52.8\" filterUnits=\"userSpaceOnUse\" color-interpolation-filters=\"sRGB\"><feFlood flood-opacity=\"0\" result=\"BackgroundImageFix\"\/><feBlend in=\"SourceGraphic\" in2=\"BackgroundImageFix\" result=\"shape\"\/><feGaussianBlur stdDeviation=\"5.5\" result=\"effect1_foregroundBlur_3983_183\"\/><\/filter><\/defs><\/svg><\/div><\/div><div class=\"fusion-separator fusion-full-width-sep\" style=\"align-self: center;margin-left: auto;margin-right: auto;margin-top:5px;margin-bottom:5px;width:100%;\"><\/div><div class=\"fusion-title title fusion-title-1 fusion-sep-none fusion-title-text fusion-title-size-three\" style=\"--awb-margin-bottom:0px;\"><h3 class=\"fusion-title-heading title-heading-left fusion-responsive-typography-calculated\" style=\"margin:0;--fontSize:30;line-height:1.3;\">Marisa Morao<\/h3><\/div><div class=\"fusion-text fusion-text-1\"><p style=\"text-align: left;\"><strong>EOL (Buenos Aires)<\/strong><\/p>\n<\/div><\/div><\/div><div class=\"fusion-layout-column fusion_builder_column fusion-builder-column-1 fusion_builder_column_1_2 1_2 fusion-flex-column\" style=\"--awb-bg-size:cover;--awb-width-large:50%;--awb-margin-top-large:0px;--awb-spacing-right-large:3.84%;--awb-margin-bottom-large:20px;--awb-spacing-left-large:3.84%;--awb-width-medium:100%;--awb-order-medium:0;--awb-spacing-right-medium:1.92%;--awb-spacing-left-medium:1.92%;--awb-width-small:100%;--awb-order-small:0;--awb-spacing-right-small:1.92%;--awb-spacing-left-small:1.92%;\"><div class=\"fusion-column-wrapper fusion-column-has-shadow fusion-flex-justify-content-flex-start fusion-content-layout-column\"><\/div><\/div><\/div><\/div><div class=\"fusion-fullwidth fullwidth-box fusion-builder-row-2 fusion-flex-container nonhundred-percent-fullwidth non-hundred-percent-height-scrolling\" style=\"--awb-border-radius-top-left:0px;--awb-border-radius-top-right:0px;--awb-border-radius-bottom-right:0px;--awb-border-radius-bottom-left:0px;--awb-flex-wrap:wrap;\" ><div class=\"fusion-builder-row fusion-row fusion-flex-align-items-flex-start fusion-flex-content-wrap\" style=\"max-width:1352px;margin-left: calc(-4% \/ 2 );margin-right: calc(-4% \/ 2 );\"><div class=\"fusion-layout-column fusion_builder_column fusion-builder-column-2 fusion_builder_column_1_1 1_1 fusion-flex-column\" style=\"--awb-bg-size:cover;--awb-width-large:100%;--awb-margin-top-large:0px;--awb-spacing-right-large:1.92%;--awb-margin-bottom-large:20px;--awb-spacing-left-large:1.92%;--awb-width-medium:100%;--awb-order-medium:0;--awb-spacing-right-medium:1.92%;--awb-spacing-left-medium:1.92%;--awb-width-small:100%;--awb-order-small:0;--awb-spacing-right-small:1.92%;--awb-spacing-left-small:1.92%;\"><div class=\"fusion-column-wrapper fusion-column-has-shadow fusion-flex-justify-content-flex-start fusion-content-layout-column\"><div class=\"fusion-separator fusion-full-width-sep\" style=\"align-self: center;margin-left: auto;margin-right: auto;margin-top:10px;margin-bottom:10px;width:100%;\"><\/div><div class=\"fusion-text fusion-text-2\"><div class=\"Parrafo\">\n<p style=\"text-align: justify;\">El tema del VI Encuentro Americano, \u00abHablar con el cuerpo. La crisis de las normas y la agitaci\u00f3n de lo real\u00bb, invita a reflexionar acerca de los usos del cuerpo en la civilizaci\u00f3n contempor\u00e1nea.<\/p>\n<p style=\"text-align: justify;\">La subjetividad de la \u00e9poca atravesada por el individualismo de masa pone de relieve que la agitaci\u00f3n de lo real irrumpe en diversos usos mortificantes del cuerpo en los que se evidencia el fracaso de las normas en su intento de regulaci\u00f3n. Uno de estos usos es el que se manifiesta en el fen\u00f3meno de violencia sobre el cuerpo de una mujer, es decir cuando un\u00a0<i>partenaire<\/i>\u00a0ejerce un acto violento que implica golpear, arruinar, devastar el cuerpo de una mujer provocando en algunos casos la muerte f\u00edsica. (Este extremo del problema es lo que hoy se denomina feminicidio, t\u00e9rmino acu\u00f1ado por Diana Russell y Jill Radford en su obra\u00a0<i>Femicide).<\/i><\/p>\n<p style=\"text-align: justify;\">En la actualidad, en el campo de las ciencias sociales y pol\u00edticas, este atolladero se inscribe como violencia de g\u00e9nero.<\/p>\n<p style=\"text-align: justify;\">Sabemos que la orientaci\u00f3n lacaniana no participa de la l\u00f3gica de los estudios del g\u00e9nero.<\/p>\n<p style=\"text-align: justify;\">Para el psicoan\u00e1lisis no hay definici\u00f3n de La mujer, hay s\u00f3lo dos modos de vivir la pulsi\u00f3n: femenino o masculino. De este modo, la inclusi\u00f3n en la parte mujer de los seres que hablan no responde al sexo biol\u00f3gico, va m\u00e1s all\u00e1 de los caracteres sexuales secundarios.<\/p>\n<p style=\"text-align: justify;\">El fen\u00f3meno de violencia sobre el cuerpo del ser hablante femenino muestra un uso devastador que tiene lugar en la pareja estrago. A prop\u00f3sito de esto, Eric Laurent [1] se\u00f1ala que \u00ablos hombres son estragos para el otro cuerpo\u00bb. En el \u00abfeminicidio los hombres pegan, matan, da\u00f1an el Otro cuerpo\u00bb. Las mujeres pueden ser el s\u00edntoma de otro cuerpo, obst\u00e1culo fundamental al individualismo de masa.<\/p>\n<p style=\"text-align: justify;\">Bajo esta perspectiva, Lacan se\u00f1ala que los cuerpos, \u00abpueden ser tan solo s\u00edntomas, ellos mismos relativamente a otros cuerpos\u00bb [2]. Los cuerpos se disponen entre s\u00ed acorde a los s\u00edntomas, se disponen los unos a los otros en funci\u00f3n de los s\u00edntomas. As\u00ed, \u00abuna mujer por ejemplo es el s\u00edntoma de otro cuerpo\u00bb [3].<\/p>\n<p style=\"text-align: justify;\">Cabe distinguir que no se trata del cuerpo articulado a la forma, sino de sucesos de cuerpo, que constituyen s\u00edntoma o\u00a0<i>sinthome<\/i>, es decir anudamiento.<\/p>\n<p style=\"text-align: justify;\">En el Bolet\u00edn N#1, Elisa Alvarenga se interroga acerca de la potencia del discurso anal\u00edtico destacando su efecto desmasificante. Podemos decir que si bien el discurso anal\u00edtico es delicado, su fuerza radica en el hecho de forzar al ser parlante a la constituci\u00f3n de un s\u00edntoma. Respecto de un uso devastador del cuerpo permite el pasaje de la pareja-estrago al s\u00edntoma como acontecimiento de cuerpo, orientaci\u00f3n singular que se pone en cruz con el individualismo de masa.<\/p>\n<p style=\"text-align: justify;\">Una mujer tiene chance de habitar un nuevo lugar radicalmente diferente que el de tener un\u00a0<i>partenaire<\/i>\u00a0estrago; puede consentir a un recorrido anal\u00edtico que posibilite el acceso al Otro sexo por la v\u00eda del lazo sintom\u00e1tico.<\/p>\n<\/div>\n<div id=\"CITAS\">\n<hr \/>\n<ol>\n<li style=\"text-align: justify;\">Laurent, E., \u00abLa cl\u00ednica de lo singular frente a la epidemia de las clasificaciones\u00bb, Conferencia dictada en las XXI Jornadas Anuales de la EOL, in\u00e9dita, Bs. As., 2012.<\/li>\n<li style=\"text-align: justify;\">Lacan, J., \u00abJoyce el s\u00edntoma\u00bb,\u00a0<i>Uno por Uno<\/i>,Paid\u00f3s, Bs. As., 199, p. 13.<\/li>\n<li style=\"text-align: justify;\">Ib\u00edd.<\/li>\n<\/ol>\n<\/div>\n<\/div><\/div><\/div><\/div><\/div><\/p>\n","protected":false},"excerpt":{"rendered":"<p>Marisa Morao<\/p>\n","protected":false},"author":1,"featured_media":441,"menu_order":0,"comment_status":"open","ping_status":"closed","template":"","format":"standard","meta":{"_monsterinsights_skip_tracking":false,"_monsterinsights_sitenote_active":false,"_monsterinsights_sitenote_note":"","_monsterinsights_sitenote_category":0,"footnotes":""},"portfolio_category":[58],"portfolio_skills":[],"portfolio_tags":[],"_links":{"self":[{"href":"https:\/\/enapol.com\/vi\/wp-json\/wp\/v2\/avada_portfolio\/440"}],"collection":[{"href":"https:\/\/enapol.com\/vi\/wp-json\/wp\/v2\/avada_portfolio"}],"about":[{"href":"https:\/\/enapol.com\/vi\/wp-json\/wp\/v2\/types\/avada_portfolio"}],"author":[{"embeddable":true,"href":"https:\/\/enapol.com\/vi\/wp-json\/wp\/v2\/users\/1"}],"replies":[{"embeddable":true,"href":"https:\/\/enapol.com\/vi\/wp-json\/wp\/v2\/comments?post=440"}],"version-history":[{"count":1,"href":"https:\/\/enapol.com\/vi\/wp-json\/wp\/v2\/avada_portfolio\/440\/revisions"}],"predecessor-version":[{"id":442,"href":"https:\/\/enapol.com\/vi\/wp-json\/wp\/v2\/avada_portfolio\/440\/revisions\/442"}],"wp:featuredmedia":[{"embeddable":true,"href":"https:\/\/enapol.com\/vi\/wp-json\/wp\/v2\/media\/441"}],"wp:attachment":[{"href":"https:\/\/enapol.com\/vi\/wp-json\/wp\/v2\/media?parent=440"}],"wp:term":[{"taxonomy":"portfolio_category","embeddable":true,"href":"https:\/\/enapol.com\/vi\/wp-json\/wp\/v2\/portfolio_category?post=440"},{"taxonomy":"portfolio_skills","embeddable":true,"href":"https:\/\/enapol.com\/vi\/wp-json\/wp\/v2\/portfolio_skills?post=440"},{"taxonomy":"portfolio_tags","embeddable":true,"href":"https:\/\/enapol.com\/vi\/wp-json\/wp\/v2\/portfolio_tags?post=440"}],"curies":[{"name":"wp","href":"https:\/\/api.w.org\/{rel}","templated":true}]}}

<p><div class="fusion-fullwidth fullwidth-box fusion-builder-row-1 fusion-flex-container nonhundred-percent-fullwidth non-hundred-percent-height-scrolling" style="--awb-border-radius-top-left:0px;--awb-border-radius-top-right:0px;--awb-border-radius-bottom-right:0px;--awb-border-radius-bottom-left:0px;--awb-flex-wrap:wrap;" ><div class="fusion-builder-row fusion-row fusion-flex-align-items-flex-start fusion-flex-content-wrap" style="max-width:1352px;margin-left: calc(-4% / 2 );margin-right: calc(-4% / 2 );"><div class="fusion-layout-column fusion_builder_column fusion-builder-column-0 fusion_builder_column_1_2 1_2 fusion-flex-column" style="--awb-bg-size:cover;--awb-width-large:50%;--awb-margin-top-large:0px;--awb-spacing-right-large:3.84%;--awb-margin-bottom-large:20px;--awb-spacing-left-large:3.84%;--awb-width-medium:100%;--awb-order-medium:0;--awb-spacing-right-medium:1.92%;--awb-spacing-left-medium:1.92%;--awb-width-small:100%;--awb-order-small:0;--awb-spacing-right-small:1.92%;--awb-spacing-left-small:1.92%;"><div class="fusion-column-wrapper fusion-column-has-shadow fusion-flex-justify-content-flex-start fusion-content-layout-column"><div class="fusion-image-element " style="text-align:left;--awb-bottom-shadow-color:rgba(0,0,0,0.4);--awb-caption-title-font-family:var(--h2_typography-font-family);--awb-caption-title-font-weight:var(--h2_typography-font-weight);--awb-caption-title-font-style:var(--h2_typography-font-style);--awb-caption-title-size:var(--h2_typography-font-size);--awb-caption-title-transform:var(--h2_typography-text-transform);--awb-caption-title-line-height:var(--h2_typography-line-height);--awb-caption-title-letter-spacing:var(--h2_typography-letter-spacing);"><div class="awb-image-frame awb-image-frame-1 awb-bottomshadow"><span class=" fusion-imageframe imageframe-bottomshadow imageframe-1 hover-type-none"><img decoding="async" width="300" height="200" title="Marisa-Morao" src="http://enapol.com/vi/wp-content/uploads/sites/8/2021/08/Marisa-Morao.jpg" alt class="img-responsive wp-image-441" srcset="https://enapol.com/vi/wp-content/uploads/sites/8/2021/08/Marisa-Morao-200x133.jpg 200w, https://enapol.com/vi/wp-content/uploads/sites/8/2021/08/Marisa-Morao.jpg 300w" sizes="(max-width: 1024px) 100vw, (max-width: 640px) 100vw, 300px" /></span><svg xmlns="http://www.w3.org/2000/svg" version="1.1" width="100%" viewBox="0 0 600 28" preserveAspectRatio="none"><g clip-path="url(#a)"><mask id="b" style="mask-type:luminance" maskUnits="userSpaceOnUse" x="0" y="0" width="600" height="28"><path d="M0 0h600v28H0V0Z" fill="#fff"/></mask><g filter="url(#c)" mask="url(#b)"><path d="M16.439-18.667h567.123v30.8S438.961-8.4 300-8.4C161.04-8.4 16.438 12.133 16.438 12.133v-30.8Z" fill="#000"/></g></g><defs><clipPath id="a"><path fill="#fff" d="M0 0h600v28H0z"/></clipPath><filter id="c" x="5.438" y="-29.667" width="589.123" height="52.8" filterUnits="userSpaceOnUse" color-interpolation-filters="sRGB"><feFlood flood-opacity="0" result="BackgroundImageFix"/><feBlend in="SourceGraphic" in2="BackgroundImageFix" result="shape"/><feGaussianBlur stdDeviation="5.5" result="effect1_foregroundBlur_3983_183"/></filter></defs></svg></div></div><div class="fusion-separator fusion-full-width-sep" style="align-self: center;margin-left: auto;margin-right: auto;margin-top:5px;margin-bottom:5px;width:100%;"></div><div class="fusion-title title fusion-title-1 fusion-sep-none fusion-title-text fusion-title-size-three" style="--awb-margin-bottom:0px;"><h3 class="fusion-title-heading title-heading-left fusion-responsive-typography-calculated" style="margin:0;--fontSize:30;line-height:1.3;">Marisa Morao</h3></div><div class="fusion-text fusion-text-1"><p style="text-align: left;"><strong>EOL (Buenos Aires)</strong></p>
</div></div></div><div class="fusion-layout-column fusion_builder_column fusion-builder-column-1 fusion_builder_column_1_2 1_2 fusion-flex-column" style="--awb-bg-size:cover;--awb-width-large:50%;--awb-margin-top-large:0px;--awb-spacing-right-large:3.84%;--awb-margin-bottom-large:20px;--awb-spacing-left-large:3.84%;--awb-width-medium:100%;--awb-order-medium:0;--awb-spacing-right-medium:1.92%;--awb-spacing-left-medium:1.92%;--awb-width-small:100%;--awb-order-small:0;--awb-spacing-right-small:1.92%;--awb-spacing-left-small:1.92%;"><div class="fusion-column-wrapper fusion-column-has-shadow fusion-flex-justify-content-flex-start fusion-content-layout-column"></div></div></div></div><div class="fusion-fullwidth fullwidth-box fusion-builder-row-2 fusion-flex-container nonhundred-percent-fullwidth non-hundred-percent-height-scrolling" style="--awb-border-radius-top-left:0px;--awb-border-radius-top-right:0px;--awb-border-radius-bottom-right:0px;--awb-border-radius-bottom-left:0px;--awb-flex-wrap:wrap;" ><div class="fusion-builder-row fusion-row fusion-flex-align-items-flex-start fusion-flex-content-wrap" style="max-width:1352px;margin-left: calc(-4% / 2 );margin-right: calc(-4% / 2 );"><div class="fusion-layout-column fusion_builder_column fusion-builder-column-2 fusion_builder_column_1_1 1_1 fusion-flex-column" style="--awb-bg-size:cover;--awb-width-large:100%;--awb-margin-top-large:0px;--awb-spacing-right-large:1.92%;--awb-margin-bottom-large:20px;--awb-spacing-left-large:1.92%;--awb-width-medium:100%;--awb-order-medium:0;--awb-spacing-right-medium:1.92%;--awb-spacing-left-medium:1.92%;--awb-width-small:100%;--awb-order-small:0;--awb-spacing-right-small:1.92%;--awb-spacing-left-small:1.92%;"><div class="fusion-column-wrapper fusion-column-has-shadow fusion-flex-justify-content-flex-start fusion-content-layout-column"><div class="fusion-separator fusion-full-width-sep" style="align-self: center;margin-left: auto;margin-right: auto;margin-top:10px;margin-bottom:10px;width:100%;"></div><div class="fusion-text fusion-text-2"><div class="Parrafo">
<p style="text-align: justify;">El tema del VI Encuentro Americano, «Hablar con el cuerpo. La crisis de las normas y la agitación de lo real», invita a reflexionar acerca de los usos del cuerpo en la civilización contemporánea.</p>
<p style="text-align: justify;">La subjetividad de la época atravesada por el individualismo de masa pone de relieve que la agitación de lo real irrumpe en diversos usos mortificantes del cuerpo en los que se evidencia el fracaso de las normas en su intento de regulación. Uno de estos usos es el que se manifiesta en el fenómeno de violencia sobre el cuerpo de una mujer, es decir cuando un <i>partenaire</i> ejerce un acto violento que implica golpear, arruinar, devastar el cuerpo de una mujer provocando en algunos casos la muerte física. (Este extremo del problema es lo que hoy se denomina feminicidio, término acuñado por Diana Russell y Jill Radford en su obra <i>Femicide).</i></p>
<p style="text-align: justify;">En la actualidad, en el campo de las ciencias sociales y políticas, este atolladero se inscribe como violencia de género.</p>
<p style="text-align: justify;">Sabemos que la orientación lacaniana no participa de la lógica de los estudios del género.</p>
<p style="text-align: justify;">Para el psicoanálisis no hay definición de La mujer, hay sólo dos modos de vivir la pulsión: femenino o masculino. De este modo, la inclusión en la parte mujer de los seres que hablan no responde al sexo biológico, va más allá de los caracteres sexuales secundarios.</p>
<p style="text-align: justify;">El fenómeno de violencia sobre el cuerpo del ser hablante femenino muestra un uso devastador que tiene lugar en la pareja estrago. A propósito de esto, Eric Laurent [1] señala que «los hombres son estragos para el otro cuerpo». En el «feminicidio los hombres pegan, matan, dañan el Otro cuerpo». Las mujeres pueden ser el síntoma de otro cuerpo, obstáculo fundamental al individualismo de masa.</p>
<p style="text-align: justify;">Bajo esta perspectiva, Lacan señala que los cuerpos, «pueden ser tan solo síntomas, ellos mismos relativamente a otros cuerpos» [2]. Los cuerpos se disponen entre sí acorde a los síntomas, se disponen los unos a los otros en función de los síntomas. Así, «una mujer por ejemplo es el síntoma de otro cuerpo» [3].</p>
<p style="text-align: justify;">Cabe distinguir que no se trata del cuerpo articulado a la forma, sino de sucesos de cuerpo, que constituyen síntoma o <i>sinthome</i>, es decir anudamiento.</p>
<p style="text-align: justify;">En el Boletín N#1, Elisa Alvarenga se interroga acerca de la potencia del discurso analítico destacando su efecto desmasificante. Podemos decir que si bien el discurso analítico es delicado, su fuerza radica en el hecho de forzar al ser parlante a la constitución de un síntoma. Respecto de un uso devastador del cuerpo permite el pasaje de la pareja-estrago al síntoma como acontecimiento de cuerpo, orientación singular que se pone en cruz con el individualismo de masa.</p>
<p style="text-align: justify;">Una mujer tiene chance de habitar un nuevo lugar radicalmente diferente que el de tener un <i>partenaire</i> estrago; puede consentir a un recorrido analítico que posibilite el acceso al Otro sexo por la vía del lazo sintomático.</p>
</div>
<div id="CITAS">
<hr />
<ol>
<li style="text-align: justify;">Laurent, E., «La clínica de lo singular frente a la epidemia de las clasificaciones», Conferencia dictada en las XXI Jornadas Anuales de la EOL, inédita, Bs. As., 2012.</li>
<li style="text-align: justify;">Lacan, J., «Joyce el síntoma», <i>Uno por Uno</i>,Paidós, Bs. As., 199, p. 13.</li>
<li style="text-align: justify;">Ibíd.</li>
</ol>
</div>
</div></div></div></div></div></p>
