{"id":443,"date":"2021-08-15T21:05:45","date_gmt":"2021-08-16T00:05:45","guid":{"rendered":"http:\/\/x-enapol.org\/vi\/?post_type=avada_portfolio&#038;p=443"},"modified":"2021-08-15T21:05:45","modified_gmt":"2021-08-16T00:05:45","slug":"feminicidio-2","status":"publish","type":"avada_portfolio","link":"https:\/\/enapol.com\/vi\/pt\/portfolio-items\/feminicidio-2\/","title":{"rendered":"Feminic\u00eddio"},"content":{"rendered":"<p><div class=\"fusion-fullwidth fullwidth-box fusion-builder-row-1 fusion-flex-container nonhundred-percent-fullwidth non-hundred-percent-height-scrolling\" style=\"--awb-border-radius-top-left:0px;--awb-border-radius-top-right:0px;--awb-border-radius-bottom-right:0px;--awb-border-radius-bottom-left:0px;--awb-flex-wrap:wrap;\" ><div class=\"fusion-builder-row fusion-row fusion-flex-align-items-flex-start fusion-flex-content-wrap\" style=\"max-width:1352px;margin-left: calc(-4% \/ 2 );margin-right: calc(-4% \/ 2 );\"><div class=\"fusion-layout-column fusion_builder_column fusion-builder-column-0 fusion_builder_column_1_2 1_2 fusion-flex-column\" style=\"--awb-bg-size:cover;--awb-width-large:50%;--awb-margin-top-large:0px;--awb-spacing-right-large:3.84%;--awb-margin-bottom-large:20px;--awb-spacing-left-large:3.84%;--awb-width-medium:100%;--awb-order-medium:0;--awb-spacing-right-medium:1.92%;--awb-spacing-left-medium:1.92%;--awb-width-small:100%;--awb-order-small:0;--awb-spacing-right-small:1.92%;--awb-spacing-left-small:1.92%;\"><div class=\"fusion-column-wrapper fusion-column-has-shadow fusion-flex-justify-content-flex-start fusion-content-layout-column\"><div class=\"fusion-image-element \" style=\"text-align:left;--awb-bottom-shadow-color:rgba(0,0,0,0.4);--awb-caption-title-font-family:var(--h2_typography-font-family);--awb-caption-title-font-weight:var(--h2_typography-font-weight);--awb-caption-title-font-style:var(--h2_typography-font-style);--awb-caption-title-size:var(--h2_typography-font-size);--awb-caption-title-transform:var(--h2_typography-text-transform);--awb-caption-title-line-height:var(--h2_typography-line-height);--awb-caption-title-letter-spacing:var(--h2_typography-letter-spacing);\"><div class=\"awb-image-frame awb-image-frame-1 awb-bottomshadow\"><span class=\" fusion-imageframe imageframe-bottomshadow imageframe-1 hover-type-none\"><img decoding=\"async\" width=\"300\" height=\"200\" title=\"Marisa-Morao\" src=\"http:\/\/enapol.com\/vi\/wp-content\/uploads\/sites\/8\/2021\/08\/Marisa-Morao.jpg\" alt class=\"img-responsive wp-image-441\" srcset=\"https:\/\/enapol.com\/vi\/wp-content\/uploads\/sites\/8\/2021\/08\/Marisa-Morao-200x133.jpg 200w, https:\/\/enapol.com\/vi\/wp-content\/uploads\/sites\/8\/2021\/08\/Marisa-Morao.jpg 300w\" sizes=\"(max-width: 1024px) 100vw, (max-width: 640px) 100vw, 300px\" \/><\/span><svg xmlns=\"http:\/\/www.w3.org\/2000\/svg\" version=\"1.1\" width=\"100%\" viewBox=\"0 0 600 28\" preserveAspectRatio=\"none\"><g clip-path=\"url(#a)\"><mask id=\"b\" style=\"mask-type:luminance\" maskUnits=\"userSpaceOnUse\" x=\"0\" y=\"0\" width=\"600\" height=\"28\"><path d=\"M0 0h600v28H0V0Z\" fill=\"#fff\"\/><\/mask><g filter=\"url(#c)\" mask=\"url(#b)\"><path d=\"M16.439-18.667h567.123v30.8S438.961-8.4 300-8.4C161.04-8.4 16.438 12.133 16.438 12.133v-30.8Z\" fill=\"#000\"\/><\/g><\/g><defs><clipPath id=\"a\"><path fill=\"#fff\" d=\"M0 0h600v28H0z\"\/><\/clipPath><filter id=\"c\" x=\"5.438\" y=\"-29.667\" width=\"589.123\" height=\"52.8\" filterUnits=\"userSpaceOnUse\" color-interpolation-filters=\"sRGB\"><feFlood flood-opacity=\"0\" result=\"BackgroundImageFix\"\/><feBlend in=\"SourceGraphic\" in2=\"BackgroundImageFix\" result=\"shape\"\/><feGaussianBlur stdDeviation=\"5.5\" result=\"effect1_foregroundBlur_3983_183\"\/><\/filter><\/defs><\/svg><\/div><\/div><div class=\"fusion-separator fusion-full-width-sep\" style=\"align-self: center;margin-left: auto;margin-right: auto;margin-top:5px;margin-bottom:5px;width:100%;\"><\/div><div class=\"fusion-title title fusion-title-1 fusion-sep-none fusion-title-text fusion-title-size-three\" style=\"--awb-margin-bottom:0px;\"><h3 class=\"fusion-title-heading title-heading-left fusion-responsive-typography-calculated\" style=\"margin:0;--fontSize:30;line-height:1.3;\">Marisa Morao<\/h3><\/div><div class=\"fusion-text fusion-text-1\"><p style=\"text-align: left;\"><strong>EOL (Buenos Aires)<\/strong><\/p>\n<\/div><\/div><\/div><div class=\"fusion-layout-column fusion_builder_column fusion-builder-column-1 fusion_builder_column_1_2 1_2 fusion-flex-column\" style=\"--awb-bg-size:cover;--awb-width-large:50%;--awb-margin-top-large:0px;--awb-spacing-right-large:3.84%;--awb-margin-bottom-large:20px;--awb-spacing-left-large:3.84%;--awb-width-medium:100%;--awb-order-medium:0;--awb-spacing-right-medium:1.92%;--awb-spacing-left-medium:1.92%;--awb-width-small:100%;--awb-order-small:0;--awb-spacing-right-small:1.92%;--awb-spacing-left-small:1.92%;\"><div class=\"fusion-column-wrapper fusion-column-has-shadow fusion-flex-justify-content-flex-start fusion-content-layout-column\"><\/div><\/div><\/div><\/div><div class=\"fusion-fullwidth fullwidth-box fusion-builder-row-2 fusion-flex-container nonhundred-percent-fullwidth non-hundred-percent-height-scrolling\" style=\"--awb-border-radius-top-left:0px;--awb-border-radius-top-right:0px;--awb-border-radius-bottom-right:0px;--awb-border-radius-bottom-left:0px;--awb-flex-wrap:wrap;\" ><div class=\"fusion-builder-row fusion-row fusion-flex-align-items-flex-start fusion-flex-content-wrap\" style=\"max-width:1352px;margin-left: calc(-4% \/ 2 );margin-right: calc(-4% \/ 2 );\"><div class=\"fusion-layout-column fusion_builder_column fusion-builder-column-2 fusion_builder_column_1_1 1_1 fusion-flex-column\" style=\"--awb-bg-size:cover;--awb-width-large:100%;--awb-margin-top-large:0px;--awb-spacing-right-large:1.92%;--awb-margin-bottom-large:20px;--awb-spacing-left-large:1.92%;--awb-width-medium:100%;--awb-order-medium:0;--awb-spacing-right-medium:1.92%;--awb-spacing-left-medium:1.92%;--awb-width-small:100%;--awb-order-small:0;--awb-spacing-right-small:1.92%;--awb-spacing-left-small:1.92%;\"><div class=\"fusion-column-wrapper fusion-column-has-shadow fusion-flex-justify-content-flex-start fusion-content-layout-column\"><div class=\"fusion-separator fusion-full-width-sep\" style=\"align-self: center;margin-left: auto;margin-right: auto;margin-top:10px;margin-bottom:10px;width:100%;\"><\/div><div class=\"fusion-text fusion-text-2\"><div class=\"Parrafo\">\n<div class=\"Parrafo\">\n<p style=\"text-align: justify;\">O tema do VI Encontro Americano, \u00abFalar com o corpo. A crise das normas e a agita\u00e7\u00e3o do real\u00bb convida a refletir sobre os usos do corpo na civiliza\u00e7\u00e3o contempor\u00e2nea.<\/p>\n<p style=\"text-align: justify;\">A subjetividade da \u00e9poca atravessada pelo individualismo de massa p\u00f5e em relevo que a agita\u00e7\u00e3o do real irrompe em diversos usos mortificantes do corpo nos quais se evidencia o fracasso das normas na tentativa de regula\u00e7\u00e3o. Um desses usos \u00e9 o que se manifesta no fen\u00f4meno de viol\u00eancia sobre o corpo de uma mulher, isto \u00e9, quando um parceiroexerce um ato violento que implica golpear, arruinar, devastar o corpo de uma mulher provocando em alguns casos a morte f\u00edsica. (Este extremo do problema \u00e9 o que hoje se denomina feminic\u00eddio, termo cunhado por Diana Russell e Jill Radford em sua obra\u00a0<i>Feminicide<\/i>).<\/p>\n<p style=\"text-align: justify;\">Na atualidade, no campo das ci\u00eancias sociais e pol\u00edticas, este atoleiro se inscreve como viol\u00eancia de g\u00eanero.<\/p>\n<p style=\"text-align: justify;\">Sabemos que a Orienta\u00e7\u00e3o Lacaniana n\u00e3o participa da l\u00f3gica dos estudos de g\u00eanero. Para a psican\u00e1lise n\u00e3o h\u00e1 defini\u00e7\u00e3o de A mulher, t\u00e3o somente existem dois modos de viver a puls\u00e3o: feminino e masculino. Deste modo, a inclus\u00e3o na parte mulher dos seres que falam n\u00e3o responde ao sexo biol\u00f3gico, vai mais al\u00e9m dos caracteres sexuais secund\u00e1rios.<\/p>\n<p style=\"text-align: justify;\">O fen\u00f4meno de viol\u00eancia sobre o corpo do ser falante feminino mostra o uso devastador que tem lugar no parceiro-devasta\u00e7\u00e3o. A prop\u00f3sito disso, \u00c9ric Laurent [1] assinala que \u00abos homens s\u00e3o devastadores para o outro corpo\u00bb. No \u00abfeminic\u00eddio os homens batem, matam, causam dano ao Outro corpo\u00bb. As mulheres podem ser o sintoma podem ser o sintoma de outro corpo, obst\u00e1culo fundamental ao individualismo de massa.<\/p>\n<p style=\"text-align: justify;\">Sob essa perspectiva, Lacan assinala que os corpos \u00abpode n\u00e3o ser nada al\u00e9m de sintomas, eles pr\u00f3prios, em rela\u00e7\u00e3o a outros corpos\u00bb [2]. Os corpos se arranjam entre si de acordo com os sintomas, se arranjam uns aos outros em fun\u00e7\u00e3o dos sintomas. Assim, \u00abuma mulher, por exemplo, \u00e9 sintoma de um outro corpo\u00bb. [3]<\/p>\n<p style=\"text-align: justify;\">Cabe distinguir que n\u00e3o se trata do corpo articulado \u00e0 forma, sen\u00e3o dos acontecimentos de corpo, que constituem sintoma ou sinthoma, isto \u00e9, amarra\u00e7\u00e3o.<\/p>\n<p style=\"text-align: justify;\">No Boletim N#1, Elisa Alvarenga se interroga acerca da pot\u00eancia do discurso anal\u00edtico destacando seu efeito desmassificante. Podemos dizer que, ainda que o discurso anal\u00edtico seja fr\u00e1gil, sua for\u00e7a reside no fato de for\u00e7ar o ser falante a constituir um sintoma. Com respeito ao uso devastador do corpo permite a passagem do parceiro-devasta\u00e7\u00e3o ao sintoma como acontecimento de corpo, orienta\u00e7\u00e3o singular que atravessa o individualismo de massa.<\/p>\n<p style=\"text-align: justify;\">Uma mulher tem a chance de habitar um novo lugar radicalmente diferente que o de ter um parceiro devasta\u00e7\u00e3o; pode consentir com um percurso anal\u00edtico que possibilite o acesso ao Outro sexo pela via do la\u00e7o sintom\u00e1tico.<\/p>\n<\/div>\n<div id=\"CITAS\">\n<hr \/>\n<p style=\"text-align: justify;\">Tradu\u00e7\u00e3o: Jorge Pimenta<\/p>\n<ol>\n<li style=\"text-align: justify;\">Laurent, \u00c9. \u2013\u00a0<i>La cl\u00ednica de lo singular frente a la epidemia de las clasificaciones,\u00a0<\/i>Conferencia dictada en las XXI Jornadas Anuales de la EOL, in\u00e9dita, Bs. As, 2012.<\/li>\n<li style=\"text-align: justify;\">Lacan, J. \u2013\u00a0<i>Joyce, o sintoma,<\/i>\u00a0in: Outros Escritos, Rio de Janeiro, Jorge Zahar Ed., 2003 : 565.<\/li>\n<li style=\"text-align: justify;\">\u00cddem, ib\u00edd.<\/li>\n<\/ol>\n<\/div>\n<\/div>\n<\/div><\/div><\/div><\/div><\/div><\/p>\n","protected":false},"excerpt":{"rendered":"<p>Marisa Morao<\/p>\n","protected":false},"author":1,"featured_media":441,"menu_order":0,"comment_status":"open","ping_status":"closed","template":"","format":"standard","meta":{"_monsterinsights_skip_tracking":false,"_monsterinsights_sitenote_active":false,"_monsterinsights_sitenote_note":"","_monsterinsights_sitenote_category":0,"footnotes":""},"portfolio_category":[76],"portfolio_skills":[],"portfolio_tags":[],"_links":{"self":[{"href":"https:\/\/enapol.com\/vi\/wp-json\/wp\/v2\/avada_portfolio\/443"}],"collection":[{"href":"https:\/\/enapol.com\/vi\/wp-json\/wp\/v2\/avada_portfolio"}],"about":[{"href":"https:\/\/enapol.com\/vi\/wp-json\/wp\/v2\/types\/avada_portfolio"}],"author":[{"embeddable":true,"href":"https:\/\/enapol.com\/vi\/wp-json\/wp\/v2\/users\/1"}],"replies":[{"embeddable":true,"href":"https:\/\/enapol.com\/vi\/wp-json\/wp\/v2\/comments?post=443"}],"version-history":[{"count":1,"href":"https:\/\/enapol.com\/vi\/wp-json\/wp\/v2\/avada_portfolio\/443\/revisions"}],"predecessor-version":[{"id":444,"href":"https:\/\/enapol.com\/vi\/wp-json\/wp\/v2\/avada_portfolio\/443\/revisions\/444"}],"wp:featuredmedia":[{"embeddable":true,"href":"https:\/\/enapol.com\/vi\/wp-json\/wp\/v2\/media\/441"}],"wp:attachment":[{"href":"https:\/\/enapol.com\/vi\/wp-json\/wp\/v2\/media?parent=443"}],"wp:term":[{"taxonomy":"portfolio_category","embeddable":true,"href":"https:\/\/enapol.com\/vi\/wp-json\/wp\/v2\/portfolio_category?post=443"},{"taxonomy":"portfolio_skills","embeddable":true,"href":"https:\/\/enapol.com\/vi\/wp-json\/wp\/v2\/portfolio_skills?post=443"},{"taxonomy":"portfolio_tags","embeddable":true,"href":"https:\/\/enapol.com\/vi\/wp-json\/wp\/v2\/portfolio_tags?post=443"}],"curies":[{"name":"wp","href":"https:\/\/api.w.org\/{rel}","templated":true}]}}

Feminicídio

<p><div class="fusion-fullwidth fullwidth-box fusion-builder-row-1 fusion-flex-container nonhundred-percent-fullwidth non-hundred-percent-height-scrolling" style="--awb-border-radius-top-left:0px;--awb-border-radius-top-right:0px;--awb-border-radius-bottom-right:0px;--awb-border-radius-bottom-left:0px;--awb-flex-wrap:wrap;" ><div class="fusion-builder-row fusion-row fusion-flex-align-items-flex-start fusion-flex-content-wrap" style="max-width:1352px;margin-left: calc(-4% / 2 );margin-right: calc(-4% / 2 );"><div class="fusion-layout-column fusion_builder_column fusion-builder-column-0 fusion_builder_column_1_2 1_2 fusion-flex-column" style="--awb-bg-size:cover;--awb-width-large:50%;--awb-margin-top-large:0px;--awb-spacing-right-large:3.84%;--awb-margin-bottom-large:20px;--awb-spacing-left-large:3.84%;--awb-width-medium:100%;--awb-order-medium:0;--awb-spacing-right-medium:1.92%;--awb-spacing-left-medium:1.92%;--awb-width-small:100%;--awb-order-small:0;--awb-spacing-right-small:1.92%;--awb-spacing-left-small:1.92%;"><div class="fusion-column-wrapper fusion-column-has-shadow fusion-flex-justify-content-flex-start fusion-content-layout-column"><div class="fusion-image-element " style="text-align:left;--awb-bottom-shadow-color:rgba(0,0,0,0.4);--awb-caption-title-font-family:var(--h2_typography-font-family);--awb-caption-title-font-weight:var(--h2_typography-font-weight);--awb-caption-title-font-style:var(--h2_typography-font-style);--awb-caption-title-size:var(--h2_typography-font-size);--awb-caption-title-transform:var(--h2_typography-text-transform);--awb-caption-title-line-height:var(--h2_typography-line-height);--awb-caption-title-letter-spacing:var(--h2_typography-letter-spacing);"><div class="awb-image-frame awb-image-frame-1 awb-bottomshadow"><span class=" fusion-imageframe imageframe-bottomshadow imageframe-1 hover-type-none"><img decoding="async" width="300" height="200" title="Marisa-Morao" src="http://enapol.com/vi/wp-content/uploads/sites/8/2021/08/Marisa-Morao.jpg" alt class="img-responsive wp-image-441" srcset="https://enapol.com/vi/wp-content/uploads/sites/8/2021/08/Marisa-Morao-200x133.jpg 200w, https://enapol.com/vi/wp-content/uploads/sites/8/2021/08/Marisa-Morao.jpg 300w" sizes="(max-width: 1024px) 100vw, (max-width: 640px) 100vw, 300px" /></span><svg xmlns="http://www.w3.org/2000/svg" version="1.1" width="100%" viewBox="0 0 600 28" preserveAspectRatio="none"><g clip-path="url(#a)"><mask id="b" style="mask-type:luminance" maskUnits="userSpaceOnUse" x="0" y="0" width="600" height="28"><path d="M0 0h600v28H0V0Z" fill="#fff"/></mask><g filter="url(#c)" mask="url(#b)"><path d="M16.439-18.667h567.123v30.8S438.961-8.4 300-8.4C161.04-8.4 16.438 12.133 16.438 12.133v-30.8Z" fill="#000"/></g></g><defs><clipPath id="a"><path fill="#fff" d="M0 0h600v28H0z"/></clipPath><filter id="c" x="5.438" y="-29.667" width="589.123" height="52.8" filterUnits="userSpaceOnUse" color-interpolation-filters="sRGB"><feFlood flood-opacity="0" result="BackgroundImageFix"/><feBlend in="SourceGraphic" in2="BackgroundImageFix" result="shape"/><feGaussianBlur stdDeviation="5.5" result="effect1_foregroundBlur_3983_183"/></filter></defs></svg></div></div><div class="fusion-separator fusion-full-width-sep" style="align-self: center;margin-left: auto;margin-right: auto;margin-top:5px;margin-bottom:5px;width:100%;"></div><div class="fusion-title title fusion-title-1 fusion-sep-none fusion-title-text fusion-title-size-three" style="--awb-margin-bottom:0px;"><h3 class="fusion-title-heading title-heading-left fusion-responsive-typography-calculated" style="margin:0;--fontSize:30;line-height:1.3;">Marisa Morao</h3></div><div class="fusion-text fusion-text-1"><p style="text-align: left;"><strong>EOL (Buenos Aires)</strong></p>
</div></div></div><div class="fusion-layout-column fusion_builder_column fusion-builder-column-1 fusion_builder_column_1_2 1_2 fusion-flex-column" style="--awb-bg-size:cover;--awb-width-large:50%;--awb-margin-top-large:0px;--awb-spacing-right-large:3.84%;--awb-margin-bottom-large:20px;--awb-spacing-left-large:3.84%;--awb-width-medium:100%;--awb-order-medium:0;--awb-spacing-right-medium:1.92%;--awb-spacing-left-medium:1.92%;--awb-width-small:100%;--awb-order-small:0;--awb-spacing-right-small:1.92%;--awb-spacing-left-small:1.92%;"><div class="fusion-column-wrapper fusion-column-has-shadow fusion-flex-justify-content-flex-start fusion-content-layout-column"></div></div></div></div><div class="fusion-fullwidth fullwidth-box fusion-builder-row-2 fusion-flex-container nonhundred-percent-fullwidth non-hundred-percent-height-scrolling" style="--awb-border-radius-top-left:0px;--awb-border-radius-top-right:0px;--awb-border-radius-bottom-right:0px;--awb-border-radius-bottom-left:0px;--awb-flex-wrap:wrap;" ><div class="fusion-builder-row fusion-row fusion-flex-align-items-flex-start fusion-flex-content-wrap" style="max-width:1352px;margin-left: calc(-4% / 2 );margin-right: calc(-4% / 2 );"><div class="fusion-layout-column fusion_builder_column fusion-builder-column-2 fusion_builder_column_1_1 1_1 fusion-flex-column" style="--awb-bg-size:cover;--awb-width-large:100%;--awb-margin-top-large:0px;--awb-spacing-right-large:1.92%;--awb-margin-bottom-large:20px;--awb-spacing-left-large:1.92%;--awb-width-medium:100%;--awb-order-medium:0;--awb-spacing-right-medium:1.92%;--awb-spacing-left-medium:1.92%;--awb-width-small:100%;--awb-order-small:0;--awb-spacing-right-small:1.92%;--awb-spacing-left-small:1.92%;"><div class="fusion-column-wrapper fusion-column-has-shadow fusion-flex-justify-content-flex-start fusion-content-layout-column"><div class="fusion-separator fusion-full-width-sep" style="align-self: center;margin-left: auto;margin-right: auto;margin-top:10px;margin-bottom:10px;width:100%;"></div><div class="fusion-text fusion-text-2"><div class="Parrafo">
<div class="Parrafo">
<p style="text-align: justify;">O tema do VI Encontro Americano, «Falar com o corpo. A crise das normas e a agitação do real» convida a refletir sobre os usos do corpo na civilização contemporânea.</p>
<p style="text-align: justify;">A subjetividade da época atravessada pelo individualismo de massa põe em relevo que a agitação do real irrompe em diversos usos mortificantes do corpo nos quais se evidencia o fracasso das normas na tentativa de regulação. Um desses usos é o que se manifesta no fenômeno de violência sobre o corpo de uma mulher, isto é, quando um parceiroexerce um ato violento que implica golpear, arruinar, devastar o corpo de uma mulher provocando em alguns casos a morte física. (Este extremo do problema é o que hoje se denomina feminicídio, termo cunhado por Diana Russell e Jill Radford em sua obra <i>Feminicide</i>).</p>
<p style="text-align: justify;">Na atualidade, no campo das ciências sociais e políticas, este atoleiro se inscreve como violência de gênero.</p>
<p style="text-align: justify;">Sabemos que a Orientação Lacaniana não participa da lógica dos estudos de gênero. Para a psicanálise não há definição de A mulher, tão somente existem dois modos de viver a pulsão: feminino e masculino. Deste modo, a inclusão na parte mulher dos seres que falam não responde ao sexo biológico, vai mais além dos caracteres sexuais secundários.</p>
<p style="text-align: justify;">O fenômeno de violência sobre o corpo do ser falante feminino mostra o uso devastador que tem lugar no parceiro-devastação. A propósito disso, Éric Laurent [1] assinala que «os homens são devastadores para o outro corpo». No «feminicídio os homens batem, matam, causam dano ao Outro corpo». As mulheres podem ser o sintoma podem ser o sintoma de outro corpo, obstáculo fundamental ao individualismo de massa.</p>
<p style="text-align: justify;">Sob essa perspectiva, Lacan assinala que os corpos «pode não ser nada além de sintomas, eles próprios, em relação a outros corpos» [2]. Os corpos se arranjam entre si de acordo com os sintomas, se arranjam uns aos outros em função dos sintomas. Assim, «uma mulher, por exemplo, é sintoma de um outro corpo». [3]</p>
<p style="text-align: justify;">Cabe distinguir que não se trata do corpo articulado à forma, senão dos acontecimentos de corpo, que constituem sintoma ou sinthoma, isto é, amarração.</p>
<p style="text-align: justify;">No Boletim N#1, Elisa Alvarenga se interroga acerca da potência do discurso analítico destacando seu efeito desmassificante. Podemos dizer que, ainda que o discurso analítico seja frágil, sua força reside no fato de forçar o ser falante a constituir um sintoma. Com respeito ao uso devastador do corpo permite a passagem do parceiro-devastação ao sintoma como acontecimento de corpo, orientação singular que atravessa o individualismo de massa.</p>
<p style="text-align: justify;">Uma mulher tem a chance de habitar um novo lugar radicalmente diferente que o de ter um parceiro devastação; pode consentir com um percurso analítico que possibilite o acesso ao Outro sexo pela via do laço sintomático.</p>
</div>
<div id="CITAS">
<hr />
<p style="text-align: justify;">Tradução: Jorge Pimenta</p>
<ol>
<li style="text-align: justify;">Laurent, É. – <i>La clínica de lo singular frente a la epidemia de las clasificaciones, </i>Conferencia dictada en las XXI Jornadas Anuales de la EOL, inédita, Bs. As, 2012.</li>
<li style="text-align: justify;">Lacan, J. – <i>Joyce, o sintoma,</i> in: Outros Escritos, Rio de Janeiro, Jorge Zahar Ed., 2003 : 565.</li>
<li style="text-align: justify;">Ídem, ibíd.</li>
</ol>
</div>
</div>
</div></div></div></div></div></p>
