{"id":445,"date":"2021-08-15T21:07:28","date_gmt":"2021-08-16T00:07:28","guid":{"rendered":"http:\/\/x-enapol.org\/vi\/?post_type=avada_portfolio&#038;p=445"},"modified":"2021-08-15T21:07:28","modified_gmt":"2021-08-16T00:07:28","slug":"puntuaciones-sobre-el-texto-argumento-de-laurent-que-presenta-el-vi-enapol","status":"publish","type":"avada_portfolio","link":"https:\/\/enapol.com\/vi\/portfolio-items\/puntuaciones-sobre-el-texto-argumento-de-laurent-que-presenta-el-vi-enapol\/","title":{"rendered":"Puntuaciones sobre el texto-argumento de Laurent que presenta el VI ENAPOL"},"content":{"rendered":"<p><div class=\"fusion-fullwidth fullwidth-box fusion-builder-row-1 fusion-flex-container nonhundred-percent-fullwidth non-hundred-percent-height-scrolling\" style=\"--awb-border-radius-top-left:0px;--awb-border-radius-top-right:0px;--awb-border-radius-bottom-right:0px;--awb-border-radius-bottom-left:0px;--awb-flex-wrap:wrap;\" ><div class=\"fusion-builder-row fusion-row fusion-flex-align-items-flex-start fusion-flex-content-wrap\" style=\"max-width:1352px;margin-left: calc(-4% \/ 2 );margin-right: calc(-4% \/ 2 );\"><div class=\"fusion-layout-column fusion_builder_column fusion-builder-column-0 fusion_builder_column_1_2 1_2 fusion-flex-column\" style=\"--awb-bg-size:cover;--awb-width-large:50%;--awb-margin-top-large:0px;--awb-spacing-right-large:3.84%;--awb-margin-bottom-large:20px;--awb-spacing-left-large:3.84%;--awb-width-medium:100%;--awb-order-medium:0;--awb-spacing-right-medium:1.92%;--awb-spacing-left-medium:1.92%;--awb-width-small:100%;--awb-order-small:0;--awb-spacing-right-small:1.92%;--awb-spacing-left-small:1.92%;\"><div class=\"fusion-column-wrapper fusion-column-has-shadow fusion-flex-justify-content-flex-start fusion-content-layout-column\"><div class=\"fusion-image-element \" style=\"text-align:left;--awb-bottom-shadow-color:rgba(0,0,0,0.4);--awb-caption-title-font-family:var(--h2_typography-font-family);--awb-caption-title-font-weight:var(--h2_typography-font-weight);--awb-caption-title-font-style:var(--h2_typography-font-style);--awb-caption-title-size:var(--h2_typography-font-size);--awb-caption-title-transform:var(--h2_typography-text-transform);--awb-caption-title-line-height:var(--h2_typography-line-height);--awb-caption-title-letter-spacing:var(--h2_typography-letter-spacing);\"><div class=\"awb-image-frame awb-image-frame-1 awb-bottomshadow\"><span class=\" fusion-imageframe imageframe-bottomshadow imageframe-1 hover-type-none\"><img decoding=\"async\" width=\"300\" height=\"200\" title=\"Margarida-Elia-Assad\" src=\"http:\/\/enapol.com\/vi\/wp-content\/uploads\/sites\/8\/2021\/08\/Margarida-Elia-Assad.jpg\" alt class=\"img-responsive wp-image-446\" srcset=\"https:\/\/enapol.com\/vi\/wp-content\/uploads\/sites\/8\/2021\/08\/Margarida-Elia-Assad-200x133.jpg 200w, https:\/\/enapol.com\/vi\/wp-content\/uploads\/sites\/8\/2021\/08\/Margarida-Elia-Assad.jpg 300w\" sizes=\"(max-width: 1024px) 100vw, (max-width: 640px) 100vw, 300px\" \/><\/span><svg xmlns=\"http:\/\/www.w3.org\/2000\/svg\" version=\"1.1\" width=\"100%\" viewBox=\"0 0 600 28\" preserveAspectRatio=\"none\"><g clip-path=\"url(#a)\"><mask id=\"b\" style=\"mask-type:luminance\" maskUnits=\"userSpaceOnUse\" x=\"0\" y=\"0\" width=\"600\" height=\"28\"><path d=\"M0 0h600v28H0V0Z\" fill=\"#fff\"\/><\/mask><g filter=\"url(#c)\" mask=\"url(#b)\"><path d=\"M16.439-18.667h567.123v30.8S438.961-8.4 300-8.4C161.04-8.4 16.438 12.133 16.438 12.133v-30.8Z\" fill=\"#000\"\/><\/g><\/g><defs><clipPath id=\"a\"><path fill=\"#fff\" d=\"M0 0h600v28H0z\"\/><\/clipPath><filter id=\"c\" x=\"5.438\" y=\"-29.667\" width=\"589.123\" height=\"52.8\" filterUnits=\"userSpaceOnUse\" color-interpolation-filters=\"sRGB\"><feFlood flood-opacity=\"0\" result=\"BackgroundImageFix\"\/><feBlend in=\"SourceGraphic\" in2=\"BackgroundImageFix\" result=\"shape\"\/><feGaussianBlur stdDeviation=\"5.5\" result=\"effect1_foregroundBlur_3983_183\"\/><\/filter><\/defs><\/svg><\/div><\/div><div class=\"fusion-separator fusion-full-width-sep\" style=\"align-self: center;margin-left: auto;margin-right: auto;margin-top:5px;margin-bottom:5px;width:100%;\"><\/div><div class=\"fusion-title title fusion-title-1 fusion-sep-none fusion-title-text fusion-title-size-three\" style=\"--awb-margin-bottom:0px;\"><h3 class=\"fusion-title-heading title-heading-left fusion-responsive-typography-calculated\" style=\"margin:0;--fontSize:30;line-height:1.3;\">Margarida Elia Assad<\/h3><\/div><div class=\"fusion-text fusion-text-1\"><p style=\"text-align: left;\"><strong>EBP<\/strong><\/p>\n<\/div><\/div><\/div><div class=\"fusion-layout-column fusion_builder_column fusion-builder-column-1 fusion_builder_column_1_2 1_2 fusion-flex-column\" style=\"--awb-bg-size:cover;--awb-width-large:50%;--awb-margin-top-large:0px;--awb-spacing-right-large:3.84%;--awb-margin-bottom-large:20px;--awb-spacing-left-large:3.84%;--awb-width-medium:100%;--awb-order-medium:0;--awb-spacing-right-medium:1.92%;--awb-spacing-left-medium:1.92%;--awb-width-small:100%;--awb-order-small:0;--awb-spacing-right-small:1.92%;--awb-spacing-left-small:1.92%;\"><div class=\"fusion-column-wrapper fusion-column-has-shadow fusion-flex-justify-content-flex-start fusion-content-layout-column\"><\/div><\/div><\/div><\/div><div class=\"fusion-fullwidth fullwidth-box fusion-builder-row-2 fusion-flex-container nonhundred-percent-fullwidth non-hundred-percent-height-scrolling\" style=\"--awb-border-radius-top-left:0px;--awb-border-radius-top-right:0px;--awb-border-radius-bottom-right:0px;--awb-border-radius-bottom-left:0px;--awb-flex-wrap:wrap;\" ><div class=\"fusion-builder-row fusion-row fusion-flex-align-items-flex-start fusion-flex-content-wrap\" style=\"max-width:1352px;margin-left: calc(-4% \/ 2 );margin-right: calc(-4% \/ 2 );\"><div class=\"fusion-layout-column fusion_builder_column fusion-builder-column-2 fusion_builder_column_1_1 1_1 fusion-flex-column\" style=\"--awb-bg-size:cover;--awb-width-large:100%;--awb-margin-top-large:0px;--awb-spacing-right-large:1.92%;--awb-margin-bottom-large:20px;--awb-spacing-left-large:1.92%;--awb-width-medium:100%;--awb-order-medium:0;--awb-spacing-right-medium:1.92%;--awb-spacing-left-medium:1.92%;--awb-width-small:100%;--awb-order-small:0;--awb-spacing-right-small:1.92%;--awb-spacing-left-small:1.92%;\"><div class=\"fusion-column-wrapper fusion-column-has-shadow fusion-flex-justify-content-flex-start fusion-content-layout-column\"><div class=\"fusion-separator fusion-full-width-sep\" style=\"align-self: center;margin-left: auto;margin-right: auto;margin-top:10px;margin-bottom:10px;width:100%;\"><\/div><div class=\"fusion-text fusion-text-2\"><div class=\"Parrafo\">\n<p style=\"text-align: justify;\"><b>\u00bfQu\u00e9 hay m\u00e1s all\u00e1 del inconsciente?\u00a0<\/b>Esa pregunta, que Laurent extrae del seminario 24 de Lacan, me incita a estas puntuaciones de su texto.<\/p>\n<ol style=\"text-align: justify;\">\n<li>El s\u00edntoma hist\u00e9rico es hecho de sentido, habla y se dirige a alguien. El psicoan\u00e1lisis de Freud y la primac\u00eda simb\u00f3lica en Lacan se emparejaron con la histeria. Hay en la hist\u00e9rica una identificaci\u00f3n al s\u00edntoma del otro por la v\u00eda del amor al padre. Para Laurent: \u00abLa identificaci\u00f3n hist\u00e9rica, es identificarse con el s\u00edntoma del otro, por participaci\u00f3n\u00bb.(2)<\/li>\n<li>El falo, en \u00ab<i>Die Bedeutung des Phallus<\/i>\u00ab, apuntaba a la significaci\u00f3n, no como signo sino como S2, pareja de S1. Era testimonio de la debilidad mental como efecto de saber. El falo, a partir del seminario 24, es retomado como testigo de lo real. Laurent distingue saber y conocer. \u00abEl saber puede ser ignorado [<i>insu<\/i>]; el conocimiento, no\u00bb.(3) El falo es, entonces, testigo de aquello que hace parte de lo real del goce con lo cual el sujeto tendr\u00e1 que saber hacer con eso.<\/li>\n<li>Dar consistencia imaginaria al cuerpo. El imaginario adquiere en la \u00faltima ense\u00f1anza de Lacan una consistencia equivalente a la de lo simb\u00f3lico. Esa consistencia es resultado del manejo posible con lo real del cuerpo que siempre se escapa: \u00abtenemos un modelo, pero no sabemos qu\u00e9 es el cuerpo de lo real. Al respecto no hay m\u00e1s que hip\u00f3tesis\u00bb.(4) Laurent cita a Lacan: \u00abMe di cuenta (dice Lacan en 1976) que consistir quer\u00eda decir que era necesario hablar de cuerpo: hay un cuerpo imaginario, un cuerpo simb\u00f3lico \u2013es el lenguaje\u2012 y un cuerpo real, que no se sabe como aparece\u00bb.(5)<\/li>\n<li>El inconsciente como nudo. Hasta el\u00a0<i>Seminario<\/i>\u00a023 el nudo es lo que sosten\u00eda el s\u00edntoma, as\u00ed como el Nombre del Padre; a partir de la concepci\u00f3n de la histeria \u00absin su partenaire\u00bb, tambi\u00e9n llamada por Lacan de \u00abhisteria r\u00edgida\u00bb, el nudo pasa a ser utilizado para definir el inconsciente: \u00abun inconsciente constituido desde el nudo entre lo imaginario, lo simb\u00f3lico y lo real\u00bb. Aqu\u00ed hay una alusi\u00f3n a lo que Miller indicaba en su \u00faltimo curso cuando aisl\u00f3 la dimensi\u00f3n del Uno-solo \u2012la iteraci\u00f3n. Esa concepci\u00f3n traer\u00e1 consecuencias para la soluci\u00f3n anal\u00edtica por la v\u00eda de la identificaci\u00f3n al\u00a0<i>sinthoma<\/i>. Cuando el falo no sirve solamente para las identificaciones, sino que implica la repetici\u00f3n de un goce siempre el mismo, el cuerpo requiere una nueva lectura que va m\u00e1s all\u00e1 del cuerpo sintom\u00e1tico de la hist\u00e9rica. Se trata del\u00a0<i>parl\u00e9tre, \u00ab<\/i>cuerpo vivo\u00bb, que no pasa por la identificaci\u00f3n hist\u00e9rica.<\/li>\n<li>Para Laurent, eso implica que la histeria contempor\u00e1nea, la histeria pos-psicoan\u00e1lisis, sufri\u00f3 las consecuencias de la primac\u00eda del lenguaje, fue \u00abdesmontada en sus artificios\u00bb por lo simb\u00f3lico; la locura psicoanal\u00edtica, sugiere Lacan, \u00bfno la habr\u00e1 sustituido? Y contin\u00faa: \u00abEl inconsciente se origina del hecho de que la histeria no sabe lo que dice al decir verdaderamente algo por las palabras que le faltan\u00bb<\/li>\n<\/ol>\n<p style=\"text-align: justify;\">Con estas puntuaciones extra\u00eddas de la lectura del texto de Laurent para el VI ENAPOL pienso que llegamos a una cuesti\u00f3n de la mayor relevancia para el Psicoan\u00e1lisis del siglo XXI. \u00abUn psicoan\u00e1lisis cuyo horizonte no es m\u00e1s hist\u00e9rico\u00bb.(6) Un psicoan\u00e1lisis que tendr\u00e1 que lidiar con s\u00edntomas que no hablan con el saber del inconsciente, sino que hablan con el cuerpo. Tendremos que profundizar qu\u00e9 viene a ser el cuerpo vivo,\u00a0<i>el cuerpo t\u00f3rico,\u00a0<\/i>que es una representaci\u00f3n de lo vivo m\u00e1s all\u00e1 del cuerpo sintom\u00e1tico de la hist\u00e9rica. Tendremos todav\u00eda que evaluar las resonancias provocadas por la primac\u00eda significante. Lacan ser\u00e1 contundente en su \u00faltima ense\u00f1anza cuando propone que el inconsciente, a pesar de un equ\u00edvoco de sentido, todav\u00eda sea sostenido por la materialidad de las palabras.<\/p>\n<p style=\"text-align: justify;\">La cuesti\u00f3n de la identificaci\u00f3n, como problematiz\u00f3 Laurent en ese texto, ser\u00e1 tambi\u00e9n un problema al que deber\u00edamos dar prioridad en los trabajos. \u00bfCu\u00e1l es la identificaci\u00f3n posible al final de un an\u00e1lisis, cuando se est\u00e1 en el horizonte del m\u00e1s all\u00e1 del inconsciente? Incitar un poco m\u00e1s ese real que se materializa en cuerpos, parece ser uno de los desaf\u00edos que tendremos en el pr\u00f3ximo encuentro; que la Buenos Aires lacaniana sea tambi\u00e9n el lugar de nuevas directrices \u00e9ticas para el inconsciente real.<\/p>\n<\/div>\n<div id=\"CITAS\">\n<hr \/>\n<p style=\"text-align: justify;\"><i>Traducci\u00f3n:<\/i>\u00a0Laura Arias<\/p>\n<ol>\n<li style=\"text-align: justify;\">Laurent, E., \u00abHablar con el propio s\u00edntoma, hablar con el propio cuerpo\u00bb, publicado en la p\u00e1gina del Encuentro:\u00a0<a href=\"http:\/\/www.enapol.com\/\">www.enapol.com<\/a>.<\/li>\n<li style=\"text-align: justify;\">Ib\u00edd.<\/li>\n<li style=\"text-align: justify;\">Ib\u00edd.<\/li>\n<li style=\"text-align: justify;\">Ib\u00edd.<\/li>\n<li style=\"text-align: justify;\">Lacan, J., El Seminario 1976-77, clase del 16 de noviembre de 1976,\u00a0<i>Ornicar?<\/i>, n. 12, p. 7.<\/li>\n<li style=\"text-align: justify;\">Laurent, E., op.cit.<\/li>\n<\/ol>\n<\/div>\n<\/div><\/div><\/div><\/div><\/div><\/p>\n","protected":false},"excerpt":{"rendered":"<p>Margarida Elia Assad<\/p>\n","protected":false},"author":1,"featured_media":446,"menu_order":0,"comment_status":"open","ping_status":"closed","template":"","format":"standard","meta":{"_monsterinsights_skip_tracking":false,"_monsterinsights_sitenote_active":false,"_monsterinsights_sitenote_note":"","_monsterinsights_sitenote_category":0,"footnotes":""},"portfolio_category":[58],"portfolio_skills":[],"portfolio_tags":[],"_links":{"self":[{"href":"https:\/\/enapol.com\/vi\/wp-json\/wp\/v2\/avada_portfolio\/445"}],"collection":[{"href":"https:\/\/enapol.com\/vi\/wp-json\/wp\/v2\/avada_portfolio"}],"about":[{"href":"https:\/\/enapol.com\/vi\/wp-json\/wp\/v2\/types\/avada_portfolio"}],"author":[{"embeddable":true,"href":"https:\/\/enapol.com\/vi\/wp-json\/wp\/v2\/users\/1"}],"replies":[{"embeddable":true,"href":"https:\/\/enapol.com\/vi\/wp-json\/wp\/v2\/comments?post=445"}],"version-history":[{"count":1,"href":"https:\/\/enapol.com\/vi\/wp-json\/wp\/v2\/avada_portfolio\/445\/revisions"}],"predecessor-version":[{"id":447,"href":"https:\/\/enapol.com\/vi\/wp-json\/wp\/v2\/avada_portfolio\/445\/revisions\/447"}],"wp:featuredmedia":[{"embeddable":true,"href":"https:\/\/enapol.com\/vi\/wp-json\/wp\/v2\/media\/446"}],"wp:attachment":[{"href":"https:\/\/enapol.com\/vi\/wp-json\/wp\/v2\/media?parent=445"}],"wp:term":[{"taxonomy":"portfolio_category","embeddable":true,"href":"https:\/\/enapol.com\/vi\/wp-json\/wp\/v2\/portfolio_category?post=445"},{"taxonomy":"portfolio_skills","embeddable":true,"href":"https:\/\/enapol.com\/vi\/wp-json\/wp\/v2\/portfolio_skills?post=445"},{"taxonomy":"portfolio_tags","embeddable":true,"href":"https:\/\/enapol.com\/vi\/wp-json\/wp\/v2\/portfolio_tags?post=445"}],"curies":[{"name":"wp","href":"https:\/\/api.w.org\/{rel}","templated":true}]}}

<p><div class="fusion-fullwidth fullwidth-box fusion-builder-row-1 fusion-flex-container nonhundred-percent-fullwidth non-hundred-percent-height-scrolling" style="--awb-border-radius-top-left:0px;--awb-border-radius-top-right:0px;--awb-border-radius-bottom-right:0px;--awb-border-radius-bottom-left:0px;--awb-flex-wrap:wrap;" ><div class="fusion-builder-row fusion-row fusion-flex-align-items-flex-start fusion-flex-content-wrap" style="max-width:1352px;margin-left: calc(-4% / 2 );margin-right: calc(-4% / 2 );"><div class="fusion-layout-column fusion_builder_column fusion-builder-column-0 fusion_builder_column_1_2 1_2 fusion-flex-column" style="--awb-bg-size:cover;--awb-width-large:50%;--awb-margin-top-large:0px;--awb-spacing-right-large:3.84%;--awb-margin-bottom-large:20px;--awb-spacing-left-large:3.84%;--awb-width-medium:100%;--awb-order-medium:0;--awb-spacing-right-medium:1.92%;--awb-spacing-left-medium:1.92%;--awb-width-small:100%;--awb-order-small:0;--awb-spacing-right-small:1.92%;--awb-spacing-left-small:1.92%;"><div class="fusion-column-wrapper fusion-column-has-shadow fusion-flex-justify-content-flex-start fusion-content-layout-column"><div class="fusion-image-element " style="text-align:left;--awb-bottom-shadow-color:rgba(0,0,0,0.4);--awb-caption-title-font-family:var(--h2_typography-font-family);--awb-caption-title-font-weight:var(--h2_typography-font-weight);--awb-caption-title-font-style:var(--h2_typography-font-style);--awb-caption-title-size:var(--h2_typography-font-size);--awb-caption-title-transform:var(--h2_typography-text-transform);--awb-caption-title-line-height:var(--h2_typography-line-height);--awb-caption-title-letter-spacing:var(--h2_typography-letter-spacing);"><div class="awb-image-frame awb-image-frame-1 awb-bottomshadow"><span class=" fusion-imageframe imageframe-bottomshadow imageframe-1 hover-type-none"><img decoding="async" width="300" height="200" title="Margarida-Elia-Assad" src="http://enapol.com/vi/wp-content/uploads/sites/8/2021/08/Margarida-Elia-Assad.jpg" alt class="img-responsive wp-image-446" srcset="https://enapol.com/vi/wp-content/uploads/sites/8/2021/08/Margarida-Elia-Assad-200x133.jpg 200w, https://enapol.com/vi/wp-content/uploads/sites/8/2021/08/Margarida-Elia-Assad.jpg 300w" sizes="(max-width: 1024px) 100vw, (max-width: 640px) 100vw, 300px" /></span><svg xmlns="http://www.w3.org/2000/svg" version="1.1" width="100%" viewBox="0 0 600 28" preserveAspectRatio="none"><g clip-path="url(#a)"><mask id="b" style="mask-type:luminance" maskUnits="userSpaceOnUse" x="0" y="0" width="600" height="28"><path d="M0 0h600v28H0V0Z" fill="#fff"/></mask><g filter="url(#c)" mask="url(#b)"><path d="M16.439-18.667h567.123v30.8S438.961-8.4 300-8.4C161.04-8.4 16.438 12.133 16.438 12.133v-30.8Z" fill="#000"/></g></g><defs><clipPath id="a"><path fill="#fff" d="M0 0h600v28H0z"/></clipPath><filter id="c" x="5.438" y="-29.667" width="589.123" height="52.8" filterUnits="userSpaceOnUse" color-interpolation-filters="sRGB"><feFlood flood-opacity="0" result="BackgroundImageFix"/><feBlend in="SourceGraphic" in2="BackgroundImageFix" result="shape"/><feGaussianBlur stdDeviation="5.5" result="effect1_foregroundBlur_3983_183"/></filter></defs></svg></div></div><div class="fusion-separator fusion-full-width-sep" style="align-self: center;margin-left: auto;margin-right: auto;margin-top:5px;margin-bottom:5px;width:100%;"></div><div class="fusion-title title fusion-title-1 fusion-sep-none fusion-title-text fusion-title-size-three" style="--awb-margin-bottom:0px;"><h3 class="fusion-title-heading title-heading-left fusion-responsive-typography-calculated" style="margin:0;--fontSize:30;line-height:1.3;">Margarida Elia Assad</h3></div><div class="fusion-text fusion-text-1"><p style="text-align: left;"><strong>EBP</strong></p>
</div></div></div><div class="fusion-layout-column fusion_builder_column fusion-builder-column-1 fusion_builder_column_1_2 1_2 fusion-flex-column" style="--awb-bg-size:cover;--awb-width-large:50%;--awb-margin-top-large:0px;--awb-spacing-right-large:3.84%;--awb-margin-bottom-large:20px;--awb-spacing-left-large:3.84%;--awb-width-medium:100%;--awb-order-medium:0;--awb-spacing-right-medium:1.92%;--awb-spacing-left-medium:1.92%;--awb-width-small:100%;--awb-order-small:0;--awb-spacing-right-small:1.92%;--awb-spacing-left-small:1.92%;"><div class="fusion-column-wrapper fusion-column-has-shadow fusion-flex-justify-content-flex-start fusion-content-layout-column"></div></div></div></div><div class="fusion-fullwidth fullwidth-box fusion-builder-row-2 fusion-flex-container nonhundred-percent-fullwidth non-hundred-percent-height-scrolling" style="--awb-border-radius-top-left:0px;--awb-border-radius-top-right:0px;--awb-border-radius-bottom-right:0px;--awb-border-radius-bottom-left:0px;--awb-flex-wrap:wrap;" ><div class="fusion-builder-row fusion-row fusion-flex-align-items-flex-start fusion-flex-content-wrap" style="max-width:1352px;margin-left: calc(-4% / 2 );margin-right: calc(-4% / 2 );"><div class="fusion-layout-column fusion_builder_column fusion-builder-column-2 fusion_builder_column_1_1 1_1 fusion-flex-column" style="--awb-bg-size:cover;--awb-width-large:100%;--awb-margin-top-large:0px;--awb-spacing-right-large:1.92%;--awb-margin-bottom-large:20px;--awb-spacing-left-large:1.92%;--awb-width-medium:100%;--awb-order-medium:0;--awb-spacing-right-medium:1.92%;--awb-spacing-left-medium:1.92%;--awb-width-small:100%;--awb-order-small:0;--awb-spacing-right-small:1.92%;--awb-spacing-left-small:1.92%;"><div class="fusion-column-wrapper fusion-column-has-shadow fusion-flex-justify-content-flex-start fusion-content-layout-column"><div class="fusion-separator fusion-full-width-sep" style="align-self: center;margin-left: auto;margin-right: auto;margin-top:10px;margin-bottom:10px;width:100%;"></div><div class="fusion-text fusion-text-2"><div class="Parrafo">
<p style="text-align: justify;"><b>¿Qué hay más allá del inconsciente? </b>Esa pregunta, que Laurent extrae del seminario 24 de Lacan, me incita a estas puntuaciones de su texto.</p>
<ol style="text-align: justify;">
<li>El síntoma histérico es hecho de sentido, habla y se dirige a alguien. El psicoanálisis de Freud y la primacía simbólica en Lacan se emparejaron con la histeria. Hay en la histérica una identificación al síntoma del otro por la vía del amor al padre. Para Laurent: «La identificación histérica, es identificarse con el síntoma del otro, por participación».(2)</li>
<li>El falo, en «<i>Die Bedeutung des Phallus</i>«, apuntaba a la significación, no como signo sino como S2, pareja de S1. Era testimonio de la debilidad mental como efecto de saber. El falo, a partir del seminario 24, es retomado como testigo de lo real. Laurent distingue saber y conocer. «El saber puede ser ignorado [<i>insu</i>]; el conocimiento, no».(3) El falo es, entonces, testigo de aquello que hace parte de lo real del goce con lo cual el sujeto tendrá que saber hacer con eso.</li>
<li>Dar consistencia imaginaria al cuerpo. El imaginario adquiere en la última enseñanza de Lacan una consistencia equivalente a la de lo simbólico. Esa consistencia es resultado del manejo posible con lo real del cuerpo que siempre se escapa: «tenemos un modelo, pero no sabemos qué es el cuerpo de lo real. Al respecto no hay más que hipótesis».(4) Laurent cita a Lacan: «Me di cuenta (dice Lacan en 1976) que consistir quería decir que era necesario hablar de cuerpo: hay un cuerpo imaginario, un cuerpo simbólico –es el lenguaje‒ y un cuerpo real, que no se sabe como aparece».(5)</li>
<li>El inconsciente como nudo. Hasta el <i>Seminario</i> 23 el nudo es lo que sostenía el síntoma, así como el Nombre del Padre; a partir de la concepción de la histeria «sin su partenaire», también llamada por Lacan de «histeria rígida», el nudo pasa a ser utilizado para definir el inconsciente: «un inconsciente constituido desde el nudo entre lo imaginario, lo simbólico y lo real». Aquí hay una alusión a lo que Miller indicaba en su último curso cuando aisló la dimensión del Uno-solo ‒la iteración. Esa concepción traerá consecuencias para la solución analítica por la vía de la identificación al <i>sinthoma</i>. Cuando el falo no sirve solamente para las identificaciones, sino que implica la repetición de un goce siempre el mismo, el cuerpo requiere una nueva lectura que va más allá del cuerpo sintomático de la histérica. Se trata del <i>parlétre, «</i>cuerpo vivo», que no pasa por la identificación histérica.</li>
<li>Para Laurent, eso implica que la histeria contemporánea, la histeria pos-psicoanálisis, sufrió las consecuencias de la primacía del lenguaje, fue «desmontada en sus artificios» por lo simbólico; la locura psicoanalítica, sugiere Lacan, ¿no la habrá sustituido? Y continúa: «El inconsciente se origina del hecho de que la histeria no sabe lo que dice al decir verdaderamente algo por las palabras que le faltan»</li>
</ol>
<p style="text-align: justify;">Con estas puntuaciones extraídas de la lectura del texto de Laurent para el VI ENAPOL pienso que llegamos a una cuestión de la mayor relevancia para el Psicoanálisis del siglo XXI. «Un psicoanálisis cuyo horizonte no es más histérico».(6) Un psicoanálisis que tendrá que lidiar con síntomas que no hablan con el saber del inconsciente, sino que hablan con el cuerpo. Tendremos que profundizar qué viene a ser el cuerpo vivo, <i>el cuerpo tórico, </i>que es una representación de lo vivo más allá del cuerpo sintomático de la histérica. Tendremos todavía que evaluar las resonancias provocadas por la primacía significante. Lacan será contundente en su última enseñanza cuando propone que el inconsciente, a pesar de un equívoco de sentido, todavía sea sostenido por la materialidad de las palabras.</p>
<p style="text-align: justify;">La cuestión de la identificación, como problematizó Laurent en ese texto, será también un problema al que deberíamos dar prioridad en los trabajos. ¿Cuál es la identificación posible al final de un análisis, cuando se está en el horizonte del más allá del inconsciente? Incitar un poco más ese real que se materializa en cuerpos, parece ser uno de los desafíos que tendremos en el próximo encuentro; que la Buenos Aires lacaniana sea también el lugar de nuevas directrices éticas para el inconsciente real.</p>
</div>
<div id="CITAS">
<hr />
<p style="text-align: justify;"><i>Traducción:</i> Laura Arias</p>
<ol>
<li style="text-align: justify;">Laurent, E., «Hablar con el propio síntoma, hablar con el propio cuerpo», publicado en la página del Encuentro: <a href="http://www.enapol.com/">www.enapol.com</a>.</li>
<li style="text-align: justify;">Ibíd.</li>
<li style="text-align: justify;">Ibíd.</li>
<li style="text-align: justify;">Ibíd.</li>
<li style="text-align: justify;">Lacan, J., El Seminario 1976-77, clase del 16 de noviembre de 1976, <i>Ornicar?</i>, n. 12, p. 7.</li>
<li style="text-align: justify;">Laurent, E., op.cit.</li>
</ol>
</div>
</div></div></div></div></div></p>
