{"id":464,"date":"2021-08-15T21:24:44","date_gmt":"2021-08-16T00:24:44","guid":{"rendered":"http:\/\/x-enapol.org\/vi\/?post_type=avada_portfolio&#038;p=464"},"modified":"2021-08-15T21:24:44","modified_gmt":"2021-08-16T00:24:44","slug":"la-interpretacion-como-witz-tendencioso-y-los-fenomenos-de-epoca","status":"publish","type":"avada_portfolio","link":"https:\/\/enapol.com\/vi\/portfolio-items\/la-interpretacion-como-witz-tendencioso-y-los-fenomenos-de-epoca\/","title":{"rendered":"La interpretaci\u00f3n como Witz tendencioso y los fen\u00f3menos de \u00e9poca"},"content":{"rendered":"<p><div class=\"fusion-fullwidth fullwidth-box fusion-builder-row-1 fusion-flex-container nonhundred-percent-fullwidth non-hundred-percent-height-scrolling\" style=\"--awb-border-radius-top-left:0px;--awb-border-radius-top-right:0px;--awb-border-radius-bottom-right:0px;--awb-border-radius-bottom-left:0px;--awb-flex-wrap:wrap;\" ><div class=\"fusion-builder-row fusion-row fusion-flex-align-items-flex-start fusion-flex-content-wrap\" style=\"max-width:1352px;margin-left: calc(-4% \/ 2 );margin-right: calc(-4% \/ 2 );\"><div class=\"fusion-layout-column fusion_builder_column fusion-builder-column-0 fusion_builder_column_1_2 1_2 fusion-flex-column\" style=\"--awb-bg-size:cover;--awb-width-large:50%;--awb-margin-top-large:0px;--awb-spacing-right-large:3.84%;--awb-margin-bottom-large:20px;--awb-spacing-left-large:3.84%;--awb-width-medium:100%;--awb-order-medium:0;--awb-spacing-right-medium:1.92%;--awb-spacing-left-medium:1.92%;--awb-width-small:100%;--awb-order-small:0;--awb-spacing-right-small:1.92%;--awb-spacing-left-small:1.92%;\"><div class=\"fusion-column-wrapper fusion-column-has-shadow fusion-flex-justify-content-flex-start fusion-content-layout-column\"><div class=\"fusion-image-element \" style=\"text-align:left;--awb-bottom-shadow-color:rgba(0,0,0,0.4);--awb-caption-title-font-family:var(--h2_typography-font-family);--awb-caption-title-font-weight:var(--h2_typography-font-weight);--awb-caption-title-font-style:var(--h2_typography-font-style);--awb-caption-title-size:var(--h2_typography-font-size);--awb-caption-title-transform:var(--h2_typography-text-transform);--awb-caption-title-line-height:var(--h2_typography-line-height);--awb-caption-title-letter-spacing:var(--h2_typography-letter-spacing);\"><div class=\"awb-image-frame awb-image-frame-1 awb-bottomshadow\"><span class=\" fusion-imageframe imageframe-bottomshadow imageframe-1 hover-type-none\"><img decoding=\"async\" width=\"300\" height=\"200\" title=\"Raul-Vera-Barros\" src=\"http:\/\/enapol.com\/vi\/wp-content\/uploads\/sites\/8\/2021\/08\/Raul-Vera-Barros.jpg\" alt class=\"img-responsive wp-image-465\" srcset=\"https:\/\/enapol.com\/vi\/wp-content\/uploads\/sites\/8\/2021\/08\/Raul-Vera-Barros-200x133.jpg 200w, https:\/\/enapol.com\/vi\/wp-content\/uploads\/sites\/8\/2021\/08\/Raul-Vera-Barros.jpg 300w\" sizes=\"(max-width: 1024px) 100vw, (max-width: 640px) 100vw, 300px\" \/><\/span><svg xmlns=\"http:\/\/www.w3.org\/2000\/svg\" version=\"1.1\" width=\"100%\" viewBox=\"0 0 600 28\" preserveAspectRatio=\"none\"><g clip-path=\"url(#a)\"><mask id=\"b\" style=\"mask-type:luminance\" maskUnits=\"userSpaceOnUse\" x=\"0\" y=\"0\" width=\"600\" height=\"28\"><path d=\"M0 0h600v28H0V0Z\" fill=\"#fff\"\/><\/mask><g filter=\"url(#c)\" mask=\"url(#b)\"><path d=\"M16.439-18.667h567.123v30.8S438.961-8.4 300-8.4C161.04-8.4 16.438 12.133 16.438 12.133v-30.8Z\" fill=\"#000\"\/><\/g><\/g><defs><clipPath id=\"a\"><path fill=\"#fff\" d=\"M0 0h600v28H0z\"\/><\/clipPath><filter id=\"c\" x=\"5.438\" y=\"-29.667\" width=\"589.123\" height=\"52.8\" filterUnits=\"userSpaceOnUse\" color-interpolation-filters=\"sRGB\"><feFlood flood-opacity=\"0\" result=\"BackgroundImageFix\"\/><feBlend in=\"SourceGraphic\" in2=\"BackgroundImageFix\" result=\"shape\"\/><feGaussianBlur stdDeviation=\"5.5\" result=\"effect1_foregroundBlur_3983_183\"\/><\/filter><\/defs><\/svg><\/div><\/div><div class=\"fusion-separator fusion-full-width-sep\" style=\"align-self: center;margin-left: auto;margin-right: auto;margin-top:5px;margin-bottom:5px;width:100%;\"><\/div><div class=\"fusion-title title fusion-title-1 fusion-sep-none fusion-title-text fusion-title-size-three\" style=\"--awb-margin-bottom:0px;\"><h3 class=\"fusion-title-heading title-heading-left fusion-responsive-typography-calculated\" style=\"margin:0;--fontSize:30;line-height:1.3;\">Ra\u00fal Vera Barros<\/h3><\/div><div class=\"fusion-text fusion-text-1\"><p style=\"text-align: left;\"><strong>EOL (Rosario)<\/strong><\/p>\n<\/div><\/div><\/div><div class=\"fusion-layout-column fusion_builder_column fusion-builder-column-1 fusion_builder_column_1_2 1_2 fusion-flex-column\" style=\"--awb-bg-size:cover;--awb-width-large:50%;--awb-margin-top-large:0px;--awb-spacing-right-large:3.84%;--awb-margin-bottom-large:20px;--awb-spacing-left-large:3.84%;--awb-width-medium:100%;--awb-order-medium:0;--awb-spacing-right-medium:1.92%;--awb-spacing-left-medium:1.92%;--awb-width-small:100%;--awb-order-small:0;--awb-spacing-right-small:1.92%;--awb-spacing-left-small:1.92%;\"><div class=\"fusion-column-wrapper fusion-column-has-shadow fusion-flex-justify-content-flex-start fusion-content-layout-column\"><\/div><\/div><\/div><\/div><div class=\"fusion-fullwidth fullwidth-box fusion-builder-row-2 fusion-flex-container nonhundred-percent-fullwidth non-hundred-percent-height-scrolling\" style=\"--awb-border-radius-top-left:0px;--awb-border-radius-top-right:0px;--awb-border-radius-bottom-right:0px;--awb-border-radius-bottom-left:0px;--awb-flex-wrap:wrap;\" ><div class=\"fusion-builder-row fusion-row fusion-flex-align-items-flex-start fusion-flex-content-wrap\" style=\"max-width:1352px;margin-left: calc(-4% \/ 2 );margin-right: calc(-4% \/ 2 );\"><div class=\"fusion-layout-column fusion_builder_column fusion-builder-column-2 fusion_builder_column_1_1 1_1 fusion-flex-column\" style=\"--awb-bg-size:cover;--awb-width-large:100%;--awb-margin-top-large:0px;--awb-spacing-right-large:1.92%;--awb-margin-bottom-large:20px;--awb-spacing-left-large:1.92%;--awb-width-medium:100%;--awb-order-medium:0;--awb-spacing-right-medium:1.92%;--awb-spacing-left-medium:1.92%;--awb-width-small:100%;--awb-order-small:0;--awb-spacing-right-small:1.92%;--awb-spacing-left-small:1.92%;\"><div class=\"fusion-column-wrapper fusion-column-has-shadow fusion-flex-justify-content-flex-start fusion-content-layout-column\"><div class=\"fusion-separator fusion-full-width-sep\" style=\"align-self: center;margin-left: auto;margin-right: auto;margin-top:10px;margin-bottom:10px;width:100%;\"><\/div><div class=\"fusion-text fusion-text-2\"><div class=\"Parrafo\">\n<p style=\"text-align: justify;\">Solemos encontrar en nuestra pr\u00e1ctica actual el desamor en los lazos sociales y en las relaciones de pareja. Pretender evitar o insensibilizarse respecto a los escollos de las relaciones amorosas y la sexualidad no conduce a ning\u00fan \u00abcielo\u00bb, como no sea el ascenso al c\u00e9nit del \u00ab<i>socielo<\/i>\u00bb del objeto\u00a0<i>a,<\/i>\u00a0cuyas consecuencias extrae J.- A. Miller. Nos orienta en relaci\u00f3n a un querer decir (querer gozar) m\u00e1s all\u00e1 de las articulaciones del significante, m\u00e1s all\u00e1 del otro y, por as\u00ed decir, antes del Otro.<\/p>\n<p style=\"text-align: justify;\">Hay uni\u00f3n entre hombre y mujer cuando el goce pasa por el cuerpo del otro, como met\u00e1fora del goce perdido. En el\u00a0<i>Seminario<\/i>\u00a011 Lacan habla ya de aparatos de goce, en el cuerpo algo pone a las pulsiones \u00aben aleteo, en acorde, en resonancia\u00bb(1) con las pulsaciones del inconsciente. Pasamos del silencio pulsional a cuerpos que hablan de otras maneras; por ejemplo, en el s\u00edntoma. La articulaci\u00f3n significante deja paso al signo y a la pregunta respecto a aquello que sirva como signo de amor.<\/p>\n<p style=\"text-align: justify;\">El falo en tanto positividad absoluta no deja de constituir un goce separado del cuerpo, como goce de \u00f3rgano. Lacan avanza en otra direcci\u00f3n, explora la relaci\u00f3n de lo femenino con el Significante del Otro barrado, con precisiones que nos permiten elaborar nuestra cl\u00ednica hoy, interrogando por ejemplo la relaci\u00f3n profunda de la mujer con el Otro m\u00e1s all\u00e1 de la articulaci\u00f3n de los significantes y el goce particular que pueda hacer nacer al Otro como tal. Un campo donde la l\u00f3gica es del no-todo y lo real es sin ley.<\/p>\n<p style=\"text-align: justify;\">El VI ENAPOL propone renovadas cuestiones para trabajar los fen\u00f3menos de la \u00e9poca (\u00abfen\u00f3menos\u00bb en tanto \u00ablo que aparece\u00bb) con la \u00faltima ense\u00f1anza de Lacan: de la toxicoman\u00eda como fascinaci\u00f3n por el goce femenino a la violencia que erosiona los lazos sociales con una iteraci\u00f3n de marcas y golpes en el cuerpo que no son eficaces (E. Laurent, \u00abHablar con el propio s\u00edntoma, hablar con el cuerpo\u00bb), o a la multiplicaci\u00f3n y estratificaci\u00f3n de lo normativo a nivel p\u00fablico (normas opuestas, debates legislativos pospuestos, reglamentaciones de leyes que son diferidas, jurisprudencias yuxtapuestas y contradictorias, etc.) con cierto empuje a la judicializaci\u00f3n. Fen\u00f3menos que acent\u00faan las crisis respecto de las regulaciones de los cuerpos singulares.<\/p>\n<p style=\"text-align: justify;\">Podremos trabajar fen\u00f3menos como esos con la legibilidad que introduce la interpretaci\u00f3n cuando es concebida al modo del\u00a0<i>Witz<\/i>\u00a0tendencioso: el\u00a0<i>Witz\u00a0<\/i>que incluye la tendencia, las resonancias en el cuerpo del decir, con un efecto multiplicador de la pulsi\u00f3n: uniendo al placer del cifraje inconsciente las resonancias de un decir en el cuerpo.<\/p>\n<p style=\"text-align: justify;\">\u00bfNo hay all\u00ed un efecto de legitimaci\u00f3n posible, que introduce la interpretaci\u00f3n a contramano, justamente, de la inflaci\u00f3n normativa, de esa legalidad profusa de normas, pautas, reglamentos y nomencladores que se yuxtaponen y contraponen sin que parezcan alcanzar un l\u00edmite?<\/p>\n<\/div>\n<div id=\"CITAS\">\n<hr \/>\n<ol>\n<li style=\"text-align: justify;\">J.-A. Miller,\u00a0<i>La fuga del sentido,\u00a0<\/i>Paid\u00f3s, Buenos Aires, 2012, p. 257.<\/li>\n<\/ol>\n<\/div>\n<\/div><\/div><\/div><\/div><\/div><\/p>\n","protected":false},"excerpt":{"rendered":"<p>Ra\u00fal Vera Barros<\/p>\n","protected":false},"author":1,"featured_media":465,"menu_order":0,"comment_status":"open","ping_status":"closed","template":"","format":"standard","meta":{"_monsterinsights_skip_tracking":false,"_monsterinsights_sitenote_active":false,"_monsterinsights_sitenote_note":"","_monsterinsights_sitenote_category":0,"footnotes":""},"portfolio_category":[58],"portfolio_skills":[],"portfolio_tags":[],"_links":{"self":[{"href":"https:\/\/enapol.com\/vi\/wp-json\/wp\/v2\/avada_portfolio\/464"}],"collection":[{"href":"https:\/\/enapol.com\/vi\/wp-json\/wp\/v2\/avada_portfolio"}],"about":[{"href":"https:\/\/enapol.com\/vi\/wp-json\/wp\/v2\/types\/avada_portfolio"}],"author":[{"embeddable":true,"href":"https:\/\/enapol.com\/vi\/wp-json\/wp\/v2\/users\/1"}],"replies":[{"embeddable":true,"href":"https:\/\/enapol.com\/vi\/wp-json\/wp\/v2\/comments?post=464"}],"version-history":[{"count":1,"href":"https:\/\/enapol.com\/vi\/wp-json\/wp\/v2\/avada_portfolio\/464\/revisions"}],"predecessor-version":[{"id":466,"href":"https:\/\/enapol.com\/vi\/wp-json\/wp\/v2\/avada_portfolio\/464\/revisions\/466"}],"wp:featuredmedia":[{"embeddable":true,"href":"https:\/\/enapol.com\/vi\/wp-json\/wp\/v2\/media\/465"}],"wp:attachment":[{"href":"https:\/\/enapol.com\/vi\/wp-json\/wp\/v2\/media?parent=464"}],"wp:term":[{"taxonomy":"portfolio_category","embeddable":true,"href":"https:\/\/enapol.com\/vi\/wp-json\/wp\/v2\/portfolio_category?post=464"},{"taxonomy":"portfolio_skills","embeddable":true,"href":"https:\/\/enapol.com\/vi\/wp-json\/wp\/v2\/portfolio_skills?post=464"},{"taxonomy":"portfolio_tags","embeddable":true,"href":"https:\/\/enapol.com\/vi\/wp-json\/wp\/v2\/portfolio_tags?post=464"}],"curies":[{"name":"wp","href":"https:\/\/api.w.org\/{rel}","templated":true}]}}

La interpretación como Witz tendencioso y los fenómenos de época

<p><div class="fusion-fullwidth fullwidth-box fusion-builder-row-1 fusion-flex-container nonhundred-percent-fullwidth non-hundred-percent-height-scrolling" style="--awb-border-radius-top-left:0px;--awb-border-radius-top-right:0px;--awb-border-radius-bottom-right:0px;--awb-border-radius-bottom-left:0px;--awb-flex-wrap:wrap;" ><div class="fusion-builder-row fusion-row fusion-flex-align-items-flex-start fusion-flex-content-wrap" style="max-width:1352px;margin-left: calc(-4% / 2 );margin-right: calc(-4% / 2 );"><div class="fusion-layout-column fusion_builder_column fusion-builder-column-0 fusion_builder_column_1_2 1_2 fusion-flex-column" style="--awb-bg-size:cover;--awb-width-large:50%;--awb-margin-top-large:0px;--awb-spacing-right-large:3.84%;--awb-margin-bottom-large:20px;--awb-spacing-left-large:3.84%;--awb-width-medium:100%;--awb-order-medium:0;--awb-spacing-right-medium:1.92%;--awb-spacing-left-medium:1.92%;--awb-width-small:100%;--awb-order-small:0;--awb-spacing-right-small:1.92%;--awb-spacing-left-small:1.92%;"><div class="fusion-column-wrapper fusion-column-has-shadow fusion-flex-justify-content-flex-start fusion-content-layout-column"><div class="fusion-image-element " style="text-align:left;--awb-bottom-shadow-color:rgba(0,0,0,0.4);--awb-caption-title-font-family:var(--h2_typography-font-family);--awb-caption-title-font-weight:var(--h2_typography-font-weight);--awb-caption-title-font-style:var(--h2_typography-font-style);--awb-caption-title-size:var(--h2_typography-font-size);--awb-caption-title-transform:var(--h2_typography-text-transform);--awb-caption-title-line-height:var(--h2_typography-line-height);--awb-caption-title-letter-spacing:var(--h2_typography-letter-spacing);"><div class="awb-image-frame awb-image-frame-1 awb-bottomshadow"><span class=" fusion-imageframe imageframe-bottomshadow imageframe-1 hover-type-none"><img decoding="async" width="300" height="200" title="Raul-Vera-Barros" src="http://enapol.com/vi/wp-content/uploads/sites/8/2021/08/Raul-Vera-Barros.jpg" alt class="img-responsive wp-image-465" srcset="https://enapol.com/vi/wp-content/uploads/sites/8/2021/08/Raul-Vera-Barros-200x133.jpg 200w, https://enapol.com/vi/wp-content/uploads/sites/8/2021/08/Raul-Vera-Barros.jpg 300w" sizes="(max-width: 1024px) 100vw, (max-width: 640px) 100vw, 300px" /></span><svg xmlns="http://www.w3.org/2000/svg" version="1.1" width="100%" viewBox="0 0 600 28" preserveAspectRatio="none"><g clip-path="url(#a)"><mask id="b" style="mask-type:luminance" maskUnits="userSpaceOnUse" x="0" y="0" width="600" height="28"><path d="M0 0h600v28H0V0Z" fill="#fff"/></mask><g filter="url(#c)" mask="url(#b)"><path d="M16.439-18.667h567.123v30.8S438.961-8.4 300-8.4C161.04-8.4 16.438 12.133 16.438 12.133v-30.8Z" fill="#000"/></g></g><defs><clipPath id="a"><path fill="#fff" d="M0 0h600v28H0z"/></clipPath><filter id="c" x="5.438" y="-29.667" width="589.123" height="52.8" filterUnits="userSpaceOnUse" color-interpolation-filters="sRGB"><feFlood flood-opacity="0" result="BackgroundImageFix"/><feBlend in="SourceGraphic" in2="BackgroundImageFix" result="shape"/><feGaussianBlur stdDeviation="5.5" result="effect1_foregroundBlur_3983_183"/></filter></defs></svg></div></div><div class="fusion-separator fusion-full-width-sep" style="align-self: center;margin-left: auto;margin-right: auto;margin-top:5px;margin-bottom:5px;width:100%;"></div><div class="fusion-title title fusion-title-1 fusion-sep-none fusion-title-text fusion-title-size-three" style="--awb-margin-bottom:0px;"><h3 class="fusion-title-heading title-heading-left fusion-responsive-typography-calculated" style="margin:0;--fontSize:30;line-height:1.3;">Raúl Vera Barros</h3></div><div class="fusion-text fusion-text-1"><p style="text-align: left;"><strong>EOL (Rosario)</strong></p>
</div></div></div><div class="fusion-layout-column fusion_builder_column fusion-builder-column-1 fusion_builder_column_1_2 1_2 fusion-flex-column" style="--awb-bg-size:cover;--awb-width-large:50%;--awb-margin-top-large:0px;--awb-spacing-right-large:3.84%;--awb-margin-bottom-large:20px;--awb-spacing-left-large:3.84%;--awb-width-medium:100%;--awb-order-medium:0;--awb-spacing-right-medium:1.92%;--awb-spacing-left-medium:1.92%;--awb-width-small:100%;--awb-order-small:0;--awb-spacing-right-small:1.92%;--awb-spacing-left-small:1.92%;"><div class="fusion-column-wrapper fusion-column-has-shadow fusion-flex-justify-content-flex-start fusion-content-layout-column"></div></div></div></div><div class="fusion-fullwidth fullwidth-box fusion-builder-row-2 fusion-flex-container nonhundred-percent-fullwidth non-hundred-percent-height-scrolling" style="--awb-border-radius-top-left:0px;--awb-border-radius-top-right:0px;--awb-border-radius-bottom-right:0px;--awb-border-radius-bottom-left:0px;--awb-flex-wrap:wrap;" ><div class="fusion-builder-row fusion-row fusion-flex-align-items-flex-start fusion-flex-content-wrap" style="max-width:1352px;margin-left: calc(-4% / 2 );margin-right: calc(-4% / 2 );"><div class="fusion-layout-column fusion_builder_column fusion-builder-column-2 fusion_builder_column_1_1 1_1 fusion-flex-column" style="--awb-bg-size:cover;--awb-width-large:100%;--awb-margin-top-large:0px;--awb-spacing-right-large:1.92%;--awb-margin-bottom-large:20px;--awb-spacing-left-large:1.92%;--awb-width-medium:100%;--awb-order-medium:0;--awb-spacing-right-medium:1.92%;--awb-spacing-left-medium:1.92%;--awb-width-small:100%;--awb-order-small:0;--awb-spacing-right-small:1.92%;--awb-spacing-left-small:1.92%;"><div class="fusion-column-wrapper fusion-column-has-shadow fusion-flex-justify-content-flex-start fusion-content-layout-column"><div class="fusion-separator fusion-full-width-sep" style="align-self: center;margin-left: auto;margin-right: auto;margin-top:10px;margin-bottom:10px;width:100%;"></div><div class="fusion-text fusion-text-2"><div class="Parrafo">
<p style="text-align: justify;">Solemos encontrar en nuestra práctica actual el desamor en los lazos sociales y en las relaciones de pareja. Pretender evitar o insensibilizarse respecto a los escollos de las relaciones amorosas y la sexualidad no conduce a ningún «cielo», como no sea el ascenso al cénit del «<i>socielo</i>» del objeto <i>a,</i> cuyas consecuencias extrae J.- A. Miller. Nos orienta en relación a un querer decir (querer gozar) más allá de las articulaciones del significante, más allá del otro y, por así decir, antes del Otro.</p>
<p style="text-align: justify;">Hay unión entre hombre y mujer cuando el goce pasa por el cuerpo del otro, como metáfora del goce perdido. En el <i>Seminario</i> 11 Lacan habla ya de aparatos de goce, en el cuerpo algo pone a las pulsiones «en aleteo, en acorde, en resonancia»(1) con las pulsaciones del inconsciente. Pasamos del silencio pulsional a cuerpos que hablan de otras maneras; por ejemplo, en el síntoma. La articulación significante deja paso al signo y a la pregunta respecto a aquello que sirva como signo de amor.</p>
<p style="text-align: justify;">El falo en tanto positividad absoluta no deja de constituir un goce separado del cuerpo, como goce de órgano. Lacan avanza en otra dirección, explora la relación de lo femenino con el Significante del Otro barrado, con precisiones que nos permiten elaborar nuestra clínica hoy, interrogando por ejemplo la relación profunda de la mujer con el Otro más allá de la articulación de los significantes y el goce particular que pueda hacer nacer al Otro como tal. Un campo donde la lógica es del no-todo y lo real es sin ley.</p>
<p style="text-align: justify;">El VI ENAPOL propone renovadas cuestiones para trabajar los fenómenos de la época («fenómenos» en tanto «lo que aparece») con la última enseñanza de Lacan: de la toxicomanía como fascinación por el goce femenino a la violencia que erosiona los lazos sociales con una iteración de marcas y golpes en el cuerpo que no son eficaces (E. Laurent, «Hablar con el propio síntoma, hablar con el cuerpo»), o a la multiplicación y estratificación de lo normativo a nivel público (normas opuestas, debates legislativos pospuestos, reglamentaciones de leyes que son diferidas, jurisprudencias yuxtapuestas y contradictorias, etc.) con cierto empuje a la judicialización. Fenómenos que acentúan las crisis respecto de las regulaciones de los cuerpos singulares.</p>
<p style="text-align: justify;">Podremos trabajar fenómenos como esos con la legibilidad que introduce la interpretación cuando es concebida al modo del <i>Witz</i> tendencioso: el <i>Witz </i>que incluye la tendencia, las resonancias en el cuerpo del decir, con un efecto multiplicador de la pulsión: uniendo al placer del cifraje inconsciente las resonancias de un decir en el cuerpo.</p>
<p style="text-align: justify;">¿No hay allí un efecto de legitimación posible, que introduce la interpretación a contramano, justamente, de la inflación normativa, de esa legalidad profusa de normas, pautas, reglamentos y nomencladores que se yuxtaponen y contraponen sin que parezcan alcanzar un límite?</p>
</div>
<div id="CITAS">
<hr />
<ol>
<li style="text-align: justify;">J.-A. Miller, <i>La fuga del sentido, </i>Paidós, Buenos Aires, 2012, p. 257.</li>
</ol>
</div>
</div></div></div></div></div></p>

<p>Raúl Vera Barros</p>
