{"id":526,"date":"2021-08-15T23:29:28","date_gmt":"2021-08-16T02:29:28","guid":{"rendered":"http:\/\/x-enapol.org\/vi\/?post_type=avada_portfolio&#038;p=526"},"modified":"2021-08-15T23:29:28","modified_gmt":"2021-08-16T02:29:28","slug":"acontecimiento-de-cuerpo-y-transferencia-en-la-clinica-psicoanalitica","status":"publish","type":"avada_portfolio","link":"https:\/\/enapol.com\/vi\/portfolio-items\/acontecimiento-de-cuerpo-y-transferencia-en-la-clinica-psicoanalitica\/","title":{"rendered":"Acontecimiento de cuerpo y transferencia en la cl\u00ednica psicoanal\u00edtica"},"content":{"rendered":"<p><div class=\"fusion-fullwidth fullwidth-box fusion-builder-row-1 fusion-flex-container nonhundred-percent-fullwidth non-hundred-percent-height-scrolling\" style=\"--awb-border-radius-top-left:0px;--awb-border-radius-top-right:0px;--awb-border-radius-bottom-right:0px;--awb-border-radius-bottom-left:0px;--awb-flex-wrap:wrap;\" ><div class=\"fusion-builder-row fusion-row fusion-flex-align-items-flex-start fusion-flex-content-wrap\" style=\"max-width:1352px;margin-left: calc(-4% \/ 2 );margin-right: calc(-4% \/ 2 );\"><div class=\"fusion-layout-column fusion_builder_column fusion-builder-column-0 fusion_builder_column_1_2 1_2 fusion-flex-column\" style=\"--awb-bg-size:cover;--awb-width-large:50%;--awb-margin-top-large:0px;--awb-spacing-right-large:3.84%;--awb-margin-bottom-large:20px;--awb-spacing-left-large:3.84%;--awb-width-medium:100%;--awb-order-medium:0;--awb-spacing-right-medium:1.92%;--awb-spacing-left-medium:1.92%;--awb-width-small:100%;--awb-order-small:0;--awb-spacing-right-small:1.92%;--awb-spacing-left-small:1.92%;\"><div class=\"fusion-column-wrapper fusion-column-has-shadow fusion-flex-justify-content-flex-start fusion-content-layout-column\"><div class=\"fusion-image-element \" style=\"text-align:left;--awb-bottom-shadow-color:rgba(0,0,0,0.4);--awb-caption-title-font-family:var(--h2_typography-font-family);--awb-caption-title-font-weight:var(--h2_typography-font-weight);--awb-caption-title-font-style:var(--h2_typography-font-style);--awb-caption-title-size:var(--h2_typography-font-size);--awb-caption-title-transform:var(--h2_typography-text-transform);--awb-caption-title-line-height:var(--h2_typography-line-height);--awb-caption-title-letter-spacing:var(--h2_typography-letter-spacing);\"><div class=\"awb-image-frame awb-image-frame-1 awb-bottomshadow\"><span class=\" fusion-imageframe imageframe-bottomshadow imageframe-1 hover-type-none\"><img decoding=\"async\" width=\"300\" height=\"200\" title=\"Tania-Abreu\" src=\"http:\/\/enapol.com\/vi\/wp-content\/uploads\/sites\/8\/2021\/08\/Tania-Abreu.jpg\" alt class=\"img-responsive wp-image-527\" srcset=\"https:\/\/enapol.com\/vi\/wp-content\/uploads\/sites\/8\/2021\/08\/Tania-Abreu-200x133.jpg 200w, https:\/\/enapol.com\/vi\/wp-content\/uploads\/sites\/8\/2021\/08\/Tania-Abreu.jpg 300w\" sizes=\"(max-width: 1024px) 100vw, (max-width: 640px) 100vw, 300px\" \/><\/span><svg xmlns=\"http:\/\/www.w3.org\/2000\/svg\" version=\"1.1\" width=\"100%\" viewBox=\"0 0 600 28\" preserveAspectRatio=\"none\"><g clip-path=\"url(#a)\"><mask id=\"b\" style=\"mask-type:luminance\" maskUnits=\"userSpaceOnUse\" x=\"0\" y=\"0\" width=\"600\" height=\"28\"><path d=\"M0 0h600v28H0V0Z\" fill=\"#fff\"\/><\/mask><g filter=\"url(#c)\" mask=\"url(#b)\"><path d=\"M16.439-18.667h567.123v30.8S438.961-8.4 300-8.4C161.04-8.4 16.438 12.133 16.438 12.133v-30.8Z\" fill=\"#000\"\/><\/g><\/g><defs><clipPath id=\"a\"><path fill=\"#fff\" d=\"M0 0h600v28H0z\"\/><\/clipPath><filter id=\"c\" x=\"5.438\" y=\"-29.667\" width=\"589.123\" height=\"52.8\" filterUnits=\"userSpaceOnUse\" color-interpolation-filters=\"sRGB\"><feFlood flood-opacity=\"0\" result=\"BackgroundImageFix\"\/><feBlend in=\"SourceGraphic\" in2=\"BackgroundImageFix\" result=\"shape\"\/><feGaussianBlur stdDeviation=\"5.5\" result=\"effect1_foregroundBlur_3983_183\"\/><\/filter><\/defs><\/svg><\/div><\/div><div class=\"fusion-separator fusion-full-width-sep\" style=\"align-self: center;margin-left: auto;margin-right: auto;margin-top:5px;margin-bottom:5px;width:100%;\"><\/div><div class=\"fusion-title title fusion-title-1 fusion-sep-none fusion-title-text fusion-title-size-three\" style=\"--awb-margin-bottom:0px;\"><h3 class=\"fusion-title-heading title-heading-left fusion-responsive-typography-calculated\" style=\"margin:0;--fontSize:30;line-height:1.3;\">T\u00e2nia Abreu<\/h3><\/div><div class=\"fusion-text fusion-text-1\"><p style=\"text-align: left;\"><strong>EBP<\/strong><\/p>\n<\/div><\/div><\/div><div class=\"fusion-layout-column fusion_builder_column fusion-builder-column-1 fusion_builder_column_1_2 1_2 fusion-flex-column\" style=\"--awb-bg-size:cover;--awb-width-large:50%;--awb-margin-top-large:0px;--awb-spacing-right-large:3.84%;--awb-margin-bottom-large:20px;--awb-spacing-left-large:3.84%;--awb-width-medium:100%;--awb-order-medium:0;--awb-spacing-right-medium:1.92%;--awb-spacing-left-medium:1.92%;--awb-width-small:100%;--awb-order-small:0;--awb-spacing-right-small:1.92%;--awb-spacing-left-small:1.92%;\"><div class=\"fusion-column-wrapper fusion-column-has-shadow fusion-flex-justify-content-flex-start fusion-content-layout-column\"><\/div><\/div><\/div><\/div><div class=\"fusion-fullwidth fullwidth-box fusion-builder-row-2 fusion-flex-container nonhundred-percent-fullwidth non-hundred-percent-height-scrolling\" style=\"--awb-border-radius-top-left:0px;--awb-border-radius-top-right:0px;--awb-border-radius-bottom-right:0px;--awb-border-radius-bottom-left:0px;--awb-flex-wrap:wrap;\" ><div class=\"fusion-builder-row fusion-row fusion-flex-align-items-flex-start fusion-flex-content-wrap\" style=\"max-width:1352px;margin-left: calc(-4% \/ 2 );margin-right: calc(-4% \/ 2 );\"><div class=\"fusion-layout-column fusion_builder_column fusion-builder-column-2 fusion_builder_column_1_1 1_1 fusion-flex-column\" style=\"--awb-bg-size:cover;--awb-width-large:100%;--awb-margin-top-large:0px;--awb-spacing-right-large:1.92%;--awb-margin-bottom-large:20px;--awb-spacing-left-large:1.92%;--awb-width-medium:100%;--awb-order-medium:0;--awb-spacing-right-medium:1.92%;--awb-spacing-left-medium:1.92%;--awb-width-small:100%;--awb-order-small:0;--awb-spacing-right-small:1.92%;--awb-spacing-left-small:1.92%;\"><div class=\"fusion-column-wrapper fusion-column-has-shadow fusion-flex-justify-content-flex-start fusion-content-layout-column\"><div class=\"fusion-separator fusion-full-width-sep\" style=\"align-self: center;margin-left: auto;margin-right: auto;margin-top:10px;margin-bottom:10px;width:100%;\"><\/div><div class=\"fusion-text fusion-text-2\"><div class=\"Parrafo\">\n<p style=\"text-align: justify;\">La cl\u00ednica con autistas exige del analista una postura activa e inventiva, sobre todo en una \u00e9poca en que la ciencia y su todo-saber intentan inyectar soluciones donde el lenguaje hace agujero. As\u00ed, algunos \u00edndices que observaba en esta cl\u00ednica se desplazaron del campo de la inquietud a una b\u00fasqueda de formalizaci\u00f3n a trav\u00e9s de articulaciones entre acontecimiento de cuerpo y transferencia.<\/p>\n<p style=\"text-align: justify;\"><b>1. Autismo: cl\u00ednica de lo real<\/b><br \/>\nAnsermet [1] advierte que el autismo es una patolog\u00eda lim\u00edtrofe entre la medicina y el psicoan\u00e1lisis ya que acciona las cuestiones de una cl\u00ednica de lo real. Propone que pensemos una continuidad entre la dimensi\u00f3n del organismo y la del sujeto. Pensado as\u00ed, el autista estar\u00eda en la frontera del lenguaje, confrontado a sus leyes, pero petrificado por ellas.<\/p>\n<p style=\"text-align: justify;\"><b>2. Acontecimiento de cuerpo: una fijaci\u00f3n<\/b><br \/>\nPara Laurent hablar no es un acto cognitivo, sino algo del orden de una extracci\u00f3n (<i>arrachement<\/i>) en lo real, de una mutilaci\u00f3n. El encuentro con la palabra para el sujeto autista tiene el efecto de un \u00abgolpe\u00bb en su goce de cuerpo vivo, que lo deja al servicio del Uno de goce que no se puede apagar.<\/p>\n<p style=\"text-align: justify;\">\u00ab\u2026 en el campo del espectro de los autismos, el Uno del goce no puede ser borrado; no se borra esa marca del acontecimiento de cuerpo. El acontecimiento de cuerpo es esto: una palabra es pronunciada, y el ni\u00f1o queda sometido a un horror particular, como indic\u00f3 el doctor Lacan en la\u00a0<i>Conferencia de Ginebra sobre el s\u00edntoma\u00bb\u00a0<\/i>[2]. Ese Uno que no se borra marca el cuerpo como un cuerpo que goza de s\u00ed mismo en un m\u00e1s all\u00e1 del Principio del Placer. En las distintas pr\u00e1cticas de los sujetos autistas con su cuerpo, con las cuales intentan estabilizar su relaci\u00f3n con el acontecimiento de cuerpo, vemos la demostraci\u00f3n, por un lado, del modo en que el cuerpo es invadido por un goce pleno y, por otro, el hecho de que esos sujetos intentan extraer algo del cuerpo [3].<\/p>\n<p style=\"text-align: justify;\"><b>3. Vi\u00f1eta cl\u00ednica<\/b><br \/>\nVeamos el caso de Jos\u00e9, quien a los tres a\u00f1os, se enfrenta con la falta simb\u00f3lica, con el Otro que dice \u00abno\u00bb y se provoca v\u00f3mitos poni\u00e9ndose el dedo en la garganta y llora mucho. El ni\u00f1o autista tiene acceso directo a lo real al cual nada le falta, y que obliga al sujeto a agujerearlo. El llanto y el v\u00f3mito tendr\u00edan esa funci\u00f3n de vaciamiento de lo Real pleno de goce invasivo que configura el acontecimiento de cuerpo.<\/p>\n<p style=\"text-align: justify;\">La iteraci\u00f3n del Uno de goce en el campo del autismo no conduce a que se borre el acontecimiento de goce. Esa prevalencia del Uno genera una fijeza que se expresa en el autismo como un exceso de goce en un cuerpo en el cual el\u00a0<i>a\u00a0<\/i>no tuvo la funci\u00f3n de hacer borde. Como defensa, el autista se encapsula, crea barreras a la aproximaci\u00f3n del Otro y sus objetos que no funcionan como objetos pulsiones, sino como objetos reales que se caracterizan por una presencia excesiva.<\/p>\n<p style=\"text-align: justify;\">La elecci\u00f3n de los objetos aut\u00edsticos, que no funcionan como monedas de cambio, sino como complementos del cuerpo sin forma, adquieren el estatuto de borde entre el cuerpo y el mundo exterior. Para Jos\u00e9 la elecci\u00f3n recay\u00f3 sobre los carros y sus ruedas que detienen su mirada de manera privilegiada.<\/p>\n<p style=\"text-align: justify;\"><b>4. Transferencia: una invenci\u00f3n<\/b><br \/>\nLa transferencia no se instala por la v\u00eda del sujeto supuesto saber, sino por la modulaci\u00f3n de la voz, por las posibilidades que el analista tiene de \u00abaceptar los tratamientos posibles de lo insoportable del Uno de la lengua sobre el cuerpo\u00bb [4]. El analista, al acoger esta singularidad, act\u00faa \u00abpermitiendo un registro de la letra lo m\u00e1s amplio posible\u00bb [5].<\/p>\n<p style=\"text-align: justify;\">El trabajo transferencial se inici\u00f3 cuando los padres informaron que Jos\u00e9 se mostraba interesado por el l\u00e1piz y el papel. De a poco, el analista percibi\u00f3 inter\u00e9s por los movimientos circulares y por los carritos. Dibuja c\u00edrculos y emite la palabra \u00abpelota\u2026\u00bb, \u00abpelota\u2026\u00bb, siempre con la misma entonaci\u00f3n. Jos\u00e9 acepta el juego y dibuja.<\/p>\n<p style=\"text-align: justify;\">El efecto fue la adquisici\u00f3n de nuevos vocablos a trav\u00e9s del alojamiento del inter\u00e9s por el movimiento circular circunscrito al papel y configurado en la elecci\u00f3n de los \u00abcarritos\u00bb como objeto aut\u00edstico. Una elasticidad en relaci\u00f3n con el encuentro traum\u00e1tico que Jos\u00e9 tuvo con la palabra, acontecimiento de cuerpo que caus\u00f3 cierto apaciguamiento de la angustia y del deslizamiento meton\u00edmico.<\/p>\n<\/div>\n<div id=\"CITAS\">\n<hr \/>\n<p style=\"text-align: justify;\">Traducci\u00f3n: Laura Arias<\/p>\n<ol>\n<li style=\"text-align: justify;\">Ansermet, F., \u00abAutismo e resposta do sujeito\u00bb,\u00a0<i>A Cl\u00ednica da Origem: a crian\u00e7a entre a medicina e a psican\u00e1lise,<\/i>\u00a0cap. 5, Contracapa, RJ, 2003, pp. 81 a 94.<\/li>\n<li style=\"text-align: justify;\">Lacan, J., \u00abLacan, J., \u00abConferencia en Ginebra sobre el s\u00edntoma\u00bb,\u00a0<i>Intervenciones y textos<\/i>\u00a02, Manantial, Bs. As., 1988.<\/li>\n<li style=\"text-align: justify;\">Laurent, \u00c9., \u00abO que nos ensinam os autistas\u00bb,\u00a0<i>Autismo(s) e atualidade: Uma leitura lacaniana,<\/i>\u00a0org(s): Murta, Ahttp:\/\/www.enapol.com\/es\/Calmon, Ahttp:\/\/www.enapol.com\/es\/ Rosa, M., Scriptum Livros, BH, 2012, p. 28.<\/li>\n<li style=\"text-align: justify;\">Ibid., p.36.<\/li>\n<li style=\"text-align: justify;\">Ibid., p.37.<\/li>\n<\/ol>\n<\/div>\n<\/div><\/div><\/div><\/div><\/div><\/p>\n","protected":false},"excerpt":{"rendered":"<p>T\u00e2nia Abreu<\/p>\n","protected":false},"author":1,"featured_media":527,"menu_order":0,"comment_status":"open","ping_status":"closed","template":"","format":"standard","meta":{"_monsterinsights_skip_tracking":false,"_monsterinsights_sitenote_active":false,"_monsterinsights_sitenote_note":"","_monsterinsights_sitenote_category":0,"footnotes":""},"portfolio_category":[62],"portfolio_skills":[],"portfolio_tags":[],"_links":{"self":[{"href":"https:\/\/enapol.com\/vi\/wp-json\/wp\/v2\/avada_portfolio\/526"}],"collection":[{"href":"https:\/\/enapol.com\/vi\/wp-json\/wp\/v2\/avada_portfolio"}],"about":[{"href":"https:\/\/enapol.com\/vi\/wp-json\/wp\/v2\/types\/avada_portfolio"}],"author":[{"embeddable":true,"href":"https:\/\/enapol.com\/vi\/wp-json\/wp\/v2\/users\/1"}],"replies":[{"embeddable":true,"href":"https:\/\/enapol.com\/vi\/wp-json\/wp\/v2\/comments?post=526"}],"version-history":[{"count":1,"href":"https:\/\/enapol.com\/vi\/wp-json\/wp\/v2\/avada_portfolio\/526\/revisions"}],"predecessor-version":[{"id":528,"href":"https:\/\/enapol.com\/vi\/wp-json\/wp\/v2\/avada_portfolio\/526\/revisions\/528"}],"wp:featuredmedia":[{"embeddable":true,"href":"https:\/\/enapol.com\/vi\/wp-json\/wp\/v2\/media\/527"}],"wp:attachment":[{"href":"https:\/\/enapol.com\/vi\/wp-json\/wp\/v2\/media?parent=526"}],"wp:term":[{"taxonomy":"portfolio_category","embeddable":true,"href":"https:\/\/enapol.com\/vi\/wp-json\/wp\/v2\/portfolio_category?post=526"},{"taxonomy":"portfolio_skills","embeddable":true,"href":"https:\/\/enapol.com\/vi\/wp-json\/wp\/v2\/portfolio_skills?post=526"},{"taxonomy":"portfolio_tags","embeddable":true,"href":"https:\/\/enapol.com\/vi\/wp-json\/wp\/v2\/portfolio_tags?post=526"}],"curies":[{"name":"wp","href":"https:\/\/api.w.org\/{rel}","templated":true}]}}

Acontecimiento de cuerpo y transferencia en la clínica psicoanalítica

<p><div class="fusion-fullwidth fullwidth-box fusion-builder-row-1 fusion-flex-container nonhundred-percent-fullwidth non-hundred-percent-height-scrolling" style="--awb-border-radius-top-left:0px;--awb-border-radius-top-right:0px;--awb-border-radius-bottom-right:0px;--awb-border-radius-bottom-left:0px;--awb-flex-wrap:wrap;" ><div class="fusion-builder-row fusion-row fusion-flex-align-items-flex-start fusion-flex-content-wrap" style="max-width:1352px;margin-left: calc(-4% / 2 );margin-right: calc(-4% / 2 );"><div class="fusion-layout-column fusion_builder_column fusion-builder-column-0 fusion_builder_column_1_2 1_2 fusion-flex-column" style="--awb-bg-size:cover;--awb-width-large:50%;--awb-margin-top-large:0px;--awb-spacing-right-large:3.84%;--awb-margin-bottom-large:20px;--awb-spacing-left-large:3.84%;--awb-width-medium:100%;--awb-order-medium:0;--awb-spacing-right-medium:1.92%;--awb-spacing-left-medium:1.92%;--awb-width-small:100%;--awb-order-small:0;--awb-spacing-right-small:1.92%;--awb-spacing-left-small:1.92%;"><div class="fusion-column-wrapper fusion-column-has-shadow fusion-flex-justify-content-flex-start fusion-content-layout-column"><div class="fusion-image-element " style="text-align:left;--awb-bottom-shadow-color:rgba(0,0,0,0.4);--awb-caption-title-font-family:var(--h2_typography-font-family);--awb-caption-title-font-weight:var(--h2_typography-font-weight);--awb-caption-title-font-style:var(--h2_typography-font-style);--awb-caption-title-size:var(--h2_typography-font-size);--awb-caption-title-transform:var(--h2_typography-text-transform);--awb-caption-title-line-height:var(--h2_typography-line-height);--awb-caption-title-letter-spacing:var(--h2_typography-letter-spacing);"><div class="awb-image-frame awb-image-frame-1 awb-bottomshadow"><span class=" fusion-imageframe imageframe-bottomshadow imageframe-1 hover-type-none"><img decoding="async" width="300" height="200" title="Tania-Abreu" src="http://enapol.com/vi/wp-content/uploads/sites/8/2021/08/Tania-Abreu.jpg" alt class="img-responsive wp-image-527" srcset="https://enapol.com/vi/wp-content/uploads/sites/8/2021/08/Tania-Abreu-200x133.jpg 200w, https://enapol.com/vi/wp-content/uploads/sites/8/2021/08/Tania-Abreu.jpg 300w" sizes="(max-width: 1024px) 100vw, (max-width: 640px) 100vw, 300px" /></span><svg xmlns="http://www.w3.org/2000/svg" version="1.1" width="100%" viewBox="0 0 600 28" preserveAspectRatio="none"><g clip-path="url(#a)"><mask id="b" style="mask-type:luminance" maskUnits="userSpaceOnUse" x="0" y="0" width="600" height="28"><path d="M0 0h600v28H0V0Z" fill="#fff"/></mask><g filter="url(#c)" mask="url(#b)"><path d="M16.439-18.667h567.123v30.8S438.961-8.4 300-8.4C161.04-8.4 16.438 12.133 16.438 12.133v-30.8Z" fill="#000"/></g></g><defs><clipPath id="a"><path fill="#fff" d="M0 0h600v28H0z"/></clipPath><filter id="c" x="5.438" y="-29.667" width="589.123" height="52.8" filterUnits="userSpaceOnUse" color-interpolation-filters="sRGB"><feFlood flood-opacity="0" result="BackgroundImageFix"/><feBlend in="SourceGraphic" in2="BackgroundImageFix" result="shape"/><feGaussianBlur stdDeviation="5.5" result="effect1_foregroundBlur_3983_183"/></filter></defs></svg></div></div><div class="fusion-separator fusion-full-width-sep" style="align-self: center;margin-left: auto;margin-right: auto;margin-top:5px;margin-bottom:5px;width:100%;"></div><div class="fusion-title title fusion-title-1 fusion-sep-none fusion-title-text fusion-title-size-three" style="--awb-margin-bottom:0px;"><h3 class="fusion-title-heading title-heading-left fusion-responsive-typography-calculated" style="margin:0;--fontSize:30;line-height:1.3;">Tânia Abreu</h3></div><div class="fusion-text fusion-text-1"><p style="text-align: left;"><strong>EBP</strong></p>
</div></div></div><div class="fusion-layout-column fusion_builder_column fusion-builder-column-1 fusion_builder_column_1_2 1_2 fusion-flex-column" style="--awb-bg-size:cover;--awb-width-large:50%;--awb-margin-top-large:0px;--awb-spacing-right-large:3.84%;--awb-margin-bottom-large:20px;--awb-spacing-left-large:3.84%;--awb-width-medium:100%;--awb-order-medium:0;--awb-spacing-right-medium:1.92%;--awb-spacing-left-medium:1.92%;--awb-width-small:100%;--awb-order-small:0;--awb-spacing-right-small:1.92%;--awb-spacing-left-small:1.92%;"><div class="fusion-column-wrapper fusion-column-has-shadow fusion-flex-justify-content-flex-start fusion-content-layout-column"></div></div></div></div><div class="fusion-fullwidth fullwidth-box fusion-builder-row-2 fusion-flex-container nonhundred-percent-fullwidth non-hundred-percent-height-scrolling" style="--awb-border-radius-top-left:0px;--awb-border-radius-top-right:0px;--awb-border-radius-bottom-right:0px;--awb-border-radius-bottom-left:0px;--awb-flex-wrap:wrap;" ><div class="fusion-builder-row fusion-row fusion-flex-align-items-flex-start fusion-flex-content-wrap" style="max-width:1352px;margin-left: calc(-4% / 2 );margin-right: calc(-4% / 2 );"><div class="fusion-layout-column fusion_builder_column fusion-builder-column-2 fusion_builder_column_1_1 1_1 fusion-flex-column" style="--awb-bg-size:cover;--awb-width-large:100%;--awb-margin-top-large:0px;--awb-spacing-right-large:1.92%;--awb-margin-bottom-large:20px;--awb-spacing-left-large:1.92%;--awb-width-medium:100%;--awb-order-medium:0;--awb-spacing-right-medium:1.92%;--awb-spacing-left-medium:1.92%;--awb-width-small:100%;--awb-order-small:0;--awb-spacing-right-small:1.92%;--awb-spacing-left-small:1.92%;"><div class="fusion-column-wrapper fusion-column-has-shadow fusion-flex-justify-content-flex-start fusion-content-layout-column"><div class="fusion-separator fusion-full-width-sep" style="align-self: center;margin-left: auto;margin-right: auto;margin-top:10px;margin-bottom:10px;width:100%;"></div><div class="fusion-text fusion-text-2"><div class="Parrafo">
<p style="text-align: justify;">La clínica con autistas exige del analista una postura activa e inventiva, sobre todo en una época en que la ciencia y su todo-saber intentan inyectar soluciones donde el lenguaje hace agujero. Así, algunos índices que observaba en esta clínica se desplazaron del campo de la inquietud a una búsqueda de formalización a través de articulaciones entre acontecimiento de cuerpo y transferencia.</p>
<p style="text-align: justify;"><b>1. Autismo: clínica de lo real</b><br />
Ansermet [1] advierte que el autismo es una patología limítrofe entre la medicina y el psicoanálisis ya que acciona las cuestiones de una clínica de lo real. Propone que pensemos una continuidad entre la dimensión del organismo y la del sujeto. Pensado así, el autista estaría en la frontera del lenguaje, confrontado a sus leyes, pero petrificado por ellas.</p>
<p style="text-align: justify;"><b>2. Acontecimiento de cuerpo: una fijación</b><br />
Para Laurent hablar no es un acto cognitivo, sino algo del orden de una extracción (<i>arrachement</i>) en lo real, de una mutilación. El encuentro con la palabra para el sujeto autista tiene el efecto de un «golpe» en su goce de cuerpo vivo, que lo deja al servicio del Uno de goce que no se puede apagar.</p>
<p style="text-align: justify;">«… en el campo del espectro de los autismos, el Uno del goce no puede ser borrado; no se borra esa marca del acontecimiento de cuerpo. El acontecimiento de cuerpo es esto: una palabra es pronunciada, y el niño queda sometido a un horror particular, como indicó el doctor Lacan en la <i>Conferencia de Ginebra sobre el síntoma» </i>[2]. Ese Uno que no se borra marca el cuerpo como un cuerpo que goza de sí mismo en un más allá del Principio del Placer. En las distintas prácticas de los sujetos autistas con su cuerpo, con las cuales intentan estabilizar su relación con el acontecimiento de cuerpo, vemos la demostración, por un lado, del modo en que el cuerpo es invadido por un goce pleno y, por otro, el hecho de que esos sujetos intentan extraer algo del cuerpo [3].</p>
<p style="text-align: justify;"><b>3. Viñeta clínica</b><br />
Veamos el caso de José, quien a los tres años, se enfrenta con la falta simbólica, con el Otro que dice «no» y se provoca vómitos poniéndose el dedo en la garganta y llora mucho. El niño autista tiene acceso directo a lo real al cual nada le falta, y que obliga al sujeto a agujerearlo. El llanto y el vómito tendrían esa función de vaciamiento de lo Real pleno de goce invasivo que configura el acontecimiento de cuerpo.</p>
<p style="text-align: justify;">La iteración del Uno de goce en el campo del autismo no conduce a que se borre el acontecimiento de goce. Esa prevalencia del Uno genera una fijeza que se expresa en el autismo como un exceso de goce en un cuerpo en el cual el <i>a </i>no tuvo la función de hacer borde. Como defensa, el autista se encapsula, crea barreras a la aproximación del Otro y sus objetos que no funcionan como objetos pulsiones, sino como objetos reales que se caracterizan por una presencia excesiva.</p>
<p style="text-align: justify;">La elección de los objetos autísticos, que no funcionan como monedas de cambio, sino como complementos del cuerpo sin forma, adquieren el estatuto de borde entre el cuerpo y el mundo exterior. Para José la elección recayó sobre los carros y sus ruedas que detienen su mirada de manera privilegiada.</p>
<p style="text-align: justify;"><b>4. Transferencia: una invención</b><br />
La transferencia no se instala por la vía del sujeto supuesto saber, sino por la modulación de la voz, por las posibilidades que el analista tiene de «aceptar los tratamientos posibles de lo insoportable del Uno de la lengua sobre el cuerpo» [4]. El analista, al acoger esta singularidad, actúa «permitiendo un registro de la letra lo más amplio posible» [5].</p>
<p style="text-align: justify;">El trabajo transferencial se inició cuando los padres informaron que José se mostraba interesado por el lápiz y el papel. De a poco, el analista percibió interés por los movimientos circulares y por los carritos. Dibuja círculos y emite la palabra «pelota…», «pelota…», siempre con la misma entonación. José acepta el juego y dibuja.</p>
<p style="text-align: justify;">El efecto fue la adquisición de nuevos vocablos a través del alojamiento del interés por el movimiento circular circunscrito al papel y configurado en la elección de los «carritos» como objeto autístico. Una elasticidad en relación con el encuentro traumático que José tuvo con la palabra, acontecimiento de cuerpo que causó cierto apaciguamiento de la angustia y del deslizamiento metonímico.</p>
</div>
<div id="CITAS">
<hr />
<p style="text-align: justify;">Traducción: Laura Arias</p>
<ol>
<li style="text-align: justify;">Ansermet, F., «Autismo e resposta do sujeito», <i>A Clínica da Origem: a criança entre a medicina e a psicanálise,</i> cap. 5, Contracapa, RJ, 2003, pp. 81 a 94.</li>
<li style="text-align: justify;">Lacan, J., «Lacan, J., «Conferencia en Ginebra sobre el síntoma», <i>Intervenciones y textos</i> 2, Manantial, Bs. As., 1988.</li>
<li style="text-align: justify;">Laurent, É., «O que nos ensinam os autistas», <i>Autismo(s) e atualidade: Uma leitura lacaniana,</i> org(s): Murta, Ahttp://www.enapol.com/es/Calmon, Ahttp://www.enapol.com/es/ Rosa, M., Scriptum Livros, BH, 2012, p. 28.</li>
<li style="text-align: justify;">Ibid., p.36.</li>
<li style="text-align: justify;">Ibid., p.37.</li>
</ol>
</div>
</div></div></div></div></div></p>

<p>Tânia Abreu</p>
