{"id":634,"date":"2021-08-16T01:56:55","date_gmt":"2021-08-16T04:56:55","guid":{"rendered":"http:\/\/x-enapol.org\/vi\/?post_type=avada_portfolio&#038;p=634"},"modified":"2021-08-16T01:56:55","modified_gmt":"2021-08-16T04:56:55","slug":"nao-ha-dieta-para-a-pulsao-de-morte","status":"publish","type":"avada_portfolio","link":"https:\/\/enapol.com\/vi\/pt\/portfolio-items\/nao-ha-dieta-para-a-pulsao-de-morte\/","title":{"rendered":"N\u00e3o h\u00e1 dieta para a puls\u00e3o de morte"},"content":{"rendered":"<p><div class=\"fusion-fullwidth fullwidth-box fusion-builder-row-1 fusion-flex-container nonhundred-percent-fullwidth non-hundred-percent-height-scrolling\" style=\"--awb-border-radius-top-left:0px;--awb-border-radius-top-right:0px;--awb-border-radius-bottom-right:0px;--awb-border-radius-bottom-left:0px;--awb-flex-wrap:wrap;\" ><div class=\"fusion-builder-row fusion-row fusion-flex-align-items-flex-start fusion-flex-content-wrap\" style=\"max-width:1352px;margin-left: calc(-4% \/ 2 );margin-right: calc(-4% \/ 2 );\"><div class=\"fusion-layout-column fusion_builder_column fusion-builder-column-0 fusion_builder_column_1_2 1_2 fusion-flex-column\" style=\"--awb-bg-size:cover;--awb-width-large:50%;--awb-margin-top-large:0px;--awb-spacing-right-large:3.84%;--awb-margin-bottom-large:20px;--awb-spacing-left-large:3.84%;--awb-width-medium:100%;--awb-order-medium:0;--awb-spacing-right-medium:1.92%;--awb-spacing-left-medium:1.92%;--awb-width-small:100%;--awb-order-small:0;--awb-spacing-right-small:1.92%;--awb-spacing-left-small:1.92%;\"><div class=\"fusion-column-wrapper fusion-column-has-shadow fusion-flex-justify-content-flex-start fusion-content-layout-column\"><div class=\"fusion-image-element \" style=\"text-align:left;--awb-bottom-shadow-color:rgba(0,0,0,0.4);--awb-caption-title-font-family:var(--h2_typography-font-family);--awb-caption-title-font-weight:var(--h2_typography-font-weight);--awb-caption-title-font-style:var(--h2_typography-font-style);--awb-caption-title-size:var(--h2_typography-font-size);--awb-caption-title-transform:var(--h2_typography-text-transform);--awb-caption-title-line-height:var(--h2_typography-line-height);--awb-caption-title-letter-spacing:var(--h2_typography-letter-spacing);\"><div class=\"awb-image-frame awb-image-frame-1 awb-bottomshadow\"><span class=\" fusion-imageframe imageframe-bottomshadow imageframe-1 hover-type-none\"><img decoding=\"async\" width=\"300\" height=\"200\" title=\"Cristina-Drummond\" src=\"http:\/\/enapol.com\/vi\/wp-content\/uploads\/sites\/8\/2021\/08\/Cristina-Drummond.jpg\" alt class=\"img-responsive wp-image-632\" srcset=\"https:\/\/enapol.com\/vi\/wp-content\/uploads\/sites\/8\/2021\/08\/Cristina-Drummond-200x133.jpg 200w, https:\/\/enapol.com\/vi\/wp-content\/uploads\/sites\/8\/2021\/08\/Cristina-Drummond.jpg 300w\" sizes=\"(max-width: 1024px) 100vw, (max-width: 640px) 100vw, 300px\" \/><\/span><svg xmlns=\"http:\/\/www.w3.org\/2000\/svg\" version=\"1.1\" width=\"100%\" viewBox=\"0 0 600 28\" preserveAspectRatio=\"none\"><g clip-path=\"url(#a)\"><mask id=\"b\" style=\"mask-type:luminance\" maskUnits=\"userSpaceOnUse\" x=\"0\" y=\"0\" width=\"600\" height=\"28\"><path d=\"M0 0h600v28H0V0Z\" fill=\"#fff\"\/><\/mask><g filter=\"url(#c)\" mask=\"url(#b)\"><path d=\"M16.439-18.667h567.123v30.8S438.961-8.4 300-8.4C161.04-8.4 16.438 12.133 16.438 12.133v-30.8Z\" fill=\"#000\"\/><\/g><\/g><defs><clipPath id=\"a\"><path fill=\"#fff\" d=\"M0 0h600v28H0z\"\/><\/clipPath><filter id=\"c\" x=\"5.438\" y=\"-29.667\" width=\"589.123\" height=\"52.8\" filterUnits=\"userSpaceOnUse\" color-interpolation-filters=\"sRGB\"><feFlood flood-opacity=\"0\" result=\"BackgroundImageFix\"\/><feBlend in=\"SourceGraphic\" in2=\"BackgroundImageFix\" result=\"shape\"\/><feGaussianBlur stdDeviation=\"5.5\" result=\"effect1_foregroundBlur_3983_183\"\/><\/filter><\/defs><\/svg><\/div><\/div><div class=\"fusion-separator fusion-full-width-sep\" style=\"align-self: center;margin-left: auto;margin-right: auto;margin-top:5px;margin-bottom:5px;width:100%;\"><\/div><div class=\"fusion-title title fusion-title-1 fusion-sep-none fusion-title-text fusion-title-size-three\" style=\"--awb-margin-bottom:0px;\"><h3 class=\"fusion-title-heading title-heading-left fusion-responsive-typography-calculated\" style=\"margin:0;--fontSize:30;line-height:1.3;\">Cristina Drummond<\/h3><\/div><div class=\"fusion-text fusion-text-1\"><p style=\"text-align: left;\"><strong>EBP (MG)<\/strong><\/p>\n<\/div><\/div><\/div><div class=\"fusion-layout-column fusion_builder_column fusion-builder-column-1 fusion_builder_column_1_2 1_2 fusion-flex-column\" style=\"--awb-bg-size:cover;--awb-width-large:50%;--awb-margin-top-large:0px;--awb-spacing-right-large:3.84%;--awb-margin-bottom-large:20px;--awb-spacing-left-large:3.84%;--awb-width-medium:100%;--awb-order-medium:0;--awb-spacing-right-medium:1.92%;--awb-spacing-left-medium:1.92%;--awb-width-small:100%;--awb-order-small:0;--awb-spacing-right-small:1.92%;--awb-spacing-left-small:1.92%;\"><div class=\"fusion-column-wrapper fusion-column-has-shadow fusion-flex-justify-content-flex-start fusion-content-layout-column\"><\/div><\/div><\/div><\/div><div class=\"fusion-fullwidth fullwidth-box fusion-builder-row-2 fusion-flex-container nonhundred-percent-fullwidth non-hundred-percent-height-scrolling\" style=\"--awb-border-radius-top-left:0px;--awb-border-radius-top-right:0px;--awb-border-radius-bottom-right:0px;--awb-border-radius-bottom-left:0px;--awb-flex-wrap:wrap;\" ><div class=\"fusion-builder-row fusion-row fusion-flex-align-items-flex-start fusion-flex-content-wrap\" style=\"max-width:1352px;margin-left: calc(-4% \/ 2 );margin-right: calc(-4% \/ 2 );\"><div class=\"fusion-layout-column fusion_builder_column fusion-builder-column-2 fusion_builder_column_1_1 1_1 fusion-flex-column\" style=\"--awb-bg-size:cover;--awb-width-large:100%;--awb-margin-top-large:0px;--awb-spacing-right-large:1.92%;--awb-margin-bottom-large:20px;--awb-spacing-left-large:1.92%;--awb-width-medium:100%;--awb-order-medium:0;--awb-spacing-right-medium:1.92%;--awb-spacing-left-medium:1.92%;--awb-width-small:100%;--awb-order-small:0;--awb-spacing-right-small:1.92%;--awb-spacing-left-small:1.92%;\"><div class=\"fusion-column-wrapper fusion-column-has-shadow fusion-flex-justify-content-flex-start fusion-content-layout-column\"><div class=\"fusion-separator fusion-full-width-sep\" style=\"align-self: center;margin-left: auto;margin-right: auto;margin-top:10px;margin-bottom:10px;width:100%;\"><\/div><div class=\"fusion-text fusion-text-2\"><div class=\"Parrafo\">\n<p style=\"text-align: justify;\">Depois de tomar o corpo como especular e como mortificado pelo significante, Lacan formula que a conex\u00e3o do gozo e do significante est\u00e1 ligada ao corpo. Diferentemente de Freud que situava o traum\u00e1tico na sedu\u00e7\u00e3o, na perda de amor, na amea\u00e7a de castra\u00e7\u00e3o, no \u00c9dipo, na vis\u00e3o da cena prim\u00e1ria, para Lacan h\u00e1 um encontro traum\u00e1tico e contingente com a l\u00edngua e esse acidente tem efeitos sobre o corpo do falasser.<\/p>\n<p style=\"text-align: justify;\">A formula\u00e7\u00e3o do sintoma como acontecimento de corpo ocorre a partir de Joyce porque ela implica um sujeito desabonado do inconsciente e uma no\u00e7\u00e3o de inconsciente real. Para Joyce o ego fez supl\u00eancia \u00e0 ideia de si como corpo, um narcisismo do ego substituiu o narcisismo do corpo. Assim, o sintoma n\u00e3o est\u00e1 no corpo, j\u00e1 que ningu\u00e9m \u00e9 um corpo. Lacan escreve uma barra entre S1 e S2 indicando uma desconex\u00e3o que abole o efeito de sentido e produz o Um como res\u00edduo.<\/p>\n<p style=\"text-align: justify;\">Lacan toma o exemplo de Hans e o de Mishima para dizer que o gozo f\u00e1lico \u00e9 hetero, vem de fora do corpo, \u00abrouba a cena\u00bb perturbando e colocando o sujeito a trabalho. A fobia de Hans \u00e9 sua tentativa de localizar e dar sentido a esse gozo. O tratamento incessante de Mishima pela escrita e pelas pr\u00e1ticas corporais busca ligar as palavras ao seu corpo, e sabemos que ao final a puls\u00e3o de morte reina para ele.<\/p>\n<p style=\"text-align: justify;\">Mishima desde pequeno sofria graves manifesta\u00e7\u00f5es al\u00e9rgicas apresentando frequentemente sinais de autointoxica\u00e7\u00e3o que faziam sua fam\u00edlia achar que ele iria morrer. \u00abAs pessoas contemplavam o meu cad\u00e1ver\u00bb, escreve.<\/p>\n<p style=\"text-align: justify;\">Alguns analisantes relatam que sofrem perturba\u00e7\u00f5es em seu corpo que datam de antes mesmo da fala. H\u00e1 um gozo n\u00e3o f\u00e1lico em seus corpos. S\u00e3o exemplos disso uma fobia de sangue ligada a uma transfus\u00e3o sofrida no nascimento, um sentimento de envenenamento pelo leite materno, um eczema que n\u00e3o permite que o beb\u00ea seja tocado, uma anorexia nos primeiros meses de vida, um corpo desconectado e mal sustentado pelo esqueleto entendido como efeito de ter permanecido numa incubadora. Nas otites repetidas desde os primeiros dias de vida podemos ver mais claramente a rela\u00e7\u00e3o com a palavra como som.<\/p>\n<p style=\"text-align: justify;\">Um sintoma que me parece lan\u00e7ar luz a essa rela\u00e7\u00e3o do sujeito com seu corpo \u00e9 o das dificuldades alimentares na inf\u00e2ncia. N\u00e3o s\u00e3o sintomas hist\u00e9ricos, pois datam de uma aus\u00eancia de investimento na imagem do corpo como condensadora de gozo para o sujeito. Tamb\u00e9m n\u00e3o me refiro \u00e0s recusas alimentares que encontramos nas crian\u00e7as muito pequenas para se fazerem cuidar pelo Outro. N\u00e3o se trata aqui de anorexia, mas de uma recusa de ingerir certos alimentos. S\u00e3o sintomas que t\u00eam sido tratados por dietas e medica\u00e7\u00f5es.<\/p>\n<p style=\"text-align: justify;\">Entretanto, as crian\u00e7as nos ensinam que eles est\u00e3o inseridos em hist\u00f3rias de luto, de doen\u00e7a, de morte, de impasses na subjetividade materna para a-colher uma crian\u00e7a. N\u00e3o h\u00e1 dieta para a puls\u00e3o de morte. A an\u00e1lise evidencia um trabalho de extra\u00e7\u00e3o de algo mort\u00edfero do corpo e a constru\u00e7\u00e3o de fic\u00e7\u00f5es que organizam essas experi\u00eancias correlacionando-as a sintomas posteriores que se prestam melhor \u00e0 decifra\u00e7\u00e3o.<\/p>\n<p style=\"text-align: justify;\">Comentando o relato de Sonia Chiriaco em Tel Aviv, Eric Laurent fala do encontro com a morte nos primeiros dias de vida para ela. E isso, diz ele, n\u00e3o pode ser encontrado como trauma, como real, porque o sujeito n\u00e3o tem lembran\u00e7a do que se passou. Ele diz que \u00e9 o trauma da l\u00edngua que nos faz ter acesso \u00e0 via propriamente do trauma.<\/p>\n<\/div>\n<\/div><\/div><\/div><\/div><\/div><\/p>\n","protected":false},"excerpt":{"rendered":"<p>Cristina Drummond<\/p>\n","protected":false},"author":1,"featured_media":632,"menu_order":0,"comment_status":"open","ping_status":"closed","template":"","format":"standard","meta":{"_monsterinsights_skip_tracking":false,"_monsterinsights_sitenote_active":false,"_monsterinsights_sitenote_note":"","_monsterinsights_sitenote_category":0,"footnotes":""},"portfolio_category":[82],"portfolio_skills":[],"portfolio_tags":[],"_links":{"self":[{"href":"https:\/\/enapol.com\/vi\/wp-json\/wp\/v2\/avada_portfolio\/634"}],"collection":[{"href":"https:\/\/enapol.com\/vi\/wp-json\/wp\/v2\/avada_portfolio"}],"about":[{"href":"https:\/\/enapol.com\/vi\/wp-json\/wp\/v2\/types\/avada_portfolio"}],"author":[{"embeddable":true,"href":"https:\/\/enapol.com\/vi\/wp-json\/wp\/v2\/users\/1"}],"replies":[{"embeddable":true,"href":"https:\/\/enapol.com\/vi\/wp-json\/wp\/v2\/comments?post=634"}],"version-history":[{"count":1,"href":"https:\/\/enapol.com\/vi\/wp-json\/wp\/v2\/avada_portfolio\/634\/revisions"}],"predecessor-version":[{"id":635,"href":"https:\/\/enapol.com\/vi\/wp-json\/wp\/v2\/avada_portfolio\/634\/revisions\/635"}],"wp:featuredmedia":[{"embeddable":true,"href":"https:\/\/enapol.com\/vi\/wp-json\/wp\/v2\/media\/632"}],"wp:attachment":[{"href":"https:\/\/enapol.com\/vi\/wp-json\/wp\/v2\/media?parent=634"}],"wp:term":[{"taxonomy":"portfolio_category","embeddable":true,"href":"https:\/\/enapol.com\/vi\/wp-json\/wp\/v2\/portfolio_category?post=634"},{"taxonomy":"portfolio_skills","embeddable":true,"href":"https:\/\/enapol.com\/vi\/wp-json\/wp\/v2\/portfolio_skills?post=634"},{"taxonomy":"portfolio_tags","embeddable":true,"href":"https:\/\/enapol.com\/vi\/wp-json\/wp\/v2\/portfolio_tags?post=634"}],"curies":[{"name":"wp","href":"https:\/\/api.w.org\/{rel}","templated":true}]}}

Não há dieta para a pulsão de morte

<p><div class="fusion-fullwidth fullwidth-box fusion-builder-row-1 fusion-flex-container nonhundred-percent-fullwidth non-hundred-percent-height-scrolling" style="--awb-border-radius-top-left:0px;--awb-border-radius-top-right:0px;--awb-border-radius-bottom-right:0px;--awb-border-radius-bottom-left:0px;--awb-flex-wrap:wrap;" ><div class="fusion-builder-row fusion-row fusion-flex-align-items-flex-start fusion-flex-content-wrap" style="max-width:1352px;margin-left: calc(-4% / 2 );margin-right: calc(-4% / 2 );"><div class="fusion-layout-column fusion_builder_column fusion-builder-column-0 fusion_builder_column_1_2 1_2 fusion-flex-column" style="--awb-bg-size:cover;--awb-width-large:50%;--awb-margin-top-large:0px;--awb-spacing-right-large:3.84%;--awb-margin-bottom-large:20px;--awb-spacing-left-large:3.84%;--awb-width-medium:100%;--awb-order-medium:0;--awb-spacing-right-medium:1.92%;--awb-spacing-left-medium:1.92%;--awb-width-small:100%;--awb-order-small:0;--awb-spacing-right-small:1.92%;--awb-spacing-left-small:1.92%;"><div class="fusion-column-wrapper fusion-column-has-shadow fusion-flex-justify-content-flex-start fusion-content-layout-column"><div class="fusion-image-element " style="text-align:left;--awb-bottom-shadow-color:rgba(0,0,0,0.4);--awb-caption-title-font-family:var(--h2_typography-font-family);--awb-caption-title-font-weight:var(--h2_typography-font-weight);--awb-caption-title-font-style:var(--h2_typography-font-style);--awb-caption-title-size:var(--h2_typography-font-size);--awb-caption-title-transform:var(--h2_typography-text-transform);--awb-caption-title-line-height:var(--h2_typography-line-height);--awb-caption-title-letter-spacing:var(--h2_typography-letter-spacing);"><div class="awb-image-frame awb-image-frame-1 awb-bottomshadow"><span class=" fusion-imageframe imageframe-bottomshadow imageframe-1 hover-type-none"><img decoding="async" width="300" height="200" title="Cristina-Drummond" src="http://enapol.com/vi/wp-content/uploads/sites/8/2021/08/Cristina-Drummond.jpg" alt class="img-responsive wp-image-632" srcset="https://enapol.com/vi/wp-content/uploads/sites/8/2021/08/Cristina-Drummond-200x133.jpg 200w, https://enapol.com/vi/wp-content/uploads/sites/8/2021/08/Cristina-Drummond.jpg 300w" sizes="(max-width: 1024px) 100vw, (max-width: 640px) 100vw, 300px" /></span><svg xmlns="http://www.w3.org/2000/svg" version="1.1" width="100%" viewBox="0 0 600 28" preserveAspectRatio="none"><g clip-path="url(#a)"><mask id="b" style="mask-type:luminance" maskUnits="userSpaceOnUse" x="0" y="0" width="600" height="28"><path d="M0 0h600v28H0V0Z" fill="#fff"/></mask><g filter="url(#c)" mask="url(#b)"><path d="M16.439-18.667h567.123v30.8S438.961-8.4 300-8.4C161.04-8.4 16.438 12.133 16.438 12.133v-30.8Z" fill="#000"/></g></g><defs><clipPath id="a"><path fill="#fff" d="M0 0h600v28H0z"/></clipPath><filter id="c" x="5.438" y="-29.667" width="589.123" height="52.8" filterUnits="userSpaceOnUse" color-interpolation-filters="sRGB"><feFlood flood-opacity="0" result="BackgroundImageFix"/><feBlend in="SourceGraphic" in2="BackgroundImageFix" result="shape"/><feGaussianBlur stdDeviation="5.5" result="effect1_foregroundBlur_3983_183"/></filter></defs></svg></div></div><div class="fusion-separator fusion-full-width-sep" style="align-self: center;margin-left: auto;margin-right: auto;margin-top:5px;margin-bottom:5px;width:100%;"></div><div class="fusion-title title fusion-title-1 fusion-sep-none fusion-title-text fusion-title-size-three" style="--awb-margin-bottom:0px;"><h3 class="fusion-title-heading title-heading-left fusion-responsive-typography-calculated" style="margin:0;--fontSize:30;line-height:1.3;">Cristina Drummond</h3></div><div class="fusion-text fusion-text-1"><p style="text-align: left;"><strong>EBP (MG)</strong></p>
</div></div></div><div class="fusion-layout-column fusion_builder_column fusion-builder-column-1 fusion_builder_column_1_2 1_2 fusion-flex-column" style="--awb-bg-size:cover;--awb-width-large:50%;--awb-margin-top-large:0px;--awb-spacing-right-large:3.84%;--awb-margin-bottom-large:20px;--awb-spacing-left-large:3.84%;--awb-width-medium:100%;--awb-order-medium:0;--awb-spacing-right-medium:1.92%;--awb-spacing-left-medium:1.92%;--awb-width-small:100%;--awb-order-small:0;--awb-spacing-right-small:1.92%;--awb-spacing-left-small:1.92%;"><div class="fusion-column-wrapper fusion-column-has-shadow fusion-flex-justify-content-flex-start fusion-content-layout-column"></div></div></div></div><div class="fusion-fullwidth fullwidth-box fusion-builder-row-2 fusion-flex-container nonhundred-percent-fullwidth non-hundred-percent-height-scrolling" style="--awb-border-radius-top-left:0px;--awb-border-radius-top-right:0px;--awb-border-radius-bottom-right:0px;--awb-border-radius-bottom-left:0px;--awb-flex-wrap:wrap;" ><div class="fusion-builder-row fusion-row fusion-flex-align-items-flex-start fusion-flex-content-wrap" style="max-width:1352px;margin-left: calc(-4% / 2 );margin-right: calc(-4% / 2 );"><div class="fusion-layout-column fusion_builder_column fusion-builder-column-2 fusion_builder_column_1_1 1_1 fusion-flex-column" style="--awb-bg-size:cover;--awb-width-large:100%;--awb-margin-top-large:0px;--awb-spacing-right-large:1.92%;--awb-margin-bottom-large:20px;--awb-spacing-left-large:1.92%;--awb-width-medium:100%;--awb-order-medium:0;--awb-spacing-right-medium:1.92%;--awb-spacing-left-medium:1.92%;--awb-width-small:100%;--awb-order-small:0;--awb-spacing-right-small:1.92%;--awb-spacing-left-small:1.92%;"><div class="fusion-column-wrapper fusion-column-has-shadow fusion-flex-justify-content-flex-start fusion-content-layout-column"><div class="fusion-separator fusion-full-width-sep" style="align-self: center;margin-left: auto;margin-right: auto;margin-top:10px;margin-bottom:10px;width:100%;"></div><div class="fusion-text fusion-text-2"><div class="Parrafo">
<p style="text-align: justify;">Depois de tomar o corpo como especular e como mortificado pelo significante, Lacan formula que a conexão do gozo e do significante está ligada ao corpo. Diferentemente de Freud que situava o traumático na sedução, na perda de amor, na ameaça de castração, no Édipo, na visão da cena primária, para Lacan há um encontro traumático e contingente com a língua e esse acidente tem efeitos sobre o corpo do falasser.</p>
<p style="text-align: justify;">A formulação do sintoma como acontecimento de corpo ocorre a partir de Joyce porque ela implica um sujeito desabonado do inconsciente e uma noção de inconsciente real. Para Joyce o ego fez suplência à ideia de si como corpo, um narcisismo do ego substituiu o narcisismo do corpo. Assim, o sintoma não está no corpo, já que ninguém é um corpo. Lacan escreve uma barra entre S1 e S2 indicando uma desconexão que abole o efeito de sentido e produz o Um como resíduo.</p>
<p style="text-align: justify;">Lacan toma o exemplo de Hans e o de Mishima para dizer que o gozo fálico é hetero, vem de fora do corpo, «rouba a cena» perturbando e colocando o sujeito a trabalho. A fobia de Hans é sua tentativa de localizar e dar sentido a esse gozo. O tratamento incessante de Mishima pela escrita e pelas práticas corporais busca ligar as palavras ao seu corpo, e sabemos que ao final a pulsão de morte reina para ele.</p>
<p style="text-align: justify;">Mishima desde pequeno sofria graves manifestações alérgicas apresentando frequentemente sinais de autointoxicação que faziam sua família achar que ele iria morrer. «As pessoas contemplavam o meu cadáver», escreve.</p>
<p style="text-align: justify;">Alguns analisantes relatam que sofrem perturbações em seu corpo que datam de antes mesmo da fala. Há um gozo não fálico em seus corpos. São exemplos disso uma fobia de sangue ligada a uma transfusão sofrida no nascimento, um sentimento de envenenamento pelo leite materno, um eczema que não permite que o bebê seja tocado, uma anorexia nos primeiros meses de vida, um corpo desconectado e mal sustentado pelo esqueleto entendido como efeito de ter permanecido numa incubadora. Nas otites repetidas desde os primeiros dias de vida podemos ver mais claramente a relação com a palavra como som.</p>
<p style="text-align: justify;">Um sintoma que me parece lançar luz a essa relação do sujeito com seu corpo é o das dificuldades alimentares na infância. Não são sintomas histéricos, pois datam de uma ausência de investimento na imagem do corpo como condensadora de gozo para o sujeito. Também não me refiro às recusas alimentares que encontramos nas crianças muito pequenas para se fazerem cuidar pelo Outro. Não se trata aqui de anorexia, mas de uma recusa de ingerir certos alimentos. São sintomas que têm sido tratados por dietas e medicações.</p>
<p style="text-align: justify;">Entretanto, as crianças nos ensinam que eles estão inseridos em histórias de luto, de doença, de morte, de impasses na subjetividade materna para a-colher uma criança. Não há dieta para a pulsão de morte. A análise evidencia um trabalho de extração de algo mortífero do corpo e a construção de ficções que organizam essas experiências correlacionando-as a sintomas posteriores que se prestam melhor à decifração.</p>
<p style="text-align: justify;">Comentando o relato de Sonia Chiriaco em Tel Aviv, Eric Laurent fala do encontro com a morte nos primeiros dias de vida para ela. E isso, diz ele, não pode ser encontrado como trauma, como real, porque o sujeito não tem lembrança do que se passou. Ele diz que é o trauma da língua que nos faz ter acesso à via propriamente do trauma.</p>
</div>
</div></div></div></div></div></p>
