{"id":649,"date":"2021-08-16T02:13:29","date_gmt":"2021-08-16T05:13:29","guid":{"rendered":"http:\/\/x-enapol.org\/vi\/?post_type=avada_portfolio&#038;p=649"},"modified":"2021-08-16T02:13:29","modified_gmt":"2021-08-16T05:13:29","slug":"criancas-e-pais-em-apuros","status":"publish","type":"avada_portfolio","link":"https:\/\/enapol.com\/vi\/pt\/portfolio-items\/criancas-e-pais-em-apuros\/","title":{"rendered":"Crian\u00e7as e pais \u00abem apuros\u00bb"},"content":{"rendered":"<p><div class=\"fusion-fullwidth fullwidth-box fusion-builder-row-1 fusion-flex-container nonhundred-percent-fullwidth non-hundred-percent-height-scrolling\" style=\"--awb-border-radius-top-left:0px;--awb-border-radius-top-right:0px;--awb-border-radius-bottom-right:0px;--awb-border-radius-bottom-left:0px;--awb-flex-wrap:wrap;\" ><div class=\"fusion-builder-row fusion-row fusion-flex-align-items-flex-start fusion-flex-content-wrap\" style=\"max-width:1352px;margin-left: calc(-4% \/ 2 );margin-right: calc(-4% \/ 2 );\"><div class=\"fusion-layout-column fusion_builder_column fusion-builder-column-0 fusion_builder_column_1_2 1_2 fusion-flex-column\" style=\"--awb-bg-size:cover;--awb-width-large:50%;--awb-margin-top-large:0px;--awb-spacing-right-large:3.84%;--awb-margin-bottom-large:20px;--awb-spacing-left-large:3.84%;--awb-width-medium:100%;--awb-order-medium:0;--awb-spacing-right-medium:1.92%;--awb-spacing-left-medium:1.92%;--awb-width-small:100%;--awb-order-small:0;--awb-spacing-right-small:1.92%;--awb-spacing-left-small:1.92%;\"><div class=\"fusion-column-wrapper fusion-column-has-shadow fusion-flex-justify-content-flex-start fusion-content-layout-column\"><div class=\"fusion-image-element \" style=\"text-align:left;--awb-bottom-shadow-color:rgba(0,0,0,0.4);--awb-caption-title-font-family:var(--h2_typography-font-family);--awb-caption-title-font-weight:var(--h2_typography-font-weight);--awb-caption-title-font-style:var(--h2_typography-font-style);--awb-caption-title-size:var(--h2_typography-font-size);--awb-caption-title-transform:var(--h2_typography-text-transform);--awb-caption-title-line-height:var(--h2_typography-line-height);--awb-caption-title-letter-spacing:var(--h2_typography-letter-spacing);\"><div class=\"awb-image-frame awb-image-frame-1 awb-bottomshadow\"><span class=\" fusion-imageframe imageframe-bottomshadow imageframe-1 hover-type-none\"><img decoding=\"async\" width=\"400\" height=\"300\" title=\"Mirta-Berkoff\" src=\"http:\/\/enapol.com\/vi\/wp-content\/uploads\/sites\/8\/2021\/08\/Mirta-Berkoff.jpg\" alt class=\"img-responsive wp-image-647\" srcset=\"https:\/\/enapol.com\/vi\/wp-content\/uploads\/sites\/8\/2021\/08\/Mirta-Berkoff-200x150.jpg 200w, https:\/\/enapol.com\/vi\/wp-content\/uploads\/sites\/8\/2021\/08\/Mirta-Berkoff.jpg 400w\" sizes=\"(max-width: 1024px) 100vw, (max-width: 640px) 100vw, 400px\" \/><\/span><svg xmlns=\"http:\/\/www.w3.org\/2000\/svg\" version=\"1.1\" width=\"100%\" viewBox=\"0 0 600 28\" preserveAspectRatio=\"none\"><g clip-path=\"url(#a)\"><mask id=\"b\" style=\"mask-type:luminance\" maskUnits=\"userSpaceOnUse\" x=\"0\" y=\"0\" width=\"600\" height=\"28\"><path d=\"M0 0h600v28H0V0Z\" fill=\"#fff\"\/><\/mask><g filter=\"url(#c)\" mask=\"url(#b)\"><path d=\"M16.439-18.667h567.123v30.8S438.961-8.4 300-8.4C161.04-8.4 16.438 12.133 16.438 12.133v-30.8Z\" fill=\"#000\"\/><\/g><\/g><defs><clipPath id=\"a\"><path fill=\"#fff\" d=\"M0 0h600v28H0z\"\/><\/clipPath><filter id=\"c\" x=\"5.438\" y=\"-29.667\" width=\"589.123\" height=\"52.8\" filterUnits=\"userSpaceOnUse\" color-interpolation-filters=\"sRGB\"><feFlood flood-opacity=\"0\" result=\"BackgroundImageFix\"\/><feBlend in=\"SourceGraphic\" in2=\"BackgroundImageFix\" result=\"shape\"\/><feGaussianBlur stdDeviation=\"5.5\" result=\"effect1_foregroundBlur_3983_183\"\/><\/filter><\/defs><\/svg><\/div><\/div><div class=\"fusion-separator fusion-full-width-sep\" style=\"align-self: center;margin-left: auto;margin-right: auto;margin-top:5px;margin-bottom:5px;width:100%;\"><\/div><div class=\"fusion-title title fusion-title-1 fusion-sep-none fusion-title-text fusion-title-size-three\" style=\"--awb-margin-bottom:0px;\"><h3 class=\"fusion-title-heading title-heading-left fusion-responsive-typography-calculated\" style=\"margin:0;--fontSize:30;line-height:1.3;\">Mirta Berkoff<\/h3><\/div><div class=\"fusion-text fusion-text-1\"><p style=\"text-align: left;\"><strong>EOL (Bs. As.)<\/strong><\/p>\n<\/div><\/div><\/div><div class=\"fusion-layout-column fusion_builder_column fusion-builder-column-1 fusion_builder_column_1_2 1_2 fusion-flex-column\" style=\"--awb-bg-size:cover;--awb-width-large:50%;--awb-margin-top-large:0px;--awb-spacing-right-large:3.84%;--awb-margin-bottom-large:20px;--awb-spacing-left-large:3.84%;--awb-width-medium:100%;--awb-order-medium:0;--awb-spacing-right-medium:1.92%;--awb-spacing-left-medium:1.92%;--awb-width-small:100%;--awb-order-small:0;--awb-spacing-right-small:1.92%;--awb-spacing-left-small:1.92%;\"><div class=\"fusion-column-wrapper fusion-column-has-shadow fusion-flex-justify-content-flex-start fusion-content-layout-column\"><\/div><\/div><\/div><\/div><div class=\"fusion-fullwidth fullwidth-box fusion-builder-row-2 fusion-flex-container nonhundred-percent-fullwidth non-hundred-percent-height-scrolling\" style=\"--awb-border-radius-top-left:0px;--awb-border-radius-top-right:0px;--awb-border-radius-bottom-right:0px;--awb-border-radius-bottom-left:0px;--awb-flex-wrap:wrap;\" ><div class=\"fusion-builder-row fusion-row fusion-flex-align-items-flex-start fusion-flex-content-wrap\" style=\"max-width:1352px;margin-left: calc(-4% \/ 2 );margin-right: calc(-4% \/ 2 );\"><div class=\"fusion-layout-column fusion_builder_column fusion-builder-column-2 fusion_builder_column_1_1 1_1 fusion-flex-column\" style=\"--awb-bg-size:cover;--awb-width-large:100%;--awb-margin-top-large:0px;--awb-spacing-right-large:1.92%;--awb-margin-bottom-large:20px;--awb-spacing-left-large:1.92%;--awb-width-medium:100%;--awb-order-medium:0;--awb-spacing-right-medium:1.92%;--awb-spacing-left-medium:1.92%;--awb-width-small:100%;--awb-order-small:0;--awb-spacing-right-small:1.92%;--awb-spacing-left-small:1.92%;\"><div class=\"fusion-column-wrapper fusion-column-has-shadow fusion-flex-justify-content-flex-start fusion-content-layout-column\"><div class=\"fusion-separator fusion-full-width-sep\" style=\"align-self: center;margin-left: auto;margin-right: auto;margin-top:10px;margin-bottom:10px;width:100%;\"><\/div><div class=\"fusion-text fusion-text-2\"><div class=\"Parrafo\">\n<p style=\"text-align: justify;\">Em nossa pr\u00e1tica cotidiana nos encontramos hoje com atendimentos a crian\u00e7as ditas sem limites, para as quais parece n\u00e3o funcionar uma palavra de autoridade. Por sua vez os pais, diante do vazio das normas se perguntam: como criar os filhos?<\/p>\n<p style=\"text-align: justify;\">Quando tratamos de entender esse af\u00e3 de movimento das crian\u00e7as que parecem n\u00e3o ter um ponto de basta, encontramos o discurso pr\u00f3prio do s\u00e9culo XXI que provoca por si mesmo essa acelera\u00e7\u00e3o. Temos de pensar que h\u00e1 algo de\u00a0<i>fast<\/i>\u00a0que est\u00e1 socialmente aceito e que \u00e9, inclusive, socialmente esperado.<\/p>\n<p style=\"text-align: justify;\">As crian\u00e7as de hoje n\u00e3o est\u00e3o alheias a esse impulso pr\u00f3prio do discurso de seu tempo. Saem apavoradas do col\u00e9gio para as aulas de guitarra, de dan\u00e7a, de circo, de futebol. Fazem suas tarefas escolares enquanto batem papo conectadas com infinidades de amigos virtuais. Sem d\u00favida habitamos uma \u00e9poca em que os ideais contempor\u00e2neos t\u00eam que se haver com a celeridade do surgimento de significantes novos na cultura.<\/p>\n<p style=\"text-align: justify;\">Mas o que observamos \u00e9 que, junto \u00e0 sua desmedida acelera\u00e7\u00e3o, esses significantes que proliferam t\u00eam pouco peso e isso incide na dificuldade da corporiza\u00e7\u00e3o atual.<\/p>\n<p style=\"text-align: justify;\">Encontramos, ent\u00e3o, crian\u00e7as desbussoladas que se apresentam como um torvelinho em que a precariedade do simb\u00f3lico pareceria incrementar o impulso \u00e0 descarga motora em um corpo enlouquecido.<\/p>\n<p style=\"text-align: justify;\">Crian\u00e7as que, na falta de um significante orientador, j\u00e1 n\u00e3o d\u00e3o peso \u00e0 palavra do Outro. O olhar do Outro hoje j\u00e1 n\u00e3o \u00e9 mais uma fonte de vergonha, pois n\u00e3o \u00e9 v\u00e1lido o lugar desde onde ele se sustenta. Esse olhar cumpria uma fun\u00e7\u00e3o civilizadora, circunscrevendo e fixando o gozo.<\/p>\n<p style=\"text-align: justify;\">A \u00e9poca em que vivemos mostra que a fragilidade do simb\u00f3lico faz fraquejar o ponto de basta que era o mais comum e o mais eficaz, o Nome-do-Pai.<\/p>\n<p style=\"text-align: justify;\">Uma de suas consequ\u00eancias \u00e9 este empuxe ao\u00a0<i>fast<\/i>, semelhante ao que encontramos na mania que \u00e9 uma enfermidade da pontua\u00e7\u00e3o. O significante mestre n\u00e3o opera como ponto de basta, tampouco o faz o objeto que desliza sem prumo. A meton\u00edmia de objetos a que o sujeito se consagra \u00e9 infinita, como s\u00e3o os objetos de consumo que servem para tamponar a falta.<\/p>\n<p style=\"text-align: justify;\">J.A. Miller ao introduzir a ideia de um discurso hipermoderno nos esclarece que nele os elementos n\u00e3o se ordenam, est\u00e3o dispersos. Podemos pensar a\u00ed um mais de gozar desenla\u00e7ado, acelerado em sua produ\u00e7\u00e3o que comanda o discurso mas n\u00e3o articula nenhuma perda.<\/p>\n<p style=\"text-align: justify;\">O resultado \u00e9 um corpo sem resson\u00e2ncias onde a palavra parece n\u00e3o enla\u00e7ar bem o afeto, como se a puls\u00e3o pudesse desamarrar-se do significante dificultando a corporiza\u00e7\u00e3o.<\/p>\n<p style=\"text-align: justify;\">Qual \u00e9 a nossa resposta ante este desenla\u00e7amento dos corpos?<\/p>\n<p style=\"text-align: justify;\">A psican\u00e1lise n\u00e3o adere \u00e0 nostalgia da velha ordem, n\u00e3o prop\u00f5e restaur\u00e1-la, mas tampouco adere \u00e0 acelera\u00e7\u00e3o, d\u00e1 lugar \u00e0 palavra da crian\u00e7a e \u00e0 de seus pais para ajud\u00e1-los a deterem-se, para que encontrem um ponto de basta singular, \u00e0 sua medida, que lhes sirva para viver melhor e arranjar-se com o novo do discurso imperante.<\/p>\n<\/div>\n<div id=\"CITAS\" style=\"text-align: justify;\">\n<hr \/>\n<p>Tradu\u00e7\u00e3o: Jorge Pimenta<\/p>\n<\/div>\n<\/div><\/div><\/div><\/div><\/div><\/p>\n","protected":false},"excerpt":{"rendered":"<p>Mirta Berkoff<\/p>\n","protected":false},"author":1,"featured_media":647,"menu_order":0,"comment_status":"open","ping_status":"closed","template":"","format":"standard","meta":{"_monsterinsights_skip_tracking":false,"_monsterinsights_sitenote_active":false,"_monsterinsights_sitenote_note":"","_monsterinsights_sitenote_category":0,"footnotes":""},"portfolio_category":[82],"portfolio_skills":[],"portfolio_tags":[],"_links":{"self":[{"href":"https:\/\/enapol.com\/vi\/wp-json\/wp\/v2\/avada_portfolio\/649"}],"collection":[{"href":"https:\/\/enapol.com\/vi\/wp-json\/wp\/v2\/avada_portfolio"}],"about":[{"href":"https:\/\/enapol.com\/vi\/wp-json\/wp\/v2\/types\/avada_portfolio"}],"author":[{"embeddable":true,"href":"https:\/\/enapol.com\/vi\/wp-json\/wp\/v2\/users\/1"}],"replies":[{"embeddable":true,"href":"https:\/\/enapol.com\/vi\/wp-json\/wp\/v2\/comments?post=649"}],"version-history":[{"count":1,"href":"https:\/\/enapol.com\/vi\/wp-json\/wp\/v2\/avada_portfolio\/649\/revisions"}],"predecessor-version":[{"id":650,"href":"https:\/\/enapol.com\/vi\/wp-json\/wp\/v2\/avada_portfolio\/649\/revisions\/650"}],"wp:featuredmedia":[{"embeddable":true,"href":"https:\/\/enapol.com\/vi\/wp-json\/wp\/v2\/media\/647"}],"wp:attachment":[{"href":"https:\/\/enapol.com\/vi\/wp-json\/wp\/v2\/media?parent=649"}],"wp:term":[{"taxonomy":"portfolio_category","embeddable":true,"href":"https:\/\/enapol.com\/vi\/wp-json\/wp\/v2\/portfolio_category?post=649"},{"taxonomy":"portfolio_skills","embeddable":true,"href":"https:\/\/enapol.com\/vi\/wp-json\/wp\/v2\/portfolio_skills?post=649"},{"taxonomy":"portfolio_tags","embeddable":true,"href":"https:\/\/enapol.com\/vi\/wp-json\/wp\/v2\/portfolio_tags?post=649"}],"curies":[{"name":"wp","href":"https:\/\/api.w.org\/{rel}","templated":true}]}}

Crianças e pais «em apuros»

<p><div class="fusion-fullwidth fullwidth-box fusion-builder-row-1 fusion-flex-container nonhundred-percent-fullwidth non-hundred-percent-height-scrolling" style="--awb-border-radius-top-left:0px;--awb-border-radius-top-right:0px;--awb-border-radius-bottom-right:0px;--awb-border-radius-bottom-left:0px;--awb-flex-wrap:wrap;" ><div class="fusion-builder-row fusion-row fusion-flex-align-items-flex-start fusion-flex-content-wrap" style="max-width:1352px;margin-left: calc(-4% / 2 );margin-right: calc(-4% / 2 );"><div class="fusion-layout-column fusion_builder_column fusion-builder-column-0 fusion_builder_column_1_2 1_2 fusion-flex-column" style="--awb-bg-size:cover;--awb-width-large:50%;--awb-margin-top-large:0px;--awb-spacing-right-large:3.84%;--awb-margin-bottom-large:20px;--awb-spacing-left-large:3.84%;--awb-width-medium:100%;--awb-order-medium:0;--awb-spacing-right-medium:1.92%;--awb-spacing-left-medium:1.92%;--awb-width-small:100%;--awb-order-small:0;--awb-spacing-right-small:1.92%;--awb-spacing-left-small:1.92%;"><div class="fusion-column-wrapper fusion-column-has-shadow fusion-flex-justify-content-flex-start fusion-content-layout-column"><div class="fusion-image-element " style="text-align:left;--awb-bottom-shadow-color:rgba(0,0,0,0.4);--awb-caption-title-font-family:var(--h2_typography-font-family);--awb-caption-title-font-weight:var(--h2_typography-font-weight);--awb-caption-title-font-style:var(--h2_typography-font-style);--awb-caption-title-size:var(--h2_typography-font-size);--awb-caption-title-transform:var(--h2_typography-text-transform);--awb-caption-title-line-height:var(--h2_typography-line-height);--awb-caption-title-letter-spacing:var(--h2_typography-letter-spacing);"><div class="awb-image-frame awb-image-frame-1 awb-bottomshadow"><span class=" fusion-imageframe imageframe-bottomshadow imageframe-1 hover-type-none"><img decoding="async" width="400" height="300" title="Mirta-Berkoff" src="http://enapol.com/vi/wp-content/uploads/sites/8/2021/08/Mirta-Berkoff.jpg" alt class="img-responsive wp-image-647" srcset="https://enapol.com/vi/wp-content/uploads/sites/8/2021/08/Mirta-Berkoff-200x150.jpg 200w, https://enapol.com/vi/wp-content/uploads/sites/8/2021/08/Mirta-Berkoff.jpg 400w" sizes="(max-width: 1024px) 100vw, (max-width: 640px) 100vw, 400px" /></span><svg xmlns="http://www.w3.org/2000/svg" version="1.1" width="100%" viewBox="0 0 600 28" preserveAspectRatio="none"><g clip-path="url(#a)"><mask id="b" style="mask-type:luminance" maskUnits="userSpaceOnUse" x="0" y="0" width="600" height="28"><path d="M0 0h600v28H0V0Z" fill="#fff"/></mask><g filter="url(#c)" mask="url(#b)"><path d="M16.439-18.667h567.123v30.8S438.961-8.4 300-8.4C161.04-8.4 16.438 12.133 16.438 12.133v-30.8Z" fill="#000"/></g></g><defs><clipPath id="a"><path fill="#fff" d="M0 0h600v28H0z"/></clipPath><filter id="c" x="5.438" y="-29.667" width="589.123" height="52.8" filterUnits="userSpaceOnUse" color-interpolation-filters="sRGB"><feFlood flood-opacity="0" result="BackgroundImageFix"/><feBlend in="SourceGraphic" in2="BackgroundImageFix" result="shape"/><feGaussianBlur stdDeviation="5.5" result="effect1_foregroundBlur_3983_183"/></filter></defs></svg></div></div><div class="fusion-separator fusion-full-width-sep" style="align-self: center;margin-left: auto;margin-right: auto;margin-top:5px;margin-bottom:5px;width:100%;"></div><div class="fusion-title title fusion-title-1 fusion-sep-none fusion-title-text fusion-title-size-three" style="--awb-margin-bottom:0px;"><h3 class="fusion-title-heading title-heading-left fusion-responsive-typography-calculated" style="margin:0;--fontSize:30;line-height:1.3;">Mirta Berkoff</h3></div><div class="fusion-text fusion-text-1"><p style="text-align: left;"><strong>EOL (Bs. As.)</strong></p>
</div></div></div><div class="fusion-layout-column fusion_builder_column fusion-builder-column-1 fusion_builder_column_1_2 1_2 fusion-flex-column" style="--awb-bg-size:cover;--awb-width-large:50%;--awb-margin-top-large:0px;--awb-spacing-right-large:3.84%;--awb-margin-bottom-large:20px;--awb-spacing-left-large:3.84%;--awb-width-medium:100%;--awb-order-medium:0;--awb-spacing-right-medium:1.92%;--awb-spacing-left-medium:1.92%;--awb-width-small:100%;--awb-order-small:0;--awb-spacing-right-small:1.92%;--awb-spacing-left-small:1.92%;"><div class="fusion-column-wrapper fusion-column-has-shadow fusion-flex-justify-content-flex-start fusion-content-layout-column"></div></div></div></div><div class="fusion-fullwidth fullwidth-box fusion-builder-row-2 fusion-flex-container nonhundred-percent-fullwidth non-hundred-percent-height-scrolling" style="--awb-border-radius-top-left:0px;--awb-border-radius-top-right:0px;--awb-border-radius-bottom-right:0px;--awb-border-radius-bottom-left:0px;--awb-flex-wrap:wrap;" ><div class="fusion-builder-row fusion-row fusion-flex-align-items-flex-start fusion-flex-content-wrap" style="max-width:1352px;margin-left: calc(-4% / 2 );margin-right: calc(-4% / 2 );"><div class="fusion-layout-column fusion_builder_column fusion-builder-column-2 fusion_builder_column_1_1 1_1 fusion-flex-column" style="--awb-bg-size:cover;--awb-width-large:100%;--awb-margin-top-large:0px;--awb-spacing-right-large:1.92%;--awb-margin-bottom-large:20px;--awb-spacing-left-large:1.92%;--awb-width-medium:100%;--awb-order-medium:0;--awb-spacing-right-medium:1.92%;--awb-spacing-left-medium:1.92%;--awb-width-small:100%;--awb-order-small:0;--awb-spacing-right-small:1.92%;--awb-spacing-left-small:1.92%;"><div class="fusion-column-wrapper fusion-column-has-shadow fusion-flex-justify-content-flex-start fusion-content-layout-column"><div class="fusion-separator fusion-full-width-sep" style="align-self: center;margin-left: auto;margin-right: auto;margin-top:10px;margin-bottom:10px;width:100%;"></div><div class="fusion-text fusion-text-2"><div class="Parrafo">
<p style="text-align: justify;">Em nossa prática cotidiana nos encontramos hoje com atendimentos a crianças ditas sem limites, para as quais parece não funcionar uma palavra de autoridade. Por sua vez os pais, diante do vazio das normas se perguntam: como criar os filhos?</p>
<p style="text-align: justify;">Quando tratamos de entender esse afã de movimento das crianças que parecem não ter um ponto de basta, encontramos o discurso próprio do século XXI que provoca por si mesmo essa aceleração. Temos de pensar que há algo de <i>fast</i> que está socialmente aceito e que é, inclusive, socialmente esperado.</p>
<p style="text-align: justify;">As crianças de hoje não estão alheias a esse impulso próprio do discurso de seu tempo. Saem apavoradas do colégio para as aulas de guitarra, de dança, de circo, de futebol. Fazem suas tarefas escolares enquanto batem papo conectadas com infinidades de amigos virtuais. Sem dúvida habitamos uma época em que os ideais contemporâneos têm que se haver com a celeridade do surgimento de significantes novos na cultura.</p>
<p style="text-align: justify;">Mas o que observamos é que, junto à sua desmedida aceleração, esses significantes que proliferam têm pouco peso e isso incide na dificuldade da corporização atual.</p>
<p style="text-align: justify;">Encontramos, então, crianças desbussoladas que se apresentam como um torvelinho em que a precariedade do simbólico pareceria incrementar o impulso à descarga motora em um corpo enlouquecido.</p>
<p style="text-align: justify;">Crianças que, na falta de um significante orientador, já não dão peso à palavra do Outro. O olhar do Outro hoje já não é mais uma fonte de vergonha, pois não é válido o lugar desde onde ele se sustenta. Esse olhar cumpria uma função civilizadora, circunscrevendo e fixando o gozo.</p>
<p style="text-align: justify;">A época em que vivemos mostra que a fragilidade do simbólico faz fraquejar o ponto de basta que era o mais comum e o mais eficaz, o Nome-do-Pai.</p>
<p style="text-align: justify;">Uma de suas consequências é este empuxe ao <i>fast</i>, semelhante ao que encontramos na mania que é uma enfermidade da pontuação. O significante mestre não opera como ponto de basta, tampouco o faz o objeto que desliza sem prumo. A metonímia de objetos a que o sujeito se consagra é infinita, como são os objetos de consumo que servem para tamponar a falta.</p>
<p style="text-align: justify;">J.A. Miller ao introduzir a ideia de um discurso hipermoderno nos esclarece que nele os elementos não se ordenam, estão dispersos. Podemos pensar aí um mais de gozar desenlaçado, acelerado em sua produção que comanda o discurso mas não articula nenhuma perda.</p>
<p style="text-align: justify;">O resultado é um corpo sem ressonâncias onde a palavra parece não enlaçar bem o afeto, como se a pulsão pudesse desamarrar-se do significante dificultando a corporização.</p>
<p style="text-align: justify;">Qual é a nossa resposta ante este desenlaçamento dos corpos?</p>
<p style="text-align: justify;">A psicanálise não adere à nostalgia da velha ordem, não propõe restaurá-la, mas tampouco adere à aceleração, dá lugar à palavra da criança e à de seus pais para ajudá-los a deterem-se, para que encontrem um ponto de basta singular, à sua medida, que lhes sirva para viver melhor e arranjar-se com o novo do discurso imperante.</p>
</div>
<div id="CITAS" style="text-align: justify;">
<hr />
<p>Tradução: Jorge Pimenta</p>
</div>
</div></div></div></div></div></p>
