{"id":722,"date":"2021-08-16T03:36:55","date_gmt":"2021-08-16T06:36:55","guid":{"rendered":"http:\/\/x-enapol.org\/vi\/?post_type=avada_portfolio&#038;p=722"},"modified":"2021-08-16T03:36:55","modified_gmt":"2021-08-16T06:36:55","slug":"o-ar-como-objeto-causa-o-corpo-com-que-se-fala","status":"publish","type":"avada_portfolio","link":"https:\/\/enapol.com\/vi\/pt\/portfolio-items\/o-ar-como-objeto-causa-o-corpo-com-que-se-fala\/","title":{"rendered":"O ar, como objeto, causa o corpo com que se fala"},"content":{"rendered":"<p><div class=\"fusion-fullwidth fullwidth-box fusion-builder-row-1 fusion-flex-container nonhundred-percent-fullwidth non-hundred-percent-height-scrolling\" style=\"--awb-border-radius-top-left:0px;--awb-border-radius-top-right:0px;--awb-border-radius-bottom-right:0px;--awb-border-radius-bottom-left:0px;--awb-flex-wrap:wrap;\" ><div class=\"fusion-builder-row fusion-row fusion-flex-align-items-flex-start fusion-flex-content-wrap\" style=\"max-width:1352px;margin-left: calc(-4% \/ 2 );margin-right: calc(-4% \/ 2 );\"><div class=\"fusion-layout-column fusion_builder_column fusion-builder-column-0 fusion_builder_column_1_2 1_2 fusion-flex-column\" style=\"--awb-bg-size:cover;--awb-width-large:50%;--awb-margin-top-large:0px;--awb-spacing-right-large:3.84%;--awb-margin-bottom-large:20px;--awb-spacing-left-large:3.84%;--awb-width-medium:100%;--awb-order-medium:0;--awb-spacing-right-medium:1.92%;--awb-spacing-left-medium:1.92%;--awb-width-small:100%;--awb-order-small:0;--awb-spacing-right-small:1.92%;--awb-spacing-left-small:1.92%;\"><div class=\"fusion-column-wrapper fusion-column-has-shadow fusion-flex-justify-content-flex-start fusion-content-layout-column\"><div class=\"fusion-image-element \" style=\"text-align:left;--awb-bottom-shadow-color:rgba(0,0,0,0.4);--awb-caption-title-font-family:var(--h2_typography-font-family);--awb-caption-title-font-weight:var(--h2_typography-font-weight);--awb-caption-title-font-style:var(--h2_typography-font-style);--awb-caption-title-size:var(--h2_typography-font-size);--awb-caption-title-transform:var(--h2_typography-text-transform);--awb-caption-title-line-height:var(--h2_typography-line-height);--awb-caption-title-letter-spacing:var(--h2_typography-letter-spacing);\"><div class=\"awb-image-frame awb-image-frame-1 awb-bottomshadow\"><span class=\" fusion-imageframe imageframe-bottomshadow imageframe-1 hover-type-none\"><img decoding=\"async\" width=\"300\" height=\"200\" title=\"Samuel-Basz\" src=\"http:\/\/enapol.com\/vi\/wp-content\/uploads\/sites\/8\/2021\/08\/Samuel-Basz.jpg\" alt class=\"img-responsive wp-image-720\" srcset=\"https:\/\/enapol.com\/vi\/wp-content\/uploads\/sites\/8\/2021\/08\/Samuel-Basz-200x133.jpg 200w, https:\/\/enapol.com\/vi\/wp-content\/uploads\/sites\/8\/2021\/08\/Samuel-Basz.jpg 300w\" sizes=\"(max-width: 1024px) 100vw, (max-width: 640px) 100vw, 300px\" \/><\/span><svg xmlns=\"http:\/\/www.w3.org\/2000\/svg\" version=\"1.1\" width=\"100%\" viewBox=\"0 0 600 28\" preserveAspectRatio=\"none\"><g clip-path=\"url(#a)\"><mask id=\"b\" style=\"mask-type:luminance\" maskUnits=\"userSpaceOnUse\" x=\"0\" y=\"0\" width=\"600\" height=\"28\"><path d=\"M0 0h600v28H0V0Z\" fill=\"#fff\"\/><\/mask><g filter=\"url(#c)\" mask=\"url(#b)\"><path d=\"M16.439-18.667h567.123v30.8S438.961-8.4 300-8.4C161.04-8.4 16.438 12.133 16.438 12.133v-30.8Z\" fill=\"#000\"\/><\/g><\/g><defs><clipPath id=\"a\"><path fill=\"#fff\" d=\"M0 0h600v28H0z\"\/><\/clipPath><filter id=\"c\" x=\"5.438\" y=\"-29.667\" width=\"589.123\" height=\"52.8\" filterUnits=\"userSpaceOnUse\" color-interpolation-filters=\"sRGB\"><feFlood flood-opacity=\"0\" result=\"BackgroundImageFix\"\/><feBlend in=\"SourceGraphic\" in2=\"BackgroundImageFix\" result=\"shape\"\/><feGaussianBlur stdDeviation=\"5.5\" result=\"effect1_foregroundBlur_3983_183\"\/><\/filter><\/defs><\/svg><\/div><\/div><div class=\"fusion-separator fusion-full-width-sep\" style=\"align-self: center;margin-left: auto;margin-right: auto;margin-top:5px;margin-bottom:5px;width:100%;\"><\/div><div class=\"fusion-title title fusion-title-1 fusion-sep-none fusion-title-text fusion-title-size-three\" style=\"--awb-margin-bottom:0px;\"><h3 class=\"fusion-title-heading title-heading-left fusion-responsive-typography-calculated\" style=\"margin:0;--fontSize:30;line-height:1.3;\">Samuel Basz<\/h3><\/div><div class=\"fusion-text fusion-text-1\"><p style=\"text-align: left;\"><strong>EOL (Buenos Aires)<\/strong><\/p>\n<\/div><\/div><\/div><div class=\"fusion-layout-column fusion_builder_column fusion-builder-column-1 fusion_builder_column_1_2 1_2 fusion-flex-column\" style=\"--awb-bg-size:cover;--awb-width-large:50%;--awb-margin-top-large:0px;--awb-spacing-right-large:3.84%;--awb-margin-bottom-large:20px;--awb-spacing-left-large:3.84%;--awb-width-medium:100%;--awb-order-medium:0;--awb-spacing-right-medium:1.92%;--awb-spacing-left-medium:1.92%;--awb-width-small:100%;--awb-order-small:0;--awb-spacing-right-small:1.92%;--awb-spacing-left-small:1.92%;\"><div class=\"fusion-column-wrapper fusion-column-has-shadow fusion-flex-justify-content-flex-start fusion-content-layout-column\"><\/div><\/div><\/div><\/div><div class=\"fusion-fullwidth fullwidth-box fusion-builder-row-2 fusion-flex-container nonhundred-percent-fullwidth non-hundred-percent-height-scrolling\" style=\"--awb-border-radius-top-left:0px;--awb-border-radius-top-right:0px;--awb-border-radius-bottom-right:0px;--awb-border-radius-bottom-left:0px;--awb-flex-wrap:wrap;\" ><div class=\"fusion-builder-row fusion-row fusion-flex-align-items-flex-start fusion-flex-content-wrap\" style=\"max-width:1352px;margin-left: calc(-4% \/ 2 );margin-right: calc(-4% \/ 2 );\"><div class=\"fusion-layout-column fusion_builder_column fusion-builder-column-2 fusion_builder_column_1_1 1_1 fusion-flex-column\" style=\"--awb-bg-size:cover;--awb-width-large:100%;--awb-margin-top-large:0px;--awb-spacing-right-large:1.92%;--awb-margin-bottom-large:20px;--awb-spacing-left-large:1.92%;--awb-width-medium:100%;--awb-order-medium:0;--awb-spacing-right-medium:1.92%;--awb-spacing-left-medium:1.92%;--awb-width-small:100%;--awb-order-small:0;--awb-spacing-right-small:1.92%;--awb-spacing-left-small:1.92%;\"><div class=\"fusion-column-wrapper fusion-column-has-shadow fusion-flex-justify-content-flex-start fusion-content-layout-column\"><div class=\"fusion-separator fusion-full-width-sep\" style=\"align-self: center;margin-left: auto;margin-right: auto;margin-top:10px;margin-bottom:10px;width:100%;\"><\/div><div class=\"fusion-text fusion-text-2\"><div class=\"Parrafo\">\n<p style=\"text-align: justify;\">No\u00a0<i>corpus<\/i>\u00a0cl\u00ednico da medicina, o corpo fala. N\u00e3o somente nos signos obtidos do organismo, mas no question\u00e1rio semiol\u00f3gico que inclui um instrumento maior: o interrogat\u00f3rio. N\u00e3o deixa de ser um pedido ao paciente para que fale; mas trata-se de uma demanda orientada \u00e0 objetiva\u00e7\u00e3o dos sintomas do corpo, isto \u00e9, a reduzi-los \u2013de acordo com a exig\u00eancia de cientificidade\u2012 o mais poss\u00edvel ao seu n\u00facleo fisiopatol\u00f3gico.<\/p>\n<p style=\"text-align: justify;\">Outras pr\u00e1ticas sociais (art\u00edsticas, divinat\u00f3rias, ideol\u00f3gicas, psicoterap\u00eauticas) constroem, cada uma \u00e0 sua maneira, um c\u00f3digo que permite saber o que diz o corpo que fala.<\/p>\n<p style=\"text-align: justify;\">Na psican\u00e1lise, o corpo n\u00e3o \u00e9 um corpo que fala, por\u00e9m quem fala em uma an\u00e1lise n\u00e3o o faz sem o corpo.<\/p>\n<p style=\"text-align: justify;\">E \u00e9 aqui, precisamente em sua articula\u00e7\u00e3o com o falar, que conv\u00e9m considerar o ar como objeto pulsional.<\/p>\n<p style=\"text-align: justify;\">Objetando as obje\u00e7\u00f5es de Jones, apoiando as intui\u00e7\u00f5es de Otto Rank em \u00abO trauma do nascimento\u00bb; valorizando o significado fundador do\u00a0<i>ruah,\u00a0<\/i>(1) Lacan, especialmente nas \u00faltimas aulas do\u00a0<i>Semin\u00e1rio<\/i>\u00a0sobre a ang\u00fastia, n\u00e3o deixa de indicar a pertin\u00eancia objetal do ar.<\/p>\n<p style=\"text-align: justify;\">\u00c9 necess\u00e1rio considerar seu estatuto metapsicol\u00f3gico como n\u00facleo real do Eu \u2012corporal\u2012, e, econ\u00f4mico, como objeto pulsional referido a uma borda libidinal espec\u00edfica, para poder fundamentar que se o\u00a0<i>falasser\u00a0<\/i>n\u00e3o fala sem o corpo \u00e9 ao pre\u00e7o de produzir o ar como objeto.<\/p>\n<p style=\"text-align: justify;\">A linguagem, enquanto estrutura, \u00e9 um verdadeiro aparelho de gozo que instala um regime regulador com que interv\u00e9m a\u00a0<i>al\u00edngua.<\/i>\u00a0Inscritas nesse regime, as cordas vocais vibram de prazer, trabalhando para o senhor estruturante\u2026<\/p>\n<p style=\"text-align: justify;\">O ganho de satisfa\u00e7\u00e3o do exerc\u00edcio de\u00a0<i>al\u00edngua<\/i>\u00a0\u00e9 um resto irredut\u00edvel que acompanha toda emiss\u00e3o de palavra. Toda emiss\u00e3o de palavra \u00e9 pulsional, na medida em que h\u00e1 satisfa\u00e7\u00e3o na altera\u00e7\u00e3o, na interrup\u00e7\u00e3o do ritmo respirat\u00f3rio basal (em sil\u00eancio e em repouso), que necessariamente acompanha o falar.<\/p>\n<p style=\"text-align: justify;\">Esse ritmo respirat\u00f3rio, mediado pelo exerc\u00edcio efetivo da palavra falada, \u00e9 a condi\u00e7\u00e3o estrutural para que, o mesmo, esteja dispon\u00edvel para ser afetado pelo simb\u00f3lico e pelo imagin\u00e1rio.<\/p>\n<p style=\"text-align: justify;\">O suspense do\u00a0<i>thriller<\/i>, o do jogador no cassino, o da espera de uma iminente interpreta\u00e7\u00e3o do analista, o suspense ligado ao di\u00e1logo amoroso, s\u00e3o testemunhas do estatuto do ar como objeto (no suspense \u00aba respira\u00e7\u00e3o \u00e9 cortada\u00bb).<\/p>\n<p style=\"text-align: justify;\">As fantasias de emparedamento, a excita\u00e7\u00e3o sexual com apneia provocada, as claustrofobias, as descargas satisfat\u00f3rias do bocejo, as fantasias de afogamento, o suspiro, a respira\u00e7\u00e3o vital, o sopro vital, o uso do afogamento nas pr\u00e1ticas de tortura, a ang\u00fastia concomitante da dispneia, e a dispneia concomitante da ang\u00fastia\u2026 sempre implicam, para a psican\u00e1lise, acontecimentos de corpo.<\/p>\n<p style=\"text-align: justify;\">O ar, captado em sua condi\u00e7\u00e3o de objeto, \u00e9 um resto da opera\u00e7\u00e3o metaf\u00f3rica, pela qual o organismo \u00e9 substitu\u00eddo pelo corpo. Inscreve-se como objeto de ang\u00fastia, fazendo com que o falar, a emiss\u00e3o de voz, n\u00e3o emerja sen\u00e3o de um corpo libidinal.<\/p>\n<p style=\"text-align: justify;\">Este \u00e9 o corpo que o sujeito pode ter, o corpo com o qual se fala e se goza, onde os acontecimentos de corpo podem n\u00e3o ser uma vari\u00e1vel deslocada e sofrida do organismo.<\/p>\n<\/div>\n<div id=\"CITAS\">\n<hr \/>\n<p style=\"text-align: justify;\">Tradu\u00e7\u00e3o: Elizabete Siqueira<\/p>\n<ol>\n<li style=\"text-align: justify;\"><i>NT: \u00absignifica vento, ou ainda f\u00f4lego, se quiserem, nuvem, coisa que se apaga&#8230;\u00bb (Lacan, J. Sem. 10, p.358).<\/i><\/li>\n<\/ol>\n<\/div>\n<\/div><\/div><\/div><\/div><\/div><\/p>\n","protected":false},"excerpt":{"rendered":"<p>Samuel Basz<\/p>\n","protected":false},"author":1,"featured_media":720,"menu_order":0,"comment_status":"open","ping_status":"closed","template":"","format":"standard","meta":{"_monsterinsights_skip_tracking":false,"_monsterinsights_sitenote_active":false,"_monsterinsights_sitenote_note":"","_monsterinsights_sitenote_category":0,"footnotes":""},"portfolio_category":[84],"portfolio_skills":[],"portfolio_tags":[],"_links":{"self":[{"href":"https:\/\/enapol.com\/vi\/wp-json\/wp\/v2\/avada_portfolio\/722"}],"collection":[{"href":"https:\/\/enapol.com\/vi\/wp-json\/wp\/v2\/avada_portfolio"}],"about":[{"href":"https:\/\/enapol.com\/vi\/wp-json\/wp\/v2\/types\/avada_portfolio"}],"author":[{"embeddable":true,"href":"https:\/\/enapol.com\/vi\/wp-json\/wp\/v2\/users\/1"}],"replies":[{"embeddable":true,"href":"https:\/\/enapol.com\/vi\/wp-json\/wp\/v2\/comments?post=722"}],"version-history":[{"count":1,"href":"https:\/\/enapol.com\/vi\/wp-json\/wp\/v2\/avada_portfolio\/722\/revisions"}],"predecessor-version":[{"id":723,"href":"https:\/\/enapol.com\/vi\/wp-json\/wp\/v2\/avada_portfolio\/722\/revisions\/723"}],"wp:featuredmedia":[{"embeddable":true,"href":"https:\/\/enapol.com\/vi\/wp-json\/wp\/v2\/media\/720"}],"wp:attachment":[{"href":"https:\/\/enapol.com\/vi\/wp-json\/wp\/v2\/media?parent=722"}],"wp:term":[{"taxonomy":"portfolio_category","embeddable":true,"href":"https:\/\/enapol.com\/vi\/wp-json\/wp\/v2\/portfolio_category?post=722"},{"taxonomy":"portfolio_skills","embeddable":true,"href":"https:\/\/enapol.com\/vi\/wp-json\/wp\/v2\/portfolio_skills?post=722"},{"taxonomy":"portfolio_tags","embeddable":true,"href":"https:\/\/enapol.com\/vi\/wp-json\/wp\/v2\/portfolio_tags?post=722"}],"curies":[{"name":"wp","href":"https:\/\/api.w.org\/{rel}","templated":true}]}}

<p><div class="fusion-fullwidth fullwidth-box fusion-builder-row-1 fusion-flex-container nonhundred-percent-fullwidth non-hundred-percent-height-scrolling" style="--awb-border-radius-top-left:0px;--awb-border-radius-top-right:0px;--awb-border-radius-bottom-right:0px;--awb-border-radius-bottom-left:0px;--awb-flex-wrap:wrap;" ><div class="fusion-builder-row fusion-row fusion-flex-align-items-flex-start fusion-flex-content-wrap" style="max-width:1352px;margin-left: calc(-4% / 2 );margin-right: calc(-4% / 2 );"><div class="fusion-layout-column fusion_builder_column fusion-builder-column-0 fusion_builder_column_1_2 1_2 fusion-flex-column" style="--awb-bg-size:cover;--awb-width-large:50%;--awb-margin-top-large:0px;--awb-spacing-right-large:3.84%;--awb-margin-bottom-large:20px;--awb-spacing-left-large:3.84%;--awb-width-medium:100%;--awb-order-medium:0;--awb-spacing-right-medium:1.92%;--awb-spacing-left-medium:1.92%;--awb-width-small:100%;--awb-order-small:0;--awb-spacing-right-small:1.92%;--awb-spacing-left-small:1.92%;"><div class="fusion-column-wrapper fusion-column-has-shadow fusion-flex-justify-content-flex-start fusion-content-layout-column"><div class="fusion-image-element " style="text-align:left;--awb-bottom-shadow-color:rgba(0,0,0,0.4);--awb-caption-title-font-family:var(--h2_typography-font-family);--awb-caption-title-font-weight:var(--h2_typography-font-weight);--awb-caption-title-font-style:var(--h2_typography-font-style);--awb-caption-title-size:var(--h2_typography-font-size);--awb-caption-title-transform:var(--h2_typography-text-transform);--awb-caption-title-line-height:var(--h2_typography-line-height);--awb-caption-title-letter-spacing:var(--h2_typography-letter-spacing);"><div class="awb-image-frame awb-image-frame-1 awb-bottomshadow"><span class=" fusion-imageframe imageframe-bottomshadow imageframe-1 hover-type-none"><img decoding="async" width="300" height="200" title="Samuel-Basz" src="http://enapol.com/vi/wp-content/uploads/sites/8/2021/08/Samuel-Basz.jpg" alt class="img-responsive wp-image-720" srcset="https://enapol.com/vi/wp-content/uploads/sites/8/2021/08/Samuel-Basz-200x133.jpg 200w, https://enapol.com/vi/wp-content/uploads/sites/8/2021/08/Samuel-Basz.jpg 300w" sizes="(max-width: 1024px) 100vw, (max-width: 640px) 100vw, 300px" /></span><svg xmlns="http://www.w3.org/2000/svg" version="1.1" width="100%" viewBox="0 0 600 28" preserveAspectRatio="none"><g clip-path="url(#a)"><mask id="b" style="mask-type:luminance" maskUnits="userSpaceOnUse" x="0" y="0" width="600" height="28"><path d="M0 0h600v28H0V0Z" fill="#fff"/></mask><g filter="url(#c)" mask="url(#b)"><path d="M16.439-18.667h567.123v30.8S438.961-8.4 300-8.4C161.04-8.4 16.438 12.133 16.438 12.133v-30.8Z" fill="#000"/></g></g><defs><clipPath id="a"><path fill="#fff" d="M0 0h600v28H0z"/></clipPath><filter id="c" x="5.438" y="-29.667" width="589.123" height="52.8" filterUnits="userSpaceOnUse" color-interpolation-filters="sRGB"><feFlood flood-opacity="0" result="BackgroundImageFix"/><feBlend in="SourceGraphic" in2="BackgroundImageFix" result="shape"/><feGaussianBlur stdDeviation="5.5" result="effect1_foregroundBlur_3983_183"/></filter></defs></svg></div></div><div class="fusion-separator fusion-full-width-sep" style="align-self: center;margin-left: auto;margin-right: auto;margin-top:5px;margin-bottom:5px;width:100%;"></div><div class="fusion-title title fusion-title-1 fusion-sep-none fusion-title-text fusion-title-size-three" style="--awb-margin-bottom:0px;"><h3 class="fusion-title-heading title-heading-left fusion-responsive-typography-calculated" style="margin:0;--fontSize:30;line-height:1.3;">Samuel Basz</h3></div><div class="fusion-text fusion-text-1"><p style="text-align: left;"><strong>EOL (Buenos Aires)</strong></p>
</div></div></div><div class="fusion-layout-column fusion_builder_column fusion-builder-column-1 fusion_builder_column_1_2 1_2 fusion-flex-column" style="--awb-bg-size:cover;--awb-width-large:50%;--awb-margin-top-large:0px;--awb-spacing-right-large:3.84%;--awb-margin-bottom-large:20px;--awb-spacing-left-large:3.84%;--awb-width-medium:100%;--awb-order-medium:0;--awb-spacing-right-medium:1.92%;--awb-spacing-left-medium:1.92%;--awb-width-small:100%;--awb-order-small:0;--awb-spacing-right-small:1.92%;--awb-spacing-left-small:1.92%;"><div class="fusion-column-wrapper fusion-column-has-shadow fusion-flex-justify-content-flex-start fusion-content-layout-column"></div></div></div></div><div class="fusion-fullwidth fullwidth-box fusion-builder-row-2 fusion-flex-container nonhundred-percent-fullwidth non-hundred-percent-height-scrolling" style="--awb-border-radius-top-left:0px;--awb-border-radius-top-right:0px;--awb-border-radius-bottom-right:0px;--awb-border-radius-bottom-left:0px;--awb-flex-wrap:wrap;" ><div class="fusion-builder-row fusion-row fusion-flex-align-items-flex-start fusion-flex-content-wrap" style="max-width:1352px;margin-left: calc(-4% / 2 );margin-right: calc(-4% / 2 );"><div class="fusion-layout-column fusion_builder_column fusion-builder-column-2 fusion_builder_column_1_1 1_1 fusion-flex-column" style="--awb-bg-size:cover;--awb-width-large:100%;--awb-margin-top-large:0px;--awb-spacing-right-large:1.92%;--awb-margin-bottom-large:20px;--awb-spacing-left-large:1.92%;--awb-width-medium:100%;--awb-order-medium:0;--awb-spacing-right-medium:1.92%;--awb-spacing-left-medium:1.92%;--awb-width-small:100%;--awb-order-small:0;--awb-spacing-right-small:1.92%;--awb-spacing-left-small:1.92%;"><div class="fusion-column-wrapper fusion-column-has-shadow fusion-flex-justify-content-flex-start fusion-content-layout-column"><div class="fusion-separator fusion-full-width-sep" style="align-self: center;margin-left: auto;margin-right: auto;margin-top:10px;margin-bottom:10px;width:100%;"></div><div class="fusion-text fusion-text-2"><div class="Parrafo">
<p style="text-align: justify;">No <i>corpus</i> clínico da medicina, o corpo fala. Não somente nos signos obtidos do organismo, mas no questionário semiológico que inclui um instrumento maior: o interrogatório. Não deixa de ser um pedido ao paciente para que fale; mas trata-se de uma demanda orientada à objetivação dos sintomas do corpo, isto é, a reduzi-los –de acordo com a exigência de cientificidade‒ o mais possível ao seu núcleo fisiopatológico.</p>
<p style="text-align: justify;">Outras práticas sociais (artísticas, divinatórias, ideológicas, psicoterapêuticas) constroem, cada uma à sua maneira, um código que permite saber o que diz o corpo que fala.</p>
<p style="text-align: justify;">Na psicanálise, o corpo não é um corpo que fala, porém quem fala em uma análise não o faz sem o corpo.</p>
<p style="text-align: justify;">E é aqui, precisamente em sua articulação com o falar, que convém considerar o ar como objeto pulsional.</p>
<p style="text-align: justify;">Objetando as objeções de Jones, apoiando as intuições de Otto Rank em «O trauma do nascimento»; valorizando o significado fundador do <i>ruah, </i>(1) Lacan, especialmente nas últimas aulas do <i>Seminário</i> sobre a angústia, não deixa de indicar a pertinência objetal do ar.</p>
<p style="text-align: justify;">É necessário considerar seu estatuto metapsicológico como núcleo real do Eu ‒corporal‒, e, econômico, como objeto pulsional referido a uma borda libidinal específica, para poder fundamentar que se o <i>falasser </i>não fala sem o corpo é ao preço de produzir o ar como objeto.</p>
<p style="text-align: justify;">A linguagem, enquanto estrutura, é um verdadeiro aparelho de gozo que instala um regime regulador com que intervém a <i>alíngua.</i> Inscritas nesse regime, as cordas vocais vibram de prazer, trabalhando para o senhor estruturante…</p>
<p style="text-align: justify;">O ganho de satisfação do exercício de <i>alíngua</i> é um resto irredutível que acompanha toda emissão de palavra. Toda emissão de palavra é pulsional, na medida em que há satisfação na alteração, na interrupção do ritmo respiratório basal (em silêncio e em repouso), que necessariamente acompanha o falar.</p>
<p style="text-align: justify;">Esse ritmo respiratório, mediado pelo exercício efetivo da palavra falada, é a condição estrutural para que, o mesmo, esteja disponível para ser afetado pelo simbólico e pelo imaginário.</p>
<p style="text-align: justify;">O suspense do <i>thriller</i>, o do jogador no cassino, o da espera de uma iminente interpretação do analista, o suspense ligado ao diálogo amoroso, são testemunhas do estatuto do ar como objeto (no suspense «a respiração é cortada»).</p>
<p style="text-align: justify;">As fantasias de emparedamento, a excitação sexual com apneia provocada, as claustrofobias, as descargas satisfatórias do bocejo, as fantasias de afogamento, o suspiro, a respiração vital, o sopro vital, o uso do afogamento nas práticas de tortura, a angústia concomitante da dispneia, e a dispneia concomitante da angústia… sempre implicam, para a psicanálise, acontecimentos de corpo.</p>
<p style="text-align: justify;">O ar, captado em sua condição de objeto, é um resto da operação metafórica, pela qual o organismo é substituído pelo corpo. Inscreve-se como objeto de angústia, fazendo com que o falar, a emissão de voz, não emerja senão de um corpo libidinal.</p>
<p style="text-align: justify;">Este é o corpo que o sujeito pode ter, o corpo com o qual se fala e se goza, onde os acontecimentos de corpo podem não ser uma variável deslocada e sofrida do organismo.</p>
</div>
<div id="CITAS">
<hr />
<p style="text-align: justify;">Tradução: Elizabete Siqueira</p>
<ol>
<li style="text-align: justify;"><i>NT: «significa vento, ou ainda fôlego, se quiserem, nuvem, coisa que se apaga&#8230;» (Lacan, J. Sem. 10, p.358).</i></li>
</ol>
</div>
</div></div></div></div></div></p>
