{"id":113,"date":"2021-08-29T15:09:46","date_gmt":"2021-08-29T18:09:46","guid":{"rendered":"http:\/\/x-enapol.org\/vii\/?page_id=113"},"modified":"2021-09-02T16:28:22","modified_gmt":"2021-09-02T19:28:22","slug":"libreria","status":"publish","type":"page","link":"https:\/\/enapol.com\/vii\/encuentro\/libreria\/","title":{"rendered":"Librer\u00eda"},"content":{"rendered":"<div class=\"fusion-fullwidth fullwidth-box fusion-builder-row-1 fusion-flex-container nonhundred-percent-fullwidth non-hundred-percent-height-scrolling\" style=\"--awb-border-radius-top-left:0px;--awb-border-radius-top-right:0px;--awb-border-radius-bottom-right:0px;--awb-border-radius-bottom-left:0px;--awb-flex-wrap:wrap;\" ><div class=\"fusion-builder-row fusion-row fusion-flex-align-items-flex-start fusion-flex-content-wrap\" style=\"max-width:1352px;margin-left: calc(-4% \/ 2 );margin-right: calc(-4% \/ 2 );\"><div class=\"fusion-layout-column fusion_builder_column fusion-builder-column-0 fusion_builder_column_1_1 1_1 fusion-flex-column\" style=\"--awb-bg-size:cover;--awb-width-large:100%;--awb-margin-top-large:0px;--awb-spacing-right-large:1.92%;--awb-margin-bottom-large:20px;--awb-spacing-left-large:1.92%;--awb-width-medium:100%;--awb-order-medium:0;--awb-spacing-right-medium:1.92%;--awb-spacing-left-medium:1.92%;--awb-width-small:100%;--awb-order-small:0;--awb-spacing-right-small:1.92%;--awb-spacing-left-small:1.92%;\"><div class=\"fusion-column-wrapper fusion-column-has-shadow fusion-flex-justify-content-flex-start fusion-content-layout-column\"><div class=\"fusion-title title fusion-title-1 fusion-sep-none fusion-title-text fusion-title-size-three\"><h3 class=\"fusion-title-heading title-heading-left fusion-responsive-typography-calculated\" style=\"margin:0;--fontSize:30;line-height:1.3;\">Comisi\u00f3n de Librer\u00eda del VII ENAPOL<\/h3><\/div><div class=\"fusion-text fusion-text-1\"><p><strong>Cynthia N. de Freitas Farias<\/strong> (coordinaci\u00f3n)<\/p>\n<p style=\"text-align: justify;\">La librer\u00eda del VII ENAPOL tiene como prop\u00f3sito poner a disposici\u00f3n de los participantes del Encuentro las publicaciones del Campo Freudiano, nacionales y internacionales, con la finalidad de difundir la producci\u00f3n epist\u00e9mica de nuestros colegas. Siguiendo las directrices de FIBOL y de los Directorios de Bibliotecas de las Escuelas, la librer\u00eda busca el intercambio y la transmisi\u00f3n del psicoan\u00e1lisis de orientaci\u00f3n lacaniana.<\/p>\n<\/div><div class=\"awb-gallery-wrapper awb-gallery-wrapper-1 button-span-no\"><div style=\"margin:-10px;--awb-bordersize:0px;\" class=\"fusion-gallery fusion-gallery-container fusion-grid-2 fusion-columns-total-15 fusion-gallery-layout-grid fusion-gallery-1\"><div style=\"padding:10px;\" class=\"fusion-grid-column fusion-gallery-column fusion-gallery-column-2 hover-type-zoomin\"><div class=\"fusion-gallery-image\"><a href=\"https:\/\/enapol.com\/vii\/wp-content\/uploads\/sites\/7\/2021\/09\/008.jpg\" rel=\"noreferrer\" data-rel=\"iLightbox[gallery_image_1]\" class=\"fusion-lightbox\" target=\"_self\"><img decoding=\"async\" src=\"https:\/\/enapol.com\/vii\/wp-content\/uploads\/sites\/7\/2021\/09\/008.jpg\" width=\"1465\" height=\"948\" alt=\"\" title=\"008\" aria-label=\"008\" class=\"img-responsive wp-image-1148\" srcset=\"https:\/\/enapol.com\/vii\/wp-content\/uploads\/sites\/7\/2021\/09\/008-200x129.jpg 200w, https:\/\/enapol.com\/vii\/wp-content\/uploads\/sites\/7\/2021\/09\/008-400x259.jpg 400w, https:\/\/enapol.com\/vii\/wp-content\/uploads\/sites\/7\/2021\/09\/008-600x388.jpg 600w, https:\/\/enapol.com\/vii\/wp-content\/uploads\/sites\/7\/2021\/09\/008-800x518.jpg 800w, https:\/\/enapol.com\/vii\/wp-content\/uploads\/sites\/7\/2021\/09\/008-1200x777.jpg 1200w, https:\/\/enapol.com\/vii\/wp-content\/uploads\/sites\/7\/2021\/09\/008.jpg 1465w\" sizes=\"(min-width: 2200px) 100vw, (min-width: 712px) 645px, (min-width: 640px) 712px, \" \/><\/a><\/div><\/div><div style=\"padding:10px;\" class=\"fusion-grid-column fusion-gallery-column fusion-gallery-column-2 hover-type-zoomin\"><div class=\"fusion-gallery-image\"><a href=\"https:\/\/enapol.com\/vii\/wp-content\/uploads\/sites\/7\/2021\/09\/009.jpg\" rel=\"noreferrer\" data-rel=\"iLightbox[gallery_image_1]\" class=\"fusion-lightbox\" target=\"_self\"><img decoding=\"async\" src=\"https:\/\/enapol.com\/vii\/wp-content\/uploads\/sites\/7\/2021\/09\/009.jpg\" width=\"1465\" height=\"948\" alt=\"\" title=\"009\" aria-label=\"009\" class=\"img-responsive wp-image-1149\" srcset=\"https:\/\/enapol.com\/vii\/wp-content\/uploads\/sites\/7\/2021\/09\/009-200x129.jpg 200w, https:\/\/enapol.com\/vii\/wp-content\/uploads\/sites\/7\/2021\/09\/009-400x259.jpg 400w, https:\/\/enapol.com\/vii\/wp-content\/uploads\/sites\/7\/2021\/09\/009-600x388.jpg 600w, https:\/\/enapol.com\/vii\/wp-content\/uploads\/sites\/7\/2021\/09\/009-800x518.jpg 800w, https:\/\/enapol.com\/vii\/wp-content\/uploads\/sites\/7\/2021\/09\/009-1200x777.jpg 1200w, https:\/\/enapol.com\/vii\/wp-content\/uploads\/sites\/7\/2021\/09\/009.jpg 1465w\" sizes=\"(min-width: 2200px) 100vw, (min-width: 712px) 645px, (min-width: 640px) 712px, \" \/><\/a><\/div><\/div><div class=\"clearfix\"><\/div><div style=\"padding:10px;\" class=\"fusion-grid-column fusion-gallery-column fusion-gallery-column-2 hover-type-zoomin\"><div class=\"fusion-gallery-image\"><a href=\"https:\/\/enapol.com\/vii\/wp-content\/uploads\/sites\/7\/2021\/09\/010.jpg\" rel=\"noreferrer\" data-rel=\"iLightbox[gallery_image_1]\" class=\"fusion-lightbox\" target=\"_self\"><img decoding=\"async\" src=\"https:\/\/enapol.com\/vii\/wp-content\/uploads\/sites\/7\/2021\/09\/010.jpg\" width=\"1465\" height=\"948\" alt=\"\" title=\"010\" aria-label=\"010\" class=\"img-responsive wp-image-1150\" srcset=\"https:\/\/enapol.com\/vii\/wp-content\/uploads\/sites\/7\/2021\/09\/010-200x129.jpg 200w, https:\/\/enapol.com\/vii\/wp-content\/uploads\/sites\/7\/2021\/09\/010-400x259.jpg 400w, https:\/\/enapol.com\/vii\/wp-content\/uploads\/sites\/7\/2021\/09\/010-600x388.jpg 600w, https:\/\/enapol.com\/vii\/wp-content\/uploads\/sites\/7\/2021\/09\/010-800x518.jpg 800w, https:\/\/enapol.com\/vii\/wp-content\/uploads\/sites\/7\/2021\/09\/010-1200x777.jpg 1200w, https:\/\/enapol.com\/vii\/wp-content\/uploads\/sites\/7\/2021\/09\/010.jpg 1465w\" sizes=\"(min-width: 2200px) 100vw, (min-width: 712px) 645px, (min-width: 640px) 712px, \" \/><\/a><\/div><\/div><div style=\"padding:10px;\" class=\"fusion-grid-column fusion-gallery-column fusion-gallery-column-2 hover-type-zoomin\"><div class=\"fusion-gallery-image\"><a href=\"https:\/\/enapol.com\/vii\/wp-content\/uploads\/sites\/7\/2021\/09\/011.jpg\" rel=\"noreferrer\" data-rel=\"iLightbox[gallery_image_1]\" class=\"fusion-lightbox\" target=\"_self\"><img decoding=\"async\" src=\"https:\/\/enapol.com\/vii\/wp-content\/uploads\/sites\/7\/2021\/09\/011.jpg\" width=\"1465\" height=\"948\" alt=\"\" title=\"011\" aria-label=\"011\" class=\"img-responsive wp-image-1151\" srcset=\"https:\/\/enapol.com\/vii\/wp-content\/uploads\/sites\/7\/2021\/09\/011-200x129.jpg 200w, https:\/\/enapol.com\/vii\/wp-content\/uploads\/sites\/7\/2021\/09\/011-400x259.jpg 400w, https:\/\/enapol.com\/vii\/wp-content\/uploads\/sites\/7\/2021\/09\/011-600x388.jpg 600w, https:\/\/enapol.com\/vii\/wp-content\/uploads\/sites\/7\/2021\/09\/011-800x518.jpg 800w, https:\/\/enapol.com\/vii\/wp-content\/uploads\/sites\/7\/2021\/09\/011-1200x777.jpg 1200w, https:\/\/enapol.com\/vii\/wp-content\/uploads\/sites\/7\/2021\/09\/011.jpg 1465w\" sizes=\"(min-width: 2200px) 100vw, (min-width: 712px) 645px, (min-width: 640px) 712px, \" \/><\/a><\/div><\/div><div class=\"clearfix\"><\/div><div style=\"padding:10px;\" class=\"fusion-grid-column fusion-gallery-column fusion-gallery-column-2 hover-type-zoomin\"><div class=\"fusion-gallery-image\"><a href=\"https:\/\/enapol.com\/vii\/wp-content\/uploads\/sites\/7\/2021\/09\/012.jpg\" rel=\"noreferrer\" data-rel=\"iLightbox[gallery_image_1]\" class=\"fusion-lightbox\" target=\"_self\"><img decoding=\"async\" src=\"https:\/\/enapol.com\/vii\/wp-content\/uploads\/sites\/7\/2021\/09\/012.jpg\" width=\"1465\" height=\"948\" alt=\"\" title=\"012\" aria-label=\"012\" class=\"img-responsive wp-image-1152\" srcset=\"https:\/\/enapol.com\/vii\/wp-content\/uploads\/sites\/7\/2021\/09\/012-200x129.jpg 200w, https:\/\/enapol.com\/vii\/wp-content\/uploads\/sites\/7\/2021\/09\/012-400x259.jpg 400w, https:\/\/enapol.com\/vii\/wp-content\/uploads\/sites\/7\/2021\/09\/012-600x388.jpg 600w, https:\/\/enapol.com\/vii\/wp-content\/uploads\/sites\/7\/2021\/09\/012-800x518.jpg 800w, https:\/\/enapol.com\/vii\/wp-content\/uploads\/sites\/7\/2021\/09\/012-1200x777.jpg 1200w, https:\/\/enapol.com\/vii\/wp-content\/uploads\/sites\/7\/2021\/09\/012.jpg 1465w\" sizes=\"(min-width: 2200px) 100vw, (min-width: 712px) 645px, (min-width: 640px) 712px, \" \/><\/a><\/div><\/div><div style=\"padding:10px;\" class=\"fusion-grid-column fusion-gallery-column fusion-gallery-column-2 hover-type-zoomin\"><div class=\"fusion-gallery-image\"><a href=\"https:\/\/enapol.com\/vii\/wp-content\/uploads\/sites\/7\/2021\/09\/013.jpg\" rel=\"noreferrer\" data-rel=\"iLightbox[gallery_image_1]\" class=\"fusion-lightbox\" target=\"_self\"><img decoding=\"async\" src=\"https:\/\/enapol.com\/vii\/wp-content\/uploads\/sites\/7\/2021\/09\/013.jpg\" width=\"1465\" height=\"948\" alt=\"\" title=\"013\" aria-label=\"013\" class=\"img-responsive wp-image-1153\" srcset=\"https:\/\/enapol.com\/vii\/wp-content\/uploads\/sites\/7\/2021\/09\/013-200x129.jpg 200w, https:\/\/enapol.com\/vii\/wp-content\/uploads\/sites\/7\/2021\/09\/013-400x259.jpg 400w, https:\/\/enapol.com\/vii\/wp-content\/uploads\/sites\/7\/2021\/09\/013-600x388.jpg 600w, https:\/\/enapol.com\/vii\/wp-content\/uploads\/sites\/7\/2021\/09\/013-800x518.jpg 800w, https:\/\/enapol.com\/vii\/wp-content\/uploads\/sites\/7\/2021\/09\/013-1200x777.jpg 1200w, https:\/\/enapol.com\/vii\/wp-content\/uploads\/sites\/7\/2021\/09\/013.jpg 1465w\" sizes=\"(min-width: 2200px) 100vw, (min-width: 712px) 645px, (min-width: 640px) 712px, \" \/><\/a><\/div><\/div><div class=\"clearfix\"><\/div><div style=\"padding:10px;\" class=\"fusion-grid-column fusion-gallery-column fusion-gallery-column-2 hover-type-zoomin\"><div class=\"fusion-gallery-image\"><a href=\"https:\/\/enapol.com\/vii\/wp-content\/uploads\/sites\/7\/2021\/09\/014.jpg\" rel=\"noreferrer\" data-rel=\"iLightbox[gallery_image_1]\" class=\"fusion-lightbox\" target=\"_self\"><img decoding=\"async\" src=\"https:\/\/enapol.com\/vii\/wp-content\/uploads\/sites\/7\/2021\/09\/014.jpg\" width=\"1465\" height=\"948\" alt=\"\" title=\"014\" aria-label=\"014\" class=\"img-responsive wp-image-1154\" srcset=\"https:\/\/enapol.com\/vii\/wp-content\/uploads\/sites\/7\/2021\/09\/014-200x129.jpg 200w, https:\/\/enapol.com\/vii\/wp-content\/uploads\/sites\/7\/2021\/09\/014-400x259.jpg 400w, https:\/\/enapol.com\/vii\/wp-content\/uploads\/sites\/7\/2021\/09\/014-600x388.jpg 600w, https:\/\/enapol.com\/vii\/wp-content\/uploads\/sites\/7\/2021\/09\/014-800x518.jpg 800w, https:\/\/enapol.com\/vii\/wp-content\/uploads\/sites\/7\/2021\/09\/014-1200x777.jpg 1200w, https:\/\/enapol.com\/vii\/wp-content\/uploads\/sites\/7\/2021\/09\/014.jpg 1465w\" sizes=\"(min-width: 2200px) 100vw, (min-width: 712px) 645px, (min-width: 640px) 712px, \" \/><\/a><\/div><\/div><div style=\"padding:10px;\" class=\"fusion-grid-column fusion-gallery-column fusion-gallery-column-2 hover-type-zoomin\"><div class=\"fusion-gallery-image\"><a href=\"https:\/\/enapol.com\/vii\/wp-content\/uploads\/sites\/7\/2021\/09\/0021.jpg\" rel=\"noreferrer\" data-rel=\"iLightbox[gallery_image_1]\" class=\"fusion-lightbox\" target=\"_self\"><img decoding=\"async\" src=\"https:\/\/enapol.com\/vii\/wp-content\/uploads\/sites\/7\/2021\/09\/0021.jpg\" width=\"1465\" height=\"948\" alt=\"\" title=\"0021\" aria-label=\"0021\" class=\"img-responsive wp-image-1155\" srcset=\"https:\/\/enapol.com\/vii\/wp-content\/uploads\/sites\/7\/2021\/09\/0021-200x129.jpg 200w, https:\/\/enapol.com\/vii\/wp-content\/uploads\/sites\/7\/2021\/09\/0021-400x259.jpg 400w, https:\/\/enapol.com\/vii\/wp-content\/uploads\/sites\/7\/2021\/09\/0021-600x388.jpg 600w, https:\/\/enapol.com\/vii\/wp-content\/uploads\/sites\/7\/2021\/09\/0021-800x518.jpg 800w, https:\/\/enapol.com\/vii\/wp-content\/uploads\/sites\/7\/2021\/09\/0021-1200x777.jpg 1200w, https:\/\/enapol.com\/vii\/wp-content\/uploads\/sites\/7\/2021\/09\/0021.jpg 1465w\" sizes=\"(min-width: 2200px) 100vw, (min-width: 712px) 645px, (min-width: 640px) 712px, \" \/><\/a><\/div><\/div><div class=\"clearfix\"><\/div><div style=\"padding:10px;\" class=\"fusion-grid-column fusion-gallery-column fusion-gallery-column-2 hover-type-zoomin\"><div class=\"fusion-gallery-image\"><a href=\"https:\/\/enapol.com\/vii\/wp-content\/uploads\/sites\/7\/2021\/09\/0031.jpg\" rel=\"noreferrer\" data-rel=\"iLightbox[gallery_image_1]\" class=\"fusion-lightbox\" target=\"_self\"><img decoding=\"async\" src=\"https:\/\/enapol.com\/vii\/wp-content\/uploads\/sites\/7\/2021\/09\/0031.jpg\" width=\"1465\" height=\"948\" alt=\"\" title=\"0031\" aria-label=\"0031\" class=\"img-responsive wp-image-1156\" srcset=\"https:\/\/enapol.com\/vii\/wp-content\/uploads\/sites\/7\/2021\/09\/0031-200x129.jpg 200w, https:\/\/enapol.com\/vii\/wp-content\/uploads\/sites\/7\/2021\/09\/0031-400x259.jpg 400w, https:\/\/enapol.com\/vii\/wp-content\/uploads\/sites\/7\/2021\/09\/0031-600x388.jpg 600w, https:\/\/enapol.com\/vii\/wp-content\/uploads\/sites\/7\/2021\/09\/0031-800x518.jpg 800w, https:\/\/enapol.com\/vii\/wp-content\/uploads\/sites\/7\/2021\/09\/0031-1200x777.jpg 1200w, https:\/\/enapol.com\/vii\/wp-content\/uploads\/sites\/7\/2021\/09\/0031.jpg 1465w\" sizes=\"(min-width: 2200px) 100vw, (min-width: 712px) 645px, (min-width: 640px) 712px, \" \/><\/a><\/div><\/div><div style=\"padding:10px;\" class=\"fusion-grid-column fusion-gallery-column fusion-gallery-column-2 hover-type-zoomin\"><div class=\"fusion-gallery-image\"><a href=\"https:\/\/enapol.com\/vii\/wp-content\/uploads\/sites\/7\/2021\/09\/0041.jpg\" rel=\"noreferrer\" data-rel=\"iLightbox[gallery_image_1]\" class=\"fusion-lightbox\" target=\"_self\"><img decoding=\"async\" src=\"https:\/\/enapol.com\/vii\/wp-content\/uploads\/sites\/7\/2021\/09\/0041.jpg\" width=\"1465\" height=\"948\" alt=\"\" title=\"0041\" aria-label=\"0041\" class=\"img-responsive wp-image-1157\" srcset=\"https:\/\/enapol.com\/vii\/wp-content\/uploads\/sites\/7\/2021\/09\/0041-200x129.jpg 200w, https:\/\/enapol.com\/vii\/wp-content\/uploads\/sites\/7\/2021\/09\/0041-400x259.jpg 400w, https:\/\/enapol.com\/vii\/wp-content\/uploads\/sites\/7\/2021\/09\/0041-600x388.jpg 600w, https:\/\/enapol.com\/vii\/wp-content\/uploads\/sites\/7\/2021\/09\/0041-800x518.jpg 800w, https:\/\/enapol.com\/vii\/wp-content\/uploads\/sites\/7\/2021\/09\/0041-1200x777.jpg 1200w, https:\/\/enapol.com\/vii\/wp-content\/uploads\/sites\/7\/2021\/09\/0041.jpg 1465w\" sizes=\"(min-width: 2200px) 100vw, (min-width: 712px) 645px, (min-width: 640px) 712px, \" \/><\/a><\/div><\/div><div class=\"clearfix\"><\/div><div style=\"padding:10px;\" class=\"fusion-grid-column fusion-gallery-column fusion-gallery-column-2 hover-type-zoomin\"><div class=\"fusion-gallery-image\"><a href=\"https:\/\/enapol.com\/vii\/wp-content\/uploads\/sites\/7\/2021\/09\/0051.jpg\" rel=\"noreferrer\" data-rel=\"iLightbox[gallery_image_1]\" class=\"fusion-lightbox\" target=\"_self\"><img decoding=\"async\" src=\"https:\/\/enapol.com\/vii\/wp-content\/uploads\/sites\/7\/2021\/09\/0051.jpg\" width=\"1465\" height=\"948\" alt=\"\" title=\"0051\" aria-label=\"0051\" class=\"img-responsive wp-image-1158\" srcset=\"https:\/\/enapol.com\/vii\/wp-content\/uploads\/sites\/7\/2021\/09\/0051-200x129.jpg 200w, https:\/\/enapol.com\/vii\/wp-content\/uploads\/sites\/7\/2021\/09\/0051-400x259.jpg 400w, https:\/\/enapol.com\/vii\/wp-content\/uploads\/sites\/7\/2021\/09\/0051-600x388.jpg 600w, https:\/\/enapol.com\/vii\/wp-content\/uploads\/sites\/7\/2021\/09\/0051-800x518.jpg 800w, https:\/\/enapol.com\/vii\/wp-content\/uploads\/sites\/7\/2021\/09\/0051-1200x777.jpg 1200w, https:\/\/enapol.com\/vii\/wp-content\/uploads\/sites\/7\/2021\/09\/0051.jpg 1465w\" sizes=\"(min-width: 2200px) 100vw, (min-width: 712px) 645px, (min-width: 640px) 712px, \" \/><\/a><\/div><\/div><div style=\"padding:10px;\" class=\"fusion-grid-column fusion-gallery-column fusion-gallery-column-2 hover-type-zoomin\"><div class=\"fusion-gallery-image\"><a href=\"https:\/\/enapol.com\/vii\/wp-content\/uploads\/sites\/7\/2021\/09\/0061.jpg\" rel=\"noreferrer\" data-rel=\"iLightbox[gallery_image_1]\" class=\"fusion-lightbox\" target=\"_self\"><img decoding=\"async\" src=\"https:\/\/enapol.com\/vii\/wp-content\/uploads\/sites\/7\/2021\/09\/0061.jpg\" width=\"1465\" height=\"948\" alt=\"\" title=\"0061\" aria-label=\"0061\" class=\"img-responsive wp-image-1159\" srcset=\"https:\/\/enapol.com\/vii\/wp-content\/uploads\/sites\/7\/2021\/09\/0061-200x129.jpg 200w, https:\/\/enapol.com\/vii\/wp-content\/uploads\/sites\/7\/2021\/09\/0061-400x259.jpg 400w, https:\/\/enapol.com\/vii\/wp-content\/uploads\/sites\/7\/2021\/09\/0061-600x388.jpg 600w, https:\/\/enapol.com\/vii\/wp-content\/uploads\/sites\/7\/2021\/09\/0061-800x518.jpg 800w, https:\/\/enapol.com\/vii\/wp-content\/uploads\/sites\/7\/2021\/09\/0061-1200x777.jpg 1200w, https:\/\/enapol.com\/vii\/wp-content\/uploads\/sites\/7\/2021\/09\/0061.jpg 1465w\" sizes=\"(min-width: 2200px) 100vw, (min-width: 712px) 645px, (min-width: 640px) 712px, \" \/><\/a><\/div><\/div><div class=\"clearfix\"><\/div><div style=\"padding:10px;\" class=\"fusion-grid-column fusion-gallery-column fusion-gallery-column-2 hover-type-zoomin\"><div class=\"fusion-gallery-image\"><a href=\"https:\/\/enapol.com\/vii\/wp-content\/uploads\/sites\/7\/2021\/09\/0071.jpg\" rel=\"noreferrer\" data-rel=\"iLightbox[gallery_image_1]\" class=\"fusion-lightbox\" target=\"_self\"><img decoding=\"async\" src=\"https:\/\/enapol.com\/vii\/wp-content\/uploads\/sites\/7\/2021\/09\/0071.jpg\" width=\"1465\" height=\"948\" alt=\"\" title=\"0071\" aria-label=\"0071\" class=\"img-responsive wp-image-1160\" srcset=\"https:\/\/enapol.com\/vii\/wp-content\/uploads\/sites\/7\/2021\/09\/0071-200x129.jpg 200w, https:\/\/enapol.com\/vii\/wp-content\/uploads\/sites\/7\/2021\/09\/0071-400x259.jpg 400w, https:\/\/enapol.com\/vii\/wp-content\/uploads\/sites\/7\/2021\/09\/0071-600x388.jpg 600w, https:\/\/enapol.com\/vii\/wp-content\/uploads\/sites\/7\/2021\/09\/0071-800x518.jpg 800w, https:\/\/enapol.com\/vii\/wp-content\/uploads\/sites\/7\/2021\/09\/0071-1200x777.jpg 1200w, https:\/\/enapol.com\/vii\/wp-content\/uploads\/sites\/7\/2021\/09\/0071.jpg 1465w\" sizes=\"(min-width: 2200px) 100vw, (min-width: 712px) 645px, (min-width: 640px) 712px, \" \/><\/a><\/div><\/div><div style=\"padding:10px;\" class=\"fusion-grid-column fusion-gallery-column fusion-gallery-column-2 hover-type-zoomin\"><div class=\"fusion-gallery-image\"><a href=\"https:\/\/enapol.com\/vii\/wp-content\/uploads\/sites\/7\/2021\/09\/bitacora.jpg\" rel=\"noreferrer\" data-rel=\"iLightbox[gallery_image_1]\" class=\"fusion-lightbox\" target=\"_self\"><img decoding=\"async\" src=\"https:\/\/enapol.com\/vii\/wp-content\/uploads\/sites\/7\/2021\/09\/bitacora.jpg\" width=\"1182\" height=\"1418\" alt=\"\" title=\"bitacora\" aria-label=\"bitacora\" class=\"img-responsive wp-image-1161\" srcset=\"https:\/\/enapol.com\/vii\/wp-content\/uploads\/sites\/7\/2021\/09\/bitacora-200x240.jpg 200w, https:\/\/enapol.com\/vii\/wp-content\/uploads\/sites\/7\/2021\/09\/bitacora-400x480.jpg 400w, https:\/\/enapol.com\/vii\/wp-content\/uploads\/sites\/7\/2021\/09\/bitacora-600x720.jpg 600w, https:\/\/enapol.com\/vii\/wp-content\/uploads\/sites\/7\/2021\/09\/bitacora-800x960.jpg 800w, https:\/\/enapol.com\/vii\/wp-content\/uploads\/sites\/7\/2021\/09\/bitacora.jpg 1182w\" sizes=\"(min-width: 2200px) 100vw, (min-width: 712px) 645px, (min-width: 640px) 712px, \" \/><\/a><\/div><\/div><div class=\"clearfix\"><\/div><div style=\"padding:10px;\" class=\"fusion-grid-column fusion-gallery-column fusion-gallery-column-2 hover-type-zoomin\"><div class=\"fusion-gallery-image\"><a href=\"https:\/\/enapol.com\/vii\/wp-content\/uploads\/sites\/7\/2021\/09\/0011.jpg\" rel=\"noreferrer\" data-rel=\"iLightbox[gallery_image_1]\" class=\"fusion-lightbox\" target=\"_self\"><img decoding=\"async\" src=\"https:\/\/enapol.com\/vii\/wp-content\/uploads\/sites\/7\/2021\/09\/0011.jpg\" width=\"1465\" height=\"948\" alt=\"\" title=\"0011\" aria-label=\"0011\" class=\"img-responsive wp-image-1162\" srcset=\"https:\/\/enapol.com\/vii\/wp-content\/uploads\/sites\/7\/2021\/09\/0011-200x129.jpg 200w, https:\/\/enapol.com\/vii\/wp-content\/uploads\/sites\/7\/2021\/09\/0011-400x259.jpg 400w, https:\/\/enapol.com\/vii\/wp-content\/uploads\/sites\/7\/2021\/09\/0011-600x388.jpg 600w, https:\/\/enapol.com\/vii\/wp-content\/uploads\/sites\/7\/2021\/09\/0011-800x518.jpg 800w, https:\/\/enapol.com\/vii\/wp-content\/uploads\/sites\/7\/2021\/09\/0011-1200x777.jpg 1200w, https:\/\/enapol.com\/vii\/wp-content\/uploads\/sites\/7\/2021\/09\/0011.jpg 1465w\" sizes=\"(min-width: 2200px) 100vw, (min-width: 712px) 645px, (min-width: 640px) 712px, \" \/><\/a><\/div><\/div><\/div><\/div><\/div><\/div><\/div><\/div>\n","protected":false},"excerpt":{"rendered":"","protected":false},"author":1,"featured_media":0,"parent":26,"menu_order":9,"comment_status":"closed","ping_status":"closed","template":"","meta":{"_monsterinsights_skip_tracking":false,"_monsterinsights_sitenote_active":false,"_monsterinsights_sitenote_note":"","_monsterinsights_sitenote_category":0,"footnotes":""},"_links":{"self":[{"href":"https:\/\/enapol.com\/vii\/wp-json\/wp\/v2\/pages\/113"}],"collection":[{"href":"https:\/\/enapol.com\/vii\/wp-json\/wp\/v2\/pages"}],"about":[{"href":"https:\/\/enapol.com\/vii\/wp-json\/wp\/v2\/types\/page"}],"author":[{"embeddable":true,"href":"https:\/\/enapol.com\/vii\/wp-json\/wp\/v2\/users\/1"}],"replies":[{"embeddable":true,"href":"https:\/\/enapol.com\/vii\/wp-json\/wp\/v2\/comments?post=113"}],"version-history":[{"count":5,"href":"https:\/\/enapol.com\/vii\/wp-json\/wp\/v2\/pages\/113\/revisions"}],"predecessor-version":[{"id":1165,"href":"https:\/\/enapol.com\/vii\/wp-json\/wp\/v2\/pages\/113\/revisions\/1165"}],"up":[{"embeddable":true,"href":"https:\/\/enapol.com\/vii\/wp-json\/wp\/v2\/pages\/26"}],"wp:attachment":[{"href":"https:\/\/enapol.com\/vii\/wp-json\/wp\/v2\/media?parent=113"}],"curies":[{"name":"wp","href":"https:\/\/api.w.org\/{rel}","templated":true}]}}