{"id":283,"date":"2021-08-29T18:45:31","date_gmt":"2021-08-29T21:45:31","guid":{"rendered":"http:\/\/x-enapol.org\/vii\/?page_id=283"},"modified":"2021-08-29T19:08:58","modified_gmt":"2021-08-29T22:08:58","slug":"comision-de-eventos-satelites","status":"publish","type":"page","link":"https:\/\/enapol.com\/vii\/encuentro\/comision-organizadora\/comision-de-eventos-satelites\/","title":{"rendered":"Comisi\u00f3n de Eventos Sat\u00e9lites"},"content":{"rendered":"<div class=\"fusion-fullwidth fullwidth-box fusion-builder-row-1 fusion-flex-container nonhundred-percent-fullwidth non-hundred-percent-height-scrolling\" style=\"--awb-border-radius-top-left:0px;--awb-border-radius-top-right:0px;--awb-border-radius-bottom-right:0px;--awb-border-radius-bottom-left:0px;--awb-flex-wrap:wrap;\" ><div class=\"fusion-builder-row fusion-row fusion-flex-align-items-flex-start fusion-flex-content-wrap\" style=\"max-width:1352px;margin-left: calc(-4% \/ 2 );margin-right: calc(-4% \/ 2 );\"><div class=\"fusion-layout-column fusion_builder_column fusion-builder-column-0 fusion_builder_column_1_1 1_1 fusion-flex-column\" style=\"--awb-bg-size:cover;--awb-width-large:100%;--awb-margin-top-large:0px;--awb-spacing-right-large:1.92%;--awb-margin-bottom-large:20px;--awb-spacing-left-large:1.92%;--awb-width-medium:100%;--awb-order-medium:0;--awb-spacing-right-medium:1.92%;--awb-spacing-left-medium:1.92%;--awb-width-small:100%;--awb-order-small:0;--awb-spacing-right-small:1.92%;--awb-spacing-left-small:1.92%;\"><div class=\"fusion-column-wrapper fusion-column-has-shadow fusion-flex-justify-content-flex-start fusion-content-layout-column\"><div class=\"fusion-text fusion-text-1\"><p style=\"text-align: justify;\">La Comisi\u00f3n de Eventos Sat\u00e9lites tiene por funci\u00f3n promover las condiciones necesarias para que estos eventos transcurran del mejor modo posible. Vale recordar que un sat\u00e9lite est\u00e1 \u00edntimamente ligado a un cuerpo mayor y as\u00ed los significantes CIEN, NR CEREDA y TyA se articulan al Campo Freudiano, pero no se configuran como instituciones dentro de la instituci\u00f3n. Son significantes sostenidos por cada uno que est\u00e1 transferencialmente ligado a estas instancias.<\/p>\n<p style=\"text-align: right;\"><a href=\"mailto:vm.ferranti@gmail.com\">vm.ferranti@gmail.com<\/a><\/p>\n<p>\u00a0<\/p>\n<ul>\n<li>Cristiana Gallo (NR CEREDA\/ EBP\/AMP\/ SP)<\/li>\n<li>Jazmin Torregiani (TyA\/EOL\/AMP\/BsAs)<\/li>\n<li>Maria C\u00e9lia Reinaldo Kato (TyA\/EBP\/AMP\/SP)<\/li>\n<li>Maria Eugenia Cora (NR CEREDA\/EOL\/AMP\/BsAs)<\/li>\n<li>Maria Luiza Ricupero (NRCEREDA\/SP)<\/li>\n<li>Raquel Degenszajn (NRCEREDA\/SP)<\/li>\n<li>Roxana Vogler (NRCEREDA\/BsAs)<\/li>\n<li>Siglia Le\u00e3o (CIEN\/Clin-a\/SP)<\/li>\n<li>Silvia Jacobo (NRCEREDA\/SP)<\/li>\n<li>Val\u00e9ria Ferranti \u2013 NRCEREDA\/EBP\/AMP\/SP (coordinaci\u00f3n)<\/li>\n<\/ul>\n<\/div><\/div><\/div><\/div><\/div>\n","protected":false},"excerpt":{"rendered":"","protected":false},"author":1,"featured_media":0,"parent":88,"menu_order":9,"comment_status":"closed","ping_status":"closed","template":"","meta":{"_monsterinsights_skip_tracking":false,"_monsterinsights_sitenote_active":false,"_monsterinsights_sitenote_note":"","_monsterinsights_sitenote_category":0,"footnotes":""},"_links":{"self":[{"href":"https:\/\/enapol.com\/vii\/wp-json\/wp\/v2\/pages\/283"}],"collection":[{"href":"https:\/\/enapol.com\/vii\/wp-json\/wp\/v2\/pages"}],"about":[{"href":"https:\/\/enapol.com\/vii\/wp-json\/wp\/v2\/types\/page"}],"author":[{"embeddable":true,"href":"https:\/\/enapol.com\/vii\/wp-json\/wp\/v2\/users\/1"}],"replies":[{"embeddable":true,"href":"https:\/\/enapol.com\/vii\/wp-json\/wp\/v2\/comments?post=283"}],"version-history":[{"count":2,"href":"https:\/\/enapol.com\/vii\/wp-json\/wp\/v2\/pages\/283\/revisions"}],"predecessor-version":[{"id":336,"href":"https:\/\/enapol.com\/vii\/wp-json\/wp\/v2\/pages\/283\/revisions\/336"}],"up":[{"embeddable":true,"href":"https:\/\/enapol.com\/vii\/wp-json\/wp\/v2\/pages\/88"}],"wp:attachment":[{"href":"https:\/\/enapol.com\/vii\/wp-json\/wp\/v2\/media?parent=283"}],"curies":[{"name":"wp","href":"https:\/\/api.w.org\/{rel}","templated":true}]}}