{"id":43,"date":"2021-08-29T14:49:48","date_gmt":"2021-08-29T17:49:48","guid":{"rendered":"http:\/\/x-enapol.org\/vii\/?page_id=43"},"modified":"2021-08-30T17:32:51","modified_gmt":"2021-08-30T20:32:51","slug":"bibliografia","status":"publish","type":"page","link":"https:\/\/enapol.com\/vii\/bibliografia\/","title":{"rendered":"BIBLIOGRAF\u00cdA"},"content":{"rendered":"<div class=\"fusion-fullwidth fullwidth-box fusion-builder-row-1 fusion-flex-container nonhundred-percent-fullwidth non-hundred-percent-height-scrolling\" style=\"--awb-border-radius-top-left:0px;--awb-border-radius-top-right:0px;--awb-border-radius-bottom-right:0px;--awb-border-radius-bottom-left:0px;--awb-flex-wrap:wrap;\" ><div class=\"fusion-builder-row fusion-row fusion-flex-align-items-flex-start fusion-flex-content-wrap\" style=\"max-width:1352px;margin-left: calc(-4% \/ 2 );margin-right: calc(-4% \/ 2 );\"><div class=\"fusion-layout-column fusion_builder_column fusion-builder-column-0 fusion_builder_column_1_1 1_1 fusion-flex-column\" style=\"--awb-bg-size:cover;--awb-width-large:100%;--awb-margin-top-large:0px;--awb-spacing-right-large:1.92%;--awb-margin-bottom-large:20px;--awb-spacing-left-large:1.92%;--awb-width-medium:100%;--awb-order-medium:0;--awb-spacing-right-medium:1.92%;--awb-spacing-left-medium:1.92%;--awb-width-small:100%;--awb-order-small:0;--awb-spacing-right-small:1.92%;--awb-spacing-left-small:1.92%;\"><div class=\"fusion-column-wrapper fusion-column-has-shadow fusion-flex-justify-content-flex-start fusion-content-layout-column\"><div class=\"fusion-text fusion-text-1\"><p style=\"text-align: justify;\">\u00a1La Comisi\u00f3n de Investigaci\u00f3n bibliogr\u00e1fica ha llevado a cabo un extenso y variado labor! Voy a destacar gradualmente algunos puntos interesantes.<\/p>\n<p style=\"text-align: justify;\">En este momento, llamo la atenci\u00f3n a la producci\u00f3n de la comisi\u00f3n que hizo la investigaci\u00f3n bibliogr\u00e1fica en Freud, que ha realizado un trabajo enjuto y puntual.<\/p>\n<p style=\"text-align: justify;\">Se presentaron tres listas, cada una con una propuesta de articulaci\u00f3n propia y un texto de introducci\u00f3n que explica el camino hecho.<\/p>\n<p style=\"text-align: justify;\">En la primera lista el trabajo ha tenido como punto de partida el texto \u201cEl inconsciente\u201d. Siguiendo la relaci\u00f3n REPRESENTACI\u00d3N-IMAGEN all\u00ed propuesta por Freud, otras referencias se sugieren y la imagen es relacionada \u201ca las nociones de imagen memoria, de imagen y representaci\u00f3n en los sue\u00f1os,\u00a0<em>imago<\/em>\u00a0paterna y\u00a0<em>imago\u00a0<\/em>materna, simbolismo, juicio de atribuci\u00f3n, representaci\u00f3n de cosa y representaci\u00f3n de palabra \u201c.<\/p>\n<p style=\"text-align: justify;\">Es decir, la imagen relacionada a lo que es del orden SIMB\u00d3LICO.<\/p>\n<p style=\"text-align: justify;\">En la segunda lista la articulaci\u00f3n se dirige a lo REAL, en busca de la imagen mientras se correlaciona con el CUERPO y la PULSI\u00d3N.<\/p>\n<p style=\"text-align: justify;\">\u201cPor lo tanto, esta lista de art\u00edculos de Freud pone en relieve t\u00e9rminos tales como: auto-erotismo, cuerpo propio, yo-cuerpo (yo corporal), ideal del yo, supery\u00f3, identificaci\u00f3n, falo, cuerpo del Otro\u201d.<\/p>\n<p style=\"text-align: justify;\">En la tercera lista el hilo conductor ha sido la mirada, y su papel en la constituci\u00f3n de la imagen del yo.<\/p>\n<p style=\"text-align: justify;\">\u201cMirar \/ hacer mirar, espionar \/ ser espionado, mirar \/ ser mirado, exponerse, exhibirse, mirarse sendo mirado, apuntan para la relevancia del tema de la pulsi\u00f3n, concepto freudiano que est\u00e1 en la frontera entre el som\u00e1tico y el ps\u00edquico\u201d.<\/p>\n<p style=\"text-align: justify;\">\u00a1Echa un vistazo en el sitio en la totalidad del trabajo y en los textos sugeridos!<\/p>\n<p style=\"text-align: justify;\"><em>M\u00f4nica Bueno de Camargo<\/em><\/p>\n<\/div><\/div><\/div><\/div><\/div>\n","protected":false},"excerpt":{"rendered":"","protected":false},"author":1,"featured_media":0,"parent":0,"menu_order":6,"comment_status":"closed","ping_status":"closed","template":"","meta":{"_monsterinsights_skip_tracking":false,"_monsterinsights_sitenote_active":false,"_monsterinsights_sitenote_note":"","_monsterinsights_sitenote_category":0,"footnotes":""},"_links":{"self":[{"href":"https:\/\/enapol.com\/vii\/wp-json\/wp\/v2\/pages\/43"}],"collection":[{"href":"https:\/\/enapol.com\/vii\/wp-json\/wp\/v2\/pages"}],"about":[{"href":"https:\/\/enapol.com\/vii\/wp-json\/wp\/v2\/types\/page"}],"author":[{"embeddable":true,"href":"https:\/\/enapol.com\/vii\/wp-json\/wp\/v2\/users\/1"}],"replies":[{"embeddable":true,"href":"https:\/\/enapol.com\/vii\/wp-json\/wp\/v2\/comments?post=43"}],"version-history":[{"count":2,"href":"https:\/\/enapol.com\/vii\/wp-json\/wp\/v2\/pages\/43\/revisions"}],"predecessor-version":[{"id":462,"href":"https:\/\/enapol.com\/vii\/wp-json\/wp\/v2\/pages\/43\/revisions\/462"}],"wp:attachment":[{"href":"https:\/\/enapol.com\/vii\/wp-json\/wp\/v2\/media?parent=43"}],"curies":[{"name":"wp","href":"https:\/\/api.w.org\/{rel}","templated":true}]}}