{"id":442,"date":"2021-08-30T16:57:49","date_gmt":"2021-08-30T19:57:49","guid":{"rendered":"http:\/\/x-enapol.org\/vii\/?page_id=442"},"modified":"2021-09-03T14:07:10","modified_gmt":"2021-09-03T17:07:10","slug":"otros-autores","status":"publish","type":"page","link":"https:\/\/enapol.com\/vii\/bibliografia\/otros-autores\/","title":{"rendered":"Otros autores"},"content":{"rendered":"<div class=\"fusion-fullwidth fullwidth-box fusion-builder-row-1 fusion-flex-container nonhundred-percent-fullwidth non-hundred-percent-height-scrolling\" style=\"--awb-border-radius-top-left:0px;--awb-border-radius-top-right:0px;--awb-border-radius-bottom-right:0px;--awb-border-radius-bottom-left:0px;--awb-flex-wrap:wrap;\" ><div class=\"fusion-builder-row fusion-row fusion-flex-align-items-flex-start fusion-flex-content-wrap\" style=\"max-width:1352px;margin-left: calc(-4% \/ 2 );margin-right: calc(-4% \/ 2 );\"><div class=\"fusion-layout-column fusion_builder_column fusion-builder-column-0 fusion_builder_column_1_1 1_1 fusion-flex-column\" style=\"--awb-bg-size:cover;--awb-width-large:100%;--awb-margin-top-large:0px;--awb-spacing-right-large:1.92%;--awb-margin-bottom-large:20px;--awb-spacing-left-large:1.92%;--awb-width-medium:100%;--awb-order-medium:0;--awb-spacing-right-medium:1.92%;--awb-spacing-left-medium:1.92%;--awb-width-small:100%;--awb-order-small:0;--awb-spacing-right-small:1.92%;--awb-spacing-left-small:1.92%;\"><div class=\"fusion-column-wrapper fusion-column-has-shadow fusion-flex-justify-content-flex-start fusion-content-layout-column\"><div class=\"fusion-text fusion-text-1\"><ul>\n<li style=\"text-align: justify;\">Antu\u00f1a, A.\u00a0<strong>Transformaciones en el Otro social Sexuaci<\/strong><strong>\u00f3<\/strong><strong>n y filiaci<\/strong><strong>\u00f3n<\/strong>. 2014. In:\u00a0<a href=\"http:\/\/virtualia.eol.org.ar\/028\/template.asp?Sexo-y-epoca\/Transformaciones-en-el-Otro-social.html\">http:\/\/virtualia.eol.org.ar\/028\/template.asp?Sexo-y-epoca\/Transformaciones-en-el-Otro-social.html<\/a><\/li>\n<li style=\"text-align: justify;\">Aflalo, A., Arenas, A., y Brousse, M.-H.\u00a0<strong>El s\u00edntoma y la pulsi\u00f3n<\/strong>. In:<strong>\u00a0La envoltura formal del s\u00edntoma.\u00a0<\/strong>Buenos Aires: Manantial, 1989, pp. 17-22.<\/li>\n<li style=\"text-align: justify;\">Avola, L.\u00a0<strong>De lo virtual a lo real.<\/strong>\u00a0In:\u00a0<em>Enlaces<\/em>, n\u00b0 13, Buenos Aires, Ed. Departamento de estudios psicoanal\u00edticos sobre la Familia, Ed. Grama, 2008, pp. 53-56.<\/li>\n<li style=\"text-align: justify;\">Barros, R.\u00a0<strong>O\u00a0tempo\u00a0da\u00a0felicidade: pontos para uma discuss\u00e3o<\/strong>.\u00a0In: Arteira, n\u00b01, Revista de psican\u00e1lise, EBP- SC, Florian\u00f3polis, 2008, pp. 53-57.<\/li>\n<li style=\"text-align: justify;\">________.\u00a0<strong>Sobre a identifica\u00e7\u00e3o com o objeto.<\/strong>\u00a0In:\u00a0<strong>A\u00a0dor\u00a0de\u00a0existir\u00a0e suas\u00a0formas\u00a0cl\u00ednicas: tristeza, depress\u00e3o, melancolia<\/strong>,\u00a0Rio\u00a0de\u00a0Janeiro, Contra Capa, 1997, pp. 207-216.<\/li>\n<li style=\"text-align: justify;\">________.\u00a0<strong>Sublima\u00e7\u00e3o,\u00a0sujeito\u00a0e\u00a0objeto.\u00a0<\/strong>In: Arteira, n\u00b0 3<strong>,<\/strong>\u00a0Revista de psican\u00e1lise, EBP- SC, Florian\u00f3polis, 2010, pp. 105-111.<\/li>\n<li style=\"text-align: justify;\">Bassols, M.\u00a0<strong>Fam\u00edlia e Nome-do-Pai<\/strong>. In:\u00a0Scilicet,\u00a0<strong>Nomes do Pai.<\/strong>\u00a0EBP, Rio de Janeiro, 2005, pp. 54-55.<\/li>\n<li style=\"text-align: justify;\">_________.\u00a0<strong>Tu yo no es tuyo: lo real del psicoan\u00e1lisis en la ci\u00eancia<\/strong>. Buenos Aires,Tres Haches, 2011.<\/li>\n<li style=\"text-align: justify;\">Benito E., Gasbarro C., Indart J.C., Klainer E., Rubinetti C., y Vitale F.\u00a0<strong>De la histeria sin Nombre del Padre<\/strong>. Editorial Grama, serie temps, 2014.<\/li>\n<li style=\"text-align: justify;\">Benito E., Gasbarro C., Indart J.C., Tudanca L., y Vitale F.\u00a0<strong>Entre neurosis y psicosis. Fen\u00f3menos mixtos en la cl\u00ednica psicoanal\u00edtica actual.<\/strong>\u00a0Editorial Grama, Serie Temps, 2009.<\/li>\n<li style=\"text-align: justify;\">Berkoff, M.\u00a0<strong>La nueva realidad virtual o la ilusi<\/strong><strong>\u00f3<\/strong><strong>n del abandono de los cuerpos<\/strong>. In: El Caldero de la Escuela, n\u00b0 73, E.O.L., Buenos Aires, 1999, pp. 59-62.<\/li>\n<li style=\"text-align: justify;\">________.\u00a0<strong>Lo nuevo en la virtualidad<\/strong>. In:\u00a0<strong>Actualidad de la pr<\/strong><strong>\u00e1<\/strong><strong>ctica psicoanal<\/strong><strong>\u00ed<\/strong><strong>tica: psicoan<\/strong><strong>\u00e1<\/strong><strong>lisis con ni\u00f1os y p<\/strong><strong>\u00faberes<\/strong>, Centro Peque\u00f1o Hans, Instituto del Campo Freudiano, Buenos Aires, Ed. Labrado, 1999, pp. 151-155.<\/li>\n<li style=\"text-align: justify;\">Bettendorff, M.-E.\u00a0<strong>La mirada virtual<\/strong>. In: El Murci\u00e9lago, n\u00b06, Fundaci\u00f3n Descartes, Buenos Aires, 1994, pp. 30-31.<\/li>\n<li style=\"text-align: justify;\">Blanco, L., Cazenane, L., Delgado, O., Goldenberg, M., y Ons, S.\u00a0<strong>La p<\/strong><strong>\u00e9<\/strong><strong>rdida de la ficci<\/strong><strong>\u00f3<\/strong><strong>n en la realidad virtual.\u00a0<\/strong>In:<strong>\u00a0<em>Lecturas de lo nuevo. Una investigaci<\/em><\/strong><strong><em>\u00f3<\/em><\/strong><strong><em>n sobre la\u00a0<\/em><\/strong><strong><em>\u00e9<\/em><\/strong><strong><em>poca y la pulsi<\/em><\/strong><strong><em>\u00f3n<\/em><\/strong><strong>\u00a0.\u00a0<\/strong>Buenos Aires, Ed. Tres Haches, 2011, pp. 45-50.<\/li>\n<li style=\"text-align: justify;\">Brodsky, G.\u00a0<strong>La liebre y el erizo. Variaciones sobre la identidad y la diferencia<\/strong>. 2011. In:\u00a0<a href=\"http:\/\/virtualia.eol.org.ar\/022\/template.asp?La-diferencia-sexual-en-la-experiencia-analitica\/La-liebre-y-el-erizo-Variaciones-sobre-la-identidad-y-la-diferencia.html\">http:\/\/virtualia.eol.org.ar\/022\/template.asp?La-diferencia-sexual-en-la-experiencia-analitica\/La-liebre-y-el-erizo-Variaciones-sobre-la-identidad-y-la-diferencia.html<\/a><\/li>\n<li style=\"text-align: justify;\">Brousse, M.-H<strong>. El supery\u00f3:\u00a0del ideal hacia el objeto.<\/strong>\u00a0C\u00f3rdoba, CIEC, 2011.<\/li>\n<li style=\"text-align: justify;\">_________.\u00a0<strong>Seminario de investigacion el cuerpo en psicoan\u00e1lisis<\/strong>. \u00a0Madrid, ELP, 2011.<\/li>\n<li style=\"text-align: justify;\">Casullo, N.\u00a0<strong>La nueva espiritualidad virtual<\/strong>. In: Pensamiento de los Confines, n\u00b06, 2 da. \u00e9poca, Buenos Aires, Ed. Di\u00f3tima,1999, pp. 11-27.<\/li>\n<li style=\"text-align: justify;\">Cazenave, L.\u00a0<strong>Nuevas virtualidades.<\/strong>\u00a0In: El Caldero de la Escuela, n\u00b0 73, E.O.L., Buenos Aires, 1999, p. 59.<\/li>\n<li style=\"text-align: justify;\">Espinel, M.\u00a0<strong>Semblantes y sinthome.\u00a0<\/strong>In: Scilicet, Paris, Grama, 2010, pp.151-153.<\/li>\n<li style=\"text-align: justify;\">Dafunchio, N.\u00a0<strong>Angustia y oralidad\u00a0imagen\u00a0descompuesta.<\/strong>\u00a0In: i<strong>nhibici\u00f3n, s\u00edntoma y angustia.\u00a0<\/strong>Bueno Aires, Del Bucle, 2010, pp. 307-331.<\/li>\n<li style=\"text-align: justify;\">Faraoni, J., Torres, M., y Schnitzer, G.\u00a0<strong>Uniones del mismo sexo, Diferencia, Invenci<\/strong><strong>\u00f3<\/strong><strong>n y Sexuaci<\/strong><strong>\u00f3n<\/strong><strong>.<\/strong>\u00a0Compiladores, Editorial Grama, Serie Praxia, 2010.<\/li>\n<li style=\"text-align: justify;\">Glaze, A.\u00a0<strong>Una pr<\/strong><strong>\u00e1<\/strong><strong>ctica de la\u00a0<\/strong><strong>\u00e9<\/strong><strong>poca. El psicoan<\/strong><strong>\u00e1<\/strong><strong>lisis en lo contempor<\/strong><strong>\u00e1neo<\/strong>. Editorial Grama 2005.<\/li>\n<li style=\"text-align: justify;\">Grasser, F.\u00a0<strong>S\u00edntoma de lo virtual?<\/strong>\u00a0<strong>Una ciberescuela.<\/strong>\u00a0In: Registros, n\u00b0 6, Buenos Aires, 1998, pp. 50-54.<\/li>\n<li style=\"text-align: justify;\">Horne, B., Guimar\u00e3es, L.\u00a0<strong>As palavras e os corpos<\/strong>. Salvador. 1998.<\/li>\n<li style=\"text-align: justify;\">Horne, B.\u00a0<strong>A solu\u00e7\u00e3o do sintoma<\/strong>. In: Fuentes, M.-J; Veras, M. (Orgs.).\u00a0<strong>Felicidade e sintoma:ensaios para uma psican\u00e1lise no s\u00e9culo XXI.<\/strong>, EPB-Salvador, Rio de Janeiro, Corrupio, 2008, pp. 217-224.<\/li>\n<li style=\"text-align: justify;\">Kurek, A<strong>. Virtualidad<\/strong>. In: Scilicet<em>.\u00a0<\/em><strong>El orden simb<\/strong><strong>\u00f3<\/strong><strong>lico en el siglo XXI. No es mas lo que era.\u00a0<\/strong><strong>\u00bfQu\u00e9\u00a0<\/strong><strong>consecuencias para la cura?<\/strong>\u00a0Buenos Aires, Ed. Grama, 2011, pp. 363-365.<\/li>\n<li style=\"text-align: justify;\">Laia, S.\u00a0<strong>A vis\u00e3o de longe: a televis\u00e3o<\/strong>. In: Zbrun, M. (Org.).\u00a0<strong>A imagem rainha<\/strong>. Rio de Janeiro: Sette Letras, 1995.<\/li>\n<li style=\"text-align: justify;\">Laia, S.\u00a0<strong>A viol\u00eancia nas cidades e o enxame que emaranha a vida: uma leitura referenciada na psican\u00e1lise de orienta\u00e7\u00e3o lacaniana.<\/strong>\u00a0In: Martello, A. Santos, T.; Santiago, J.; (Orgs.).\u00a0<strong>Os corpos falantes e a normatividade do super social<\/strong>. Rio de Janeiro, Companhia de Freud\/FAPERJ, 2014. pp. 281-304.<\/li>\n<li style=\"text-align: justify;\">Laia, S.; Laurent, E.; Vieira, M.-A (Orgs.).\u00a0<strong>Loucuras, sintomas e fantasias na vida cotidiana<\/strong>. Belo Horizonte, Scriptum, 2011.<\/li>\n<li style=\"text-align: justify;\">Laurent, E.\u00a0<strong>A batalha do autismo:\u00a0<\/strong><strong>da cl\u00ednica \u00e0 pol\u00edtica<\/strong>. Rio de Janeiro, Zahar, 2014.<\/li>\n<li style=\"text-align: justify;\">________.\u00a0<strong>Los tratamientos psicoanal\u00edticos de las\u00a0psicosis.<\/strong>\u00a0In:\u00a0<strong>AUTISMO y psicoses em la inf\u00e2ncia condiciones para su tratamento.<\/strong>\u00a0C\u00f3rdoba, Avenir, 2011. pp. 11-34.<\/li>\n<li style=\"text-align: justify;\">_______.\u00a0<strong>El goce sin rostro: psicoan\u00e1lisis y pol\u00edtica de las identidades<\/strong>.<strong>\u00a0<\/strong>Buenos Aires, Tres Haches, 2010.<\/li>\n<li style=\"text-align: justify;\">_______.\u00a0<strong>El sentimiento delirante de la vida.\u00a0<\/strong>Buenos Aires, Colecci\u00f3n Diva, 2011.<\/li>\n<li style=\"text-align: justify;\">________.\u00a0<strong>Improvisaci\u00f3n anorexias<\/strong>. In: Gorali, V. (Comp.).\u00a0<strong>Estudios de anorexia y bulimia.\u00a0<\/strong>Buenos Aires, Atuel-CAP, 2000, pp.131-137.<\/li>\n<li style=\"text-align: justify;\">________.\u00a0<strong>Las paradojas de l\u2019identificacion.\u00a0<\/strong>Buenos Aires, Paidos, 1999.<\/li>\n<li style=\"text-align: justify;\">________.\u00a0<strong>Lo real en imagenes<\/strong>. Paris, Petrel, 1980.<\/li>\n<li style=\"text-align: justify;\">________.\u00a0<strong>Los objetos de la pasion.\u00a0<\/strong>Buenos Aires,Tres Haches, 1999.<\/li>\n<li style=\"text-align: justify;\">________.\u00a0<strong>Modos de entrada en an\u00e1lisis y sus consecuencias.\u00a0<\/strong>Buenos Aires, Paid\u00f3s, 1995.<\/li>\n<li style=\"text-align: justify;\">________.\u00a0<strong>Posiciones femeninas del ser:\u00a0<\/strong><strong>del masoquismo femenino al empuje a la mujer.<\/strong>\u00a0Buenos Aires,Tres Haces, 1999.<\/li>\n<li style=\"text-align: justify;\">________.\u00a0<strong>Siete problemas de l\u00f3gica colectiva en la experiencia del psicoan\u00e1lisis seg\u00fan las ense\u00f1anzas de Lacan<\/strong>. In:\u00a0<strong>IMAGINARIO y l\u00f3gica colectiva.\u00a0<\/strong>Madrid, Eolia, 1996, pp.15-47.<\/li>\n<li style=\"text-align: justify;\">________.\u00a0<strong>Sob o c\u00e9u da psican\u00e1lise e no litoral dos imposs\u00edveis<\/strong>. In: Batista, M.; Laia, S. (Orgs.).\u00a0<strong>Todo mundo delira.\u00a0<\/strong>Belo Horizonte, Scriptum, 2010.<\/li>\n<li style=\"text-align: justify;\">________.\u00a0<strong>Une psychanalyse orient\u00e9e vers le r\u00e9el<\/strong>. In: Miller J. (Org).\u00a0<strong>L\u2019Avenir de l\u2019Autisme avec Rosine et Robert Lefort.\u00a0<\/strong>Paris, Navarin, 2010.<\/li>\n<li style=\"text-align: justify;\">L\u00e9vy, P<strong>.\u00a0<\/strong><strong><em>Qu\u00e9\u00a0<\/em><\/strong><strong><em>es lo virtual?<\/em><\/strong>\u00a0Barcelona, Ed. Paid\u00f3s, 1999.<\/li>\n<li style=\"text-align: justify;\">Lima, C<strong>. A travessia selvagem: uma brecha na fantasia<\/strong>. In:\u00a0<strong>Inibi\u00e7\u00e3o, sintoma e ang\u00fastia na clinica das toxicomanias.\u00a0<\/strong>Funda\u00e7\u00e3o Hospitalar, Belo Horizonte, FHEMIG, 1997, pp.129-134.<\/li>\n<li style=\"text-align: justify;\">Lima, C.\u00a0<strong>O falo: da imagem ao significante.<\/strong>\u00a0In: Maia, M.-A; Almeida, V. (Orgs.).\u00a0<strong>O semin\u00e1rio<\/strong>:\u00a0<strong>as forma\u00e7\u00f5es do inconsciente de Jacques Lacan.<\/strong>\u00a0Rio de Janeiro, EBP-Rio; Papel &amp; Virtual, 2000. pp. 245-253.<\/li>\n<li style=\"text-align: justify;\">Lutenberg, J.\u00a0<strong>El vac<\/strong><strong>\u00ed<\/strong><strong>o y la cultura postmoderna.<\/strong>\u00a0In:\u00a0<strong>La ilusi\u00f3<\/strong><strong>n vaciada. Reflexiones acerca de las experiencias reales y virtuales<\/strong><strong>,\u00a0<\/strong>Buenos Aires, Ed. Lassus, 1999, pp. 9.<\/li>\n<li style=\"text-align: justify;\">Martello, A. Santiago, J. (Orgs.).\u00a0<strong>Os corpos falantes e a normatividade do super social<\/strong>. Rio de Janeiro, Companhia de Freud\/FAPERJ, 2014. pp. 281-304.<\/li>\n<li style=\"text-align: justify;\">Musachi, G.\u00a0<strong>La realidad, virtual.<\/strong>\u00a0In: El Murci\u00e9lago, n\u00b0 6, Fundaci\u00f3n Descartes, Buenos Aires, 1994, pp. 28-30.<\/li>\n<li style=\"text-align: justify;\">Prandi, M.\u00a0<strong>El ni\u00f1o en los mundos virtuales<\/strong>. In:\u00a0<strong>Actualidad de la pr<\/strong><strong>\u00e1<\/strong><strong>ctica psicoanal<\/strong><strong>\u00ed<\/strong><strong>tica: psicoan<\/strong><strong>\u00e1<\/strong><strong>lisis con ni\u00f1os y p<\/strong><strong>\u00faberes<\/strong><strong>.\u00a0<\/strong>Centro Peque\u00f1o Hans, Instituto del Campo Freudiano, Buenos Aires, Ed. Labrado, 1999, pp. 147-151.<\/li>\n<li style=\"text-align: justify;\">Qu\u00e9au, P.\u00a0<strong>Lo virtual: \u00bfEvoluci\u00f3n o revoluci\u00f3n?<\/strong>\u00a0In: El Murci\u00e9lago, n\u00b0 6, Fundaci\u00f3n Descartes, Buenos Aires, 1994, pp. 24-28.<\/li>\n<li style=\"text-align: justify;\">________.\u00a0<strong><em>Lo virtual: virtudes y v<\/em><\/strong><strong><em>\u00e9<\/em><\/strong><strong><em>rtigos<\/em><\/strong>. Barcelona, Ed. Paid\u00f3s, 1995.<\/li>\n<li style=\"text-align: justify;\">Rey-Flaud, H.\u00a0<strong>La pre-historia del sujeto y la elecci<\/strong><strong>\u00f3n\u00a0<\/strong><strong>\u2018<\/strong><strong>virtual<\/strong><strong>\u2019 del objeto<\/strong>. In:\u00a0<strong>C<\/strong><strong>\u00f3<\/strong><strong>mo invent\u00f3\u00a0<\/strong><strong>Freud el fetichismo\u2026 y reinvent<\/strong><strong>\u00f3\u00a0<\/strong><strong>el psicoan<\/strong><strong>\u00e1lisis<\/strong><strong>,<\/strong>\u00a0Buenos Aires, Ed. Nueva Visi\u00f3n, 1997, pp. 186-188.<\/li>\n<li style=\"text-align: justify;\">Rold\u00e1n, A<strong>. La realidad virtual desde el psicoan<\/strong><strong>\u00e1lisis<\/strong>. In: Pliegos, n\u00b0 3, E.E.P, Madrid, 1996, pp. 13-19.<\/li>\n<li style=\"text-align: justify;\">Schnitzer, G.\u00a0<strong>Transformaciones. De la disforia a la euforia de g<\/strong><strong>\u00e9nero<\/strong>. In:\u00a0<a href=\"http:\/\/virtualia.eol.org.ar\/028\/template.asp?Sexo-y-epoca\/Transformaciones.html\">http:\/\/virtualia.eol.org.ar\/028\/template.asp?Sexo-y-epoca\/Transformaciones.html<\/a><\/li>\n<li style=\"text-align: justify;\">Sibilia, P.\u00a0<strong>El hombre postorg\u00e1nico: Cuerpo, subjetividad y tecnolog\u00edas digitales.<\/strong>\u00a0Buenos Aires, Fondo de Cultura Econ\u00f3mica, 2010.<\/li>\n<li style=\"text-align: justify;\">________.\u00a0<strong>Sociedad del espect\u00e1culo: Solo existe lo que se ve.\u00a0<\/strong>In:\u00a0<a href=\"http:\/\/virtualia.eol.org.ar\/019\/template.asp?opinion_ilustrada\/sibila.html\">http:\/\/virtualia.eol.org.ar\/019\/template.asp?opinion_ilustrada\/sibila.html<\/a><\/li>\n<li style=\"text-align: justify;\">Silvestri, N.\u00a0<strong>Un cuerpo para el parl\u00eatre<\/strong>. In<strong>:<\/strong>\u00a0<strong>Coloquio Seminario sobre el Seminario 23 de Lacan El sinthome.\u00a0<\/strong>Buenos Aires, Grama, 2007. p. 33-43.<\/li>\n<li style=\"text-align: justify;\">Sinatra, E.\u00a0<strong>L@s nuev@s adict@s.\u00a0<\/strong><strong>La implosio\u0301<\/strong><strong>n del ge<\/strong><strong>\u0301<\/strong><strong>nero en la feminizacio<\/strong><strong>\u0301<\/strong><strong>n del mundo.<\/strong>\u00a0Editorial Tres Haches, Buenos Aires, 2013.<\/li>\n<li style=\"text-align: justify;\">Soria, N.\u00a0<strong>La sexuaci<\/strong><strong>\u00f3n virtual<\/strong>. In: Dispar, n\u00b0 2, Buenos Aires, Ed. Tres Haches,1999, pp. 109-114.<\/li>\n<li style=\"text-align: justify;\">Soueix, A.\u00a0<strong>La realidad virtual<\/strong>. In: Registros, n\u00b0 6, Buenos Aires, 1996, pp. 57-62.<\/li>\n<li style=\"text-align: justify;\">Tarrab, M.\u00a0<strong>La\u00a0sustancia,\u00a0el\u00a0cuerpo\u00a0y\u00a0el\u00a0goce\u00a0toxicomaniaco<\/strong>.\u00a0Rosario, I.D.E.P, 1999.<\/li>\n<li style=\"text-align: justify;\">Turkle, S.\u00a0<strong>Sexo virtual y problemas de g\u00e9nero.<\/strong>\u00a0In:\u00a0<strong>La vida en la pantalla. La construcci<\/strong><strong>\u00f3<\/strong><strong>n de la identidad en la era de internet<\/strong>, Buenos Aires, Ed. Paid\u00f3s, 1997, pp. 265-293.<\/li>\n<li style=\"text-align: justify;\">Virilio, P.\u00a0<strong>El arte del motor: aceleraci<\/strong><strong>\u00f3<\/strong><strong>n y realidad virtual<\/strong>. Buenos Aires, Ed. Manantial, 1996.<\/li>\n<li style=\"text-align: justify;\">Wajcman, G.\u00a0<strong>El ojo absoluto<\/strong>. 1\u00aa ed., Buenos Aires: Manantial, 2011.<\/li>\n<li style=\"text-align: justify;\">________.\u00a0<strong>A prop\u00f3sito de El ojo absoluto<\/strong>. 2010. In:\u00a0<a href=\"http:\/\/virtualia.eol.org.ar\/020\/template.asp?entrevistas\/wajcman.html\">http:\/\/virtualia.eol.org.ar\/020\/template.asp?entrevistas\/wajcman.html<\/a><\/li>\n<\/ul>\n<\/div><\/div><\/div><\/div><\/div>\n","protected":false},"excerpt":{"rendered":"","protected":false},"author":1,"featured_media":0,"parent":43,"menu_order":4,"comment_status":"closed","ping_status":"closed","template":"","meta":{"_monsterinsights_skip_tracking":false,"_monsterinsights_sitenote_active":false,"_monsterinsights_sitenote_note":"","_monsterinsights_sitenote_category":0,"footnotes":""},"_links":{"self":[{"href":"https:\/\/enapol.com\/vii\/wp-json\/wp\/v2\/pages\/442"}],"collection":[{"href":"https:\/\/enapol.com\/vii\/wp-json\/wp\/v2\/pages"}],"about":[{"href":"https:\/\/enapol.com\/vii\/wp-json\/wp\/v2\/types\/page"}],"author":[{"embeddable":true,"href":"https:\/\/enapol.com\/vii\/wp-json\/wp\/v2\/users\/1"}],"replies":[{"embeddable":true,"href":"https:\/\/enapol.com\/vii\/wp-json\/wp\/v2\/comments?post=442"}],"version-history":[{"count":2,"href":"https:\/\/enapol.com\/vii\/wp-json\/wp\/v2\/pages\/442\/revisions"}],"predecessor-version":[{"id":1407,"href":"https:\/\/enapol.com\/vii\/wp-json\/wp\/v2\/pages\/442\/revisions\/1407"}],"up":[{"embeddable":true,"href":"https:\/\/enapol.com\/vii\/wp-json\/wp\/v2\/pages\/43"}],"wp:attachment":[{"href":"https:\/\/enapol.com\/vii\/wp-json\/wp\/v2\/media?parent=442"}],"curies":[{"name":"wp","href":"https:\/\/api.w.org\/{rel}","templated":true}]}}