{"id":1482,"date":"2021-09-10T18:39:12","date_gmt":"2021-09-10T18:39:12","guid":{"rendered":"http:\/\/x-enapol.org\/viii\/?post_type=avada_portfolio&#038;p=1482"},"modified":"2021-09-10T18:39:12","modified_gmt":"2021-09-10T18:39:12","slug":"violencia-y-segregacion-familiar","status":"publish","type":"avada_portfolio","link":"https:\/\/enapol.com\/viii\/portfolio-items\/violencia-y-segregacion-familiar\/","title":{"rendered":"Violencia y segregaci\u00f3n familiar"},"content":{"rendered":"<div class=\"fusion-fullwidth fullwidth-box fusion-builder-row-1 fusion-flex-container nonhundred-percent-fullwidth non-hundred-percent-height-scrolling\" style=\"--awb-border-radius-top-left:0px;--awb-border-radius-top-right:0px;--awb-border-radius-bottom-right:0px;--awb-border-radius-bottom-left:0px;--awb-flex-wrap:wrap;\" ><div class=\"fusion-builder-row fusion-row fusion-flex-align-items-flex-start fusion-flex-content-wrap\" style=\"max-width:1352px;margin-left: calc(-4% \/ 2 );margin-right: calc(-4% \/ 2 );\"><div class=\"fusion-layout-column fusion_builder_column fusion-builder-column-0 fusion_builder_column_1_1 1_1 fusion-flex-column\" style=\"--awb-bg-size:cover;--awb-width-large:100%;--awb-margin-top-large:0px;--awb-spacing-right-large:1.92%;--awb-margin-bottom-large:20px;--awb-spacing-left-large:1.92%;--awb-width-medium:100%;--awb-order-medium:0;--awb-spacing-right-medium:1.92%;--awb-spacing-left-medium:1.92%;--awb-width-small:100%;--awb-order-small:0;--awb-spacing-right-small:1.92%;--awb-spacing-left-small:1.92%;\"><div class=\"fusion-column-wrapper fusion-column-has-shadow fusion-flex-justify-content-flex-start fusion-content-layout-column\"><div class=\"fusion-text fusion-text-1\"><p style=\"text-align: justify;\">Por <strong>Maritza Bernia<\/strong> (NEL)<\/p>\n<p style=\"text-align: justify;\"><img decoding=\"async\" class=\"size-full wp-image-1483 alignleft\" src=\"http:\/\/enapol.com\/viii\/wp-content\/uploads\/sites\/6\/2021\/09\/14_Maritza-Bernia.jpg\" alt=\"\" width=\"250\" height=\"250\" srcset=\"https:\/\/enapol.com\/viii\/wp-content\/uploads\/sites\/6\/2021\/09\/14_Maritza-Bernia-66x66.jpg 66w, https:\/\/enapol.com\/viii\/wp-content\/uploads\/sites\/6\/2021\/09\/14_Maritza-Bernia-150x150.jpg 150w, https:\/\/enapol.com\/viii\/wp-content\/uploads\/sites\/6\/2021\/09\/14_Maritza-Bernia-200x200.jpg 200w, https:\/\/enapol.com\/viii\/wp-content\/uploads\/sites\/6\/2021\/09\/14_Maritza-Bernia.jpg 250w\" sizes=\"(max-width: 250px) 100vw, 250px\" \/>La violencia en la \u00e9poca actual tiene una frecuencia in\u00e9dita. Estando la realidad atravesada por la sutileza de lo singular del goce que nos habita, es inconcebible desterrar dicha condici\u00f3n. Que el deseo parental no sea an\u00f3nimo, en la espera de un hijo, es acentuado ac\u00e1: \u00abEl ni\u00f1o se constituye como un sujeto en una referencia al nombre de un deseo que no debe estar sin nombre\u00bb. Un posible tratamiento lo propone Eric Laurent: \u00ab\u2026proteger a los ni\u00f1os de los delirios familiaristas, proteger a los ni\u00f1os de los lazos familiares, de sus nuevas formas, de las pasiones que las habitan; del infanticidio profundo que es el deseo de muerte escondido en el lazo familiar\u00bb. El uso de \u00abfamiliarista\u00bb supone que dichos delirios resultan ser m\u00e1s ajenos que propios. En la confrontaci\u00f3n con el \u00abgoce Otro\u00bb se produce m\u00e1s perplejidad, angustia, que se\u00f1ales de acogida simb\u00f3lica. Tal y como se revela en las psicosis, deviene al costo de la segregaci\u00f3n, tan violenta como desigual. En el psicoan\u00e1lisis con ni\u00f1os, en su \u00abacompa\u00f1ar\u00bb en la construcci\u00f3n subjetiva, no puede quedar de otra manera que, articulado a la implicaci\u00f3n desde el comienzo, de instaurar un lugar para la causa.<\/p>\n<div class=\"NotasPie\">\n<p style=\"text-align: justify;\">BIBLIOGRAF\u00cdA<\/p>\n<ul>\n<li style=\"text-align: justify;\">Macagno, B., Sobre la aplicabilidad del dispositivo anal\u00edtico a los casos violencia.<\/li>\n<li style=\"text-align: justify;\">Aflalo, A. (2012), Subjetividades modernas y luchas de los cuerpos,\u00a0<i>El orden simb\u00f3lico en el siglo XXI<\/i>, Buenos Aires: Grama.<\/li>\n<li style=\"text-align: justify;\">Laurent, E. (2010), El orden simb\u00f3lico en el siglo XXI. Consecuencias para la cura,\u00a0<i>Papers<\/i>\u00a01, p. 9.<\/li>\n<li style=\"text-align: justify;\">Laurent E. \u00abEl ni\u00f1o como real del delirio familiar\u00bb dic 18, 2008<\/li>\n<li style=\"text-align: justify;\">Lacan, J. (1987), Nota sobre el ni\u00f1o,\u00a0<i>El Analitic\u00f3n<\/i>, Fundaci\u00f3n del Campo Freudiano.<\/li>\n<\/ul>\n<\/div>\n<\/div><\/div><\/div><\/div><\/div>\n","protected":false},"excerpt":{"rendered":"<p>Maritza Bernia (NEL)<\/p>\n","protected":false},"author":1,"featured_media":1483,"menu_order":0,"comment_status":"open","ping_status":"closed","template":"","format":"standard","meta":{"_monsterinsights_skip_tracking":false,"_monsterinsights_sitenote_active":false,"_monsterinsights_sitenote_note":"","_monsterinsights_sitenote_category":0,"footnotes":""},"portfolio_category":[204,170],"portfolio_skills":[],"portfolio_tags":[],"_links":{"self":[{"href":"https:\/\/enapol.com\/viii\/wp-json\/wp\/v2\/avada_portfolio\/1482"}],"collection":[{"href":"https:\/\/enapol.com\/viii\/wp-json\/wp\/v2\/avada_portfolio"}],"about":[{"href":"https:\/\/enapol.com\/viii\/wp-json\/wp\/v2\/types\/avada_portfolio"}],"author":[{"embeddable":true,"href":"https:\/\/enapol.com\/viii\/wp-json\/wp\/v2\/users\/1"}],"replies":[{"embeddable":true,"href":"https:\/\/enapol.com\/viii\/wp-json\/wp\/v2\/comments?post=1482"}],"version-history":[{"count":1,"href":"https:\/\/enapol.com\/viii\/wp-json\/wp\/v2\/avada_portfolio\/1482\/revisions"}],"predecessor-version":[{"id":1484,"href":"https:\/\/enapol.com\/viii\/wp-json\/wp\/v2\/avada_portfolio\/1482\/revisions\/1484"}],"wp:featuredmedia":[{"embeddable":true,"href":"https:\/\/enapol.com\/viii\/wp-json\/wp\/v2\/media\/1483"}],"wp:attachment":[{"href":"https:\/\/enapol.com\/viii\/wp-json\/wp\/v2\/media?parent=1482"}],"wp:term":[{"taxonomy":"portfolio_category","embeddable":true,"href":"https:\/\/enapol.com\/viii\/wp-json\/wp\/v2\/portfolio_category?post=1482"},{"taxonomy":"portfolio_skills","embeddable":true,"href":"https:\/\/enapol.com\/viii\/wp-json\/wp\/v2\/portfolio_skills?post=1482"},{"taxonomy":"portfolio_tags","embeddable":true,"href":"https:\/\/enapol.com\/viii\/wp-json\/wp\/v2\/portfolio_tags?post=1482"}],"curies":[{"name":"wp","href":"https:\/\/api.w.org\/{rel}","templated":true}]}}

Violencia y segregación familiar

<div class="fusion-fullwidth fullwidth-box fusion-builder-row-1 fusion-flex-container nonhundred-percent-fullwidth non-hundred-percent-height-scrolling" style="--awb-border-radius-top-left:0px;--awb-border-radius-top-right:0px;--awb-border-radius-bottom-right:0px;--awb-border-radius-bottom-left:0px;--awb-flex-wrap:wrap;" ><div class="fusion-builder-row fusion-row fusion-flex-align-items-flex-start fusion-flex-content-wrap" style="max-width:1352px;margin-left: calc(-4% / 2 );margin-right: calc(-4% / 2 );"><div class="fusion-layout-column fusion_builder_column fusion-builder-column-0 fusion_builder_column_1_1 1_1 fusion-flex-column" style="--awb-bg-size:cover;--awb-width-large:100%;--awb-margin-top-large:0px;--awb-spacing-right-large:1.92%;--awb-margin-bottom-large:20px;--awb-spacing-left-large:1.92%;--awb-width-medium:100%;--awb-order-medium:0;--awb-spacing-right-medium:1.92%;--awb-spacing-left-medium:1.92%;--awb-width-small:100%;--awb-order-small:0;--awb-spacing-right-small:1.92%;--awb-spacing-left-small:1.92%;"><div class="fusion-column-wrapper fusion-column-has-shadow fusion-flex-justify-content-flex-start fusion-content-layout-column"><div class="fusion-text fusion-text-1"><p style="text-align: justify;">Por <strong>Maritza Bernia</strong> (NEL)</p>
<p style="text-align: justify;"><img decoding="async" class="size-full wp-image-1483 alignleft" src="http://enapol.com/viii/wp-content/uploads/sites/6/2021/09/14_Maritza-Bernia.jpg" alt="" width="250" height="250" srcset="https://enapol.com/viii/wp-content/uploads/sites/6/2021/09/14_Maritza-Bernia-66x66.jpg 66w, https://enapol.com/viii/wp-content/uploads/sites/6/2021/09/14_Maritza-Bernia-150x150.jpg 150w, https://enapol.com/viii/wp-content/uploads/sites/6/2021/09/14_Maritza-Bernia-200x200.jpg 200w, https://enapol.com/viii/wp-content/uploads/sites/6/2021/09/14_Maritza-Bernia.jpg 250w" sizes="(max-width: 250px) 100vw, 250px" />La violencia en la época actual tiene una frecuencia inédita. Estando la realidad atravesada por la sutileza de lo singular del goce que nos habita, es inconcebible desterrar dicha condición. Que el deseo parental no sea anónimo, en la espera de un hijo, es acentuado acá: «El niño se constituye como un sujeto en una referencia al nombre de un deseo que no debe estar sin nombre». Un posible tratamiento lo propone Eric Laurent: «…proteger a los niños de los delirios familiaristas, proteger a los niños de los lazos familiares, de sus nuevas formas, de las pasiones que las habitan; del infanticidio profundo que es el deseo de muerte escondido en el lazo familiar». El uso de «familiarista» supone que dichos delirios resultan ser más ajenos que propios. En la confrontación con el «goce Otro» se produce más perplejidad, angustia, que señales de acogida simbólica. Tal y como se revela en las psicosis, deviene al costo de la segregación, tan violenta como desigual. En el psicoanálisis con niños, en su «acompañar» en la construcción subjetiva, no puede quedar de otra manera que, articulado a la implicación desde el comienzo, de instaurar un lugar para la causa.</p>
<div class="NotasPie">
<p style="text-align: justify;">BIBLIOGRAFÍA</p>
<ul>
<li style="text-align: justify;">Macagno, B., Sobre la aplicabilidad del dispositivo analítico a los casos violencia.</li>
<li style="text-align: justify;">Aflalo, A. (2012), Subjetividades modernas y luchas de los cuerpos, <i>El orden simbólico en el siglo XXI</i>, Buenos Aires: Grama.</li>
<li style="text-align: justify;">Laurent, E. (2010), El orden simbólico en el siglo XXI. Consecuencias para la cura, <i>Papers</i> 1, p. 9.</li>
<li style="text-align: justify;">Laurent E. «El niño como real del delirio familiar» dic 18, 2008</li>
<li style="text-align: justify;">Lacan, J. (1987), Nota sobre el niño, <i>El Analiticón</i>, Fundación del Campo Freudiano.</li>
</ul>
</div>
</div></div></div></div></div>
