{"id":1485,"date":"2021-09-10T18:43:36","date_gmt":"2021-09-10T18:43:36","guid":{"rendered":"http:\/\/x-enapol.org\/viii\/?post_type=avada_portfolio&#038;p=1485"},"modified":"2021-09-10T18:43:59","modified_gmt":"2021-09-10T18:43:59","slug":"violencia-e-segregacao-familiar","status":"publish","type":"avada_portfolio","link":"https:\/\/enapol.com\/viii\/pt\/portfolio-items\/violencia-e-segregacao-familiar\/","title":{"rendered":"Viol\u00eancia e segrega\u00e7\u00e3o familiar"},"content":{"rendered":"<div class=\"fusion-fullwidth fullwidth-box fusion-builder-row-1 fusion-flex-container nonhundred-percent-fullwidth non-hundred-percent-height-scrolling\" style=\"--awb-border-radius-top-left:0px;--awb-border-radius-top-right:0px;--awb-border-radius-bottom-right:0px;--awb-border-radius-bottom-left:0px;--awb-flex-wrap:wrap;\" ><div class=\"fusion-builder-row fusion-row fusion-flex-align-items-flex-start fusion-flex-content-wrap\" style=\"max-width:1352px;margin-left: calc(-4% \/ 2 );margin-right: calc(-4% \/ 2 );\"><div class=\"fusion-layout-column fusion_builder_column fusion-builder-column-0 fusion_builder_column_1_1 1_1 fusion-flex-column\" style=\"--awb-bg-size:cover;--awb-width-large:100%;--awb-margin-top-large:0px;--awb-spacing-right-large:1.92%;--awb-margin-bottom-large:20px;--awb-spacing-left-large:1.92%;--awb-width-medium:100%;--awb-order-medium:0;--awb-spacing-right-medium:1.92%;--awb-spacing-left-medium:1.92%;--awb-width-small:100%;--awb-order-small:0;--awb-spacing-right-small:1.92%;--awb-spacing-left-small:1.92%;\"><div class=\"fusion-column-wrapper fusion-column-has-shadow fusion-flex-justify-content-flex-start fusion-content-layout-column\"><div class=\"fusion-text fusion-text-1\"><p style=\"text-align: justify;\">Por <strong>Maritza Bernia<\/strong> (NEL)<\/p>\n<p style=\"text-align: justify;\"><img decoding=\"async\" class=\"size-full wp-image-1483 alignleft\" src=\"http:\/\/enapol.com\/viii\/wp-content\/uploads\/sites\/6\/2021\/09\/14_Maritza-Bernia.jpg\" alt=\"\" width=\"250\" height=\"250\" srcset=\"https:\/\/enapol.com\/viii\/wp-content\/uploads\/sites\/6\/2021\/09\/14_Maritza-Bernia-66x66.jpg 66w, https:\/\/enapol.com\/viii\/wp-content\/uploads\/sites\/6\/2021\/09\/14_Maritza-Bernia-150x150.jpg 150w, https:\/\/enapol.com\/viii\/wp-content\/uploads\/sites\/6\/2021\/09\/14_Maritza-Bernia-200x200.jpg 200w, https:\/\/enapol.com\/viii\/wp-content\/uploads\/sites\/6\/2021\/09\/14_Maritza-Bernia.jpg 250w\" sizes=\"(max-width: 250px) 100vw, 250px\" \/><\/p>\n<p style=\"text-align: justify;\">A viol\u00eancia nos tempos atuais tem uma frequ\u00eancia in\u00e9dita. Estando a realidade atravessada pela sutileza do singular do gozo que nos habita, \u00e9 inconceb\u00edvel desterrar tal condi\u00e7\u00e3o. Que o desejo parental n\u00e3o seja an\u00f4nimo na espera de um filho est\u00e1 enfatizado aqui: trata-se de \u00abuma constitui\u00e7\u00e3o subjetiva implicando a rela\u00e7\u00e3o com um desejo que n\u00e3o seja an\u00f4nimo\u00bb. \u00c9ric Laurent prop\u00f5e um tratamento poss\u00edvel: &#8230; \u00abproteger as crian\u00e7as dos del\u00edrios familiares, proteger as crian\u00e7as dos la\u00e7os familiares, de suas novas formas, das paix\u00f5es que as habitam; do infantic\u00eddio profundo que \u00e9 o desejo de morte escondido no la\u00e7o familiar\u00bb. O uso de \u00abfamiliarista\u00bb sup\u00f5e que tais del\u00edrios s\u00e3o mais alheios que pr\u00f3prios. No confronto com o \u00abgozo do Outro\u00bb se produz mais perplexidade, ang\u00fastia, do que sinais de acolhida simb\u00f3lica. Tal como revelado nas psicoses, torna-se o custo da segrega\u00e7\u00e3o, t\u00e3o violenta como desigual. Na psican\u00e1lise com crian\u00e7as, o \u00abacompanhar\u00bb a constru\u00e7\u00e3o subjetiva n\u00e3o pode ser de outra maneira que n\u00e3o articulada \u00e0 implica\u00e7\u00e3o, desde o come\u00e7o, de instaurar um lugar para a causa.<\/p>\n<div class=\"NotasPie\">\n<p style=\"text-align: justify;\">BIBLIOGRAF\u00cdA<\/p>\n<ul>\n<li style=\"text-align: justify;\">Lic. Macagno, B., \u00abSobre la aplicabilidad del dispositivo anal\u00edtico a los casos violencia\u00bb.<\/li>\n<li style=\"text-align: justify;\">Aflalo, A., \u00abSubjetividades modernas y luchas de los cuerpos\u00bb en El orden simb\u00f3lico en el siglo XXI, Grama ediciones, Buenos Aires, 2012.<\/li>\n<li style=\"text-align: justify;\">Laurent, E., &#8216;El orden simb\u00f3lico en el siglo XXI. Consecuencias para la cura&#8217; em Papers 1, 2010.<\/li>\n<li style=\"text-align: justify;\">Laurent E., \u00abEl ni\u00f1o como real del delirio familiar\u00bb dic 18, 200.<\/li>\n<li style=\"text-align: justify;\">Lacan, J., \u00abNota sobre a crian\u00e7a\u00bb, em\u00a0<i>Outros escritos<\/i>, Rio de Janeiro, JZE, 2003, pp. 369-370.<\/li>\n<\/ul>\n<\/div>\n<\/div><\/div><\/div><\/div><\/div>\n","protected":false},"excerpt":{"rendered":"<p>Maritza Bernia (NEL)<\/p>\n","protected":false},"author":1,"featured_media":1483,"menu_order":0,"comment_status":"open","ping_status":"closed","template":"","format":"standard","meta":{"_monsterinsights_skip_tracking":false,"_monsterinsights_sitenote_active":false,"_monsterinsights_sitenote_note":"","_monsterinsights_sitenote_category":0,"footnotes":""},"portfolio_category":[268,172],"portfolio_skills":[],"portfolio_tags":[],"_links":{"self":[{"href":"https:\/\/enapol.com\/viii\/wp-json\/wp\/v2\/avada_portfolio\/1485"}],"collection":[{"href":"https:\/\/enapol.com\/viii\/wp-json\/wp\/v2\/avada_portfolio"}],"about":[{"href":"https:\/\/enapol.com\/viii\/wp-json\/wp\/v2\/types\/avada_portfolio"}],"author":[{"embeddable":true,"href":"https:\/\/enapol.com\/viii\/wp-json\/wp\/v2\/users\/1"}],"replies":[{"embeddable":true,"href":"https:\/\/enapol.com\/viii\/wp-json\/wp\/v2\/comments?post=1485"}],"version-history":[{"count":2,"href":"https:\/\/enapol.com\/viii\/wp-json\/wp\/v2\/avada_portfolio\/1485\/revisions"}],"predecessor-version":[{"id":1487,"href":"https:\/\/enapol.com\/viii\/wp-json\/wp\/v2\/avada_portfolio\/1485\/revisions\/1487"}],"wp:featuredmedia":[{"embeddable":true,"href":"https:\/\/enapol.com\/viii\/wp-json\/wp\/v2\/media\/1483"}],"wp:attachment":[{"href":"https:\/\/enapol.com\/viii\/wp-json\/wp\/v2\/media?parent=1485"}],"wp:term":[{"taxonomy":"portfolio_category","embeddable":true,"href":"https:\/\/enapol.com\/viii\/wp-json\/wp\/v2\/portfolio_category?post=1485"},{"taxonomy":"portfolio_skills","embeddable":true,"href":"https:\/\/enapol.com\/viii\/wp-json\/wp\/v2\/portfolio_skills?post=1485"},{"taxonomy":"portfolio_tags","embeddable":true,"href":"https:\/\/enapol.com\/viii\/wp-json\/wp\/v2\/portfolio_tags?post=1485"}],"curies":[{"name":"wp","href":"https:\/\/api.w.org\/{rel}","templated":true}]}}

Violência e segregação familiar

<div class="fusion-fullwidth fullwidth-box fusion-builder-row-1 fusion-flex-container nonhundred-percent-fullwidth non-hundred-percent-height-scrolling" style="--awb-border-radius-top-left:0px;--awb-border-radius-top-right:0px;--awb-border-radius-bottom-right:0px;--awb-border-radius-bottom-left:0px;--awb-flex-wrap:wrap;" ><div class="fusion-builder-row fusion-row fusion-flex-align-items-flex-start fusion-flex-content-wrap" style="max-width:1352px;margin-left: calc(-4% / 2 );margin-right: calc(-4% / 2 );"><div class="fusion-layout-column fusion_builder_column fusion-builder-column-0 fusion_builder_column_1_1 1_1 fusion-flex-column" style="--awb-bg-size:cover;--awb-width-large:100%;--awb-margin-top-large:0px;--awb-spacing-right-large:1.92%;--awb-margin-bottom-large:20px;--awb-spacing-left-large:1.92%;--awb-width-medium:100%;--awb-order-medium:0;--awb-spacing-right-medium:1.92%;--awb-spacing-left-medium:1.92%;--awb-width-small:100%;--awb-order-small:0;--awb-spacing-right-small:1.92%;--awb-spacing-left-small:1.92%;"><div class="fusion-column-wrapper fusion-column-has-shadow fusion-flex-justify-content-flex-start fusion-content-layout-column"><div class="fusion-text fusion-text-1"><p style="text-align: justify;">Por <strong>Maritza Bernia</strong> (NEL)</p>
<p style="text-align: justify;"><img decoding="async" class="size-full wp-image-1483 alignleft" src="http://enapol.com/viii/wp-content/uploads/sites/6/2021/09/14_Maritza-Bernia.jpg" alt="" width="250" height="250" srcset="https://enapol.com/viii/wp-content/uploads/sites/6/2021/09/14_Maritza-Bernia-66x66.jpg 66w, https://enapol.com/viii/wp-content/uploads/sites/6/2021/09/14_Maritza-Bernia-150x150.jpg 150w, https://enapol.com/viii/wp-content/uploads/sites/6/2021/09/14_Maritza-Bernia-200x200.jpg 200w, https://enapol.com/viii/wp-content/uploads/sites/6/2021/09/14_Maritza-Bernia.jpg 250w" sizes="(max-width: 250px) 100vw, 250px" /></p>
<p style="text-align: justify;">A violência nos tempos atuais tem uma frequência inédita. Estando a realidade atravessada pela sutileza do singular do gozo que nos habita, é inconcebível desterrar tal condição. Que o desejo parental não seja anônimo na espera de um filho está enfatizado aqui: trata-se de «uma constituição subjetiva implicando a relação com um desejo que não seja anônimo». Éric Laurent propõe um tratamento possível: &#8230; «proteger as crianças dos delírios familiares, proteger as crianças dos laços familiares, de suas novas formas, das paixões que as habitam; do infanticídio profundo que é o desejo de morte escondido no laço familiar». O uso de «familiarista» supõe que tais delírios são mais alheios que próprios. No confronto com o «gozo do Outro» se produz mais perplexidade, angústia, do que sinais de acolhida simbólica. Tal como revelado nas psicoses, torna-se o custo da segregação, tão violenta como desigual. Na psicanálise com crianças, o «acompanhar» a construção subjetiva não pode ser de outra maneira que não articulada à implicação, desde o começo, de instaurar um lugar para a causa.</p>
<div class="NotasPie">
<p style="text-align: justify;">BIBLIOGRAFÍA</p>
<ul>
<li style="text-align: justify;">Lic. Macagno, B., «Sobre la aplicabilidad del dispositivo analítico a los casos violencia».</li>
<li style="text-align: justify;">Aflalo, A., «Subjetividades modernas y luchas de los cuerpos» en El orden simbólico en el siglo XXI, Grama ediciones, Buenos Aires, 2012.</li>
<li style="text-align: justify;">Laurent, E., &#8216;El orden simbólico en el siglo XXI. Consecuencias para la cura&#8217; em Papers 1, 2010.</li>
<li style="text-align: justify;">Laurent E., «El niño como real del delirio familiar» dic 18, 200.</li>
<li style="text-align: justify;">Lacan, J., «Nota sobre a criança», em <i>Outros escritos</i>, Rio de Janeiro, JZE, 2003, pp. 369-370.</li>
</ul>
</div>
</div></div></div></div></div>
