{"id":1564,"date":"2021-09-10T20:29:57","date_gmt":"2021-09-10T20:29:57","guid":{"rendered":"http:\/\/x-enapol.org\/viii\/?post_type=avada_portfolio&#038;p=1564"},"modified":"2021-09-10T20:29:57","modified_gmt":"2021-09-10T20:29:57","slug":"o-que-uma-crianca-nao-sabe","status":"publish","type":"avada_portfolio","link":"https:\/\/enapol.com\/viii\/pt\/portfolio-items\/o-que-uma-crianca-nao-sabe\/","title":{"rendered":"O que uma crian\u00e7a n\u00e3o sabe"},"content":{"rendered":"<div class=\"fusion-fullwidth fullwidth-box fusion-builder-row-1 fusion-flex-container nonhundred-percent-fullwidth non-hundred-percent-height-scrolling\" style=\"--awb-border-radius-top-left:0px;--awb-border-radius-top-right:0px;--awb-border-radius-bottom-right:0px;--awb-border-radius-bottom-left:0px;--awb-flex-wrap:wrap;\" ><div class=\"fusion-builder-row fusion-row fusion-flex-align-items-flex-start fusion-flex-content-wrap\" style=\"max-width:1352px;margin-left: calc(-4% \/ 2 );margin-right: calc(-4% \/ 2 );\"><div class=\"fusion-layout-column fusion_builder_column fusion-builder-column-0 fusion_builder_column_1_1 1_1 fusion-flex-column\" style=\"--awb-bg-size:cover;--awb-width-large:100%;--awb-margin-top-large:0px;--awb-spacing-right-large:1.92%;--awb-margin-bottom-large:20px;--awb-spacing-left-large:1.92%;--awb-width-medium:100%;--awb-order-medium:0;--awb-spacing-right-medium:1.92%;--awb-spacing-left-medium:1.92%;--awb-width-small:100%;--awb-order-small:0;--awb-spacing-right-small:1.92%;--awb-spacing-left-small:1.92%;\"><div class=\"fusion-column-wrapper fusion-column-has-shadow fusion-flex-justify-content-flex-start fusion-content-layout-column\"><div class=\"fusion-text fusion-text-1\"><p style=\"text-align: justify;\">Por <strong>Marisa Chamizo<\/strong> (EOL)<\/p>\n<p style=\"text-align: right;\" align=\"right\"><i>Jogando com tr\u00eas gatos de madeira, de tamanhos diferentes, diz: \u00ab\u00c9 uma fam\u00edlia\u00bb.<br \/>A pergunta foi: \u00abPor que?\u00bb<br \/>\u00abPorque s\u00e3o o papai, a mam\u00e3e e o filho, que sou eu\u00bb.<br \/>E \u00abO que \u00e9 uma fam\u00edlia?\u00bb<br \/>Fica em sil\u00eancio, depois, diz: \u00ab&#8230;. quando voc\u00ea tem vontade de ficar na sua casa\u00bb.<br \/>Pedro, 3 anos<\/i><\/p>\n<p style=\"text-align: justify;\"><img decoding=\"async\" class=\"size-full wp-image-1562 alignleft\" src=\"http:\/\/enapol.com\/viii\/wp-content\/uploads\/sites\/6\/2021\/09\/18_Marisa-Chamizo.jpg\" alt=\"\" width=\"250\" height=\"250\" srcset=\"https:\/\/enapol.com\/viii\/wp-content\/uploads\/sites\/6\/2021\/09\/18_Marisa-Chamizo-66x66.jpg 66w, https:\/\/enapol.com\/viii\/wp-content\/uploads\/sites\/6\/2021\/09\/18_Marisa-Chamizo-150x150.jpg 150w, https:\/\/enapol.com\/viii\/wp-content\/uploads\/sites\/6\/2021\/09\/18_Marisa-Chamizo-200x200.jpg 200w, https:\/\/enapol.com\/viii\/wp-content\/uploads\/sites\/6\/2021\/09\/18_Marisa-Chamizo.jpg 250w\" sizes=\"(max-width: 250px) 100vw, 250px\" \/><\/p>\n<p style=\"text-align: justify;\">O modo como essa crian\u00e7a responde \u00e0 pergunta sobre o que \u00e9 uma fam\u00edlia, nos conduz a outras perguntas: a fam\u00edlia opera como um ref\u00fagio para o que \u00e9 o desamparo original do filhote humano? As modifica\u00e7\u00f5es sofridas pela fam\u00edlia como institui\u00e7\u00e3o preserva esta fun\u00e7\u00e3o?<\/p>\n<p style=\"text-align: justify;\">H\u00e1 quase 80 anos Lacan [1] n\u00e3o apenas fazia refer\u00eancia ao decl\u00ednio social da imago paterna, vinculado ao progresso social e a fatores econ\u00f4micos, como tamb\u00e9m, a um s\u00f3 tempo, n\u00e3o hesitou em afirmar que: a) \u00abN\u00e3o somos daqueles que se afligem com um pretenso relaxamento do la\u00e7o familiar\u00bb y b) \u00abSeja qual for o futuro, este decl\u00ednio constitui uma crise psicol\u00f3gica\u00bb. [2]<\/p>\n<p style=\"text-align: justify;\">O ocaso, para n\u00f3s no s\u00e9culo XXI, s\u00e3o as mudan\u00e7as evidentes da fam\u00edlia constitu\u00edda \u00e0 maneira tradicional, pelo menos no que diz respeito ao Ocidente.<\/p>\n<p style=\"text-align: justify;\">J.-A. Miller, em 1994, [3] formaliza os testemunhos de passe desde a perspectiva do retrato familiar de cada um dos passantes. Enfatizava, especialmente, na presen\u00e7a do desejo da m\u00e3e e sua rela\u00e7\u00e3o com o gozo e, por outro lado, a determina\u00e7\u00e3o insistente recebida da posi\u00e7\u00e3o do pai na ordem dos valores. Acrescenta que, por vezes, o desejo da m\u00e3e, entrecruzado com um gozo \u00abbestial\u00bb, faz aparecer a figura e a fun\u00e7\u00e3o de pai de maneira um tanto empalidecida.<\/p>\n<p style=\"text-align: justify;\">Sabemos que \u00aba parte tomada no desejo da m\u00e3e, se ela n\u00e3o tem a media\u00e7\u00e3o (assegurada normalmente pela fun\u00e7\u00e3o do pai) deixa a crian\u00e7a aberta a todas as capturas fantasm\u00e1ticas. Ela se torna \u00abobjeto\u00bb da m\u00e3e\u2026\u00bb[4]<\/p>\n<p style=\"text-align: justify;\">Nas fam\u00edlias de hoje, as que recebemos em nossos consult\u00f3rios, sejam elas ampliadas, juntadas, monoparentais, homoparentais, a quest\u00e3o para o psicanalista \u00e9 como operar\/interferir para possibilitar alguma media\u00e7\u00e3o, ou seja, impedir que a crian\u00e7a permane\u00e7a nesse lugar de objeto, seja ele fetichizado ou recha\u00e7ado.<\/p>\n<p style=\"text-align: justify;\">Hoje, por vezes, o problema \u00e9, talvez, um \u00abdemasiado\u00bb, muitos pais entre os quais a crian\u00e7a busca em v\u00e3o distinguir aquele com o qual se identificar.[5]<\/p>\n<p style=\"text-align: justify;\">Essa identifica\u00e7\u00e3o \u00e9 necess\u00e1ria como uma b\u00fassola, a fim de que a separa\u00e7\u00e3o possa se operar. Ser\u00e1 a partir desse trabalho de desembara\u00e7ar-se das esc\u00f3rias herdadas do discurso do Outro[6] que cada um poder\u00e1, ou n\u00e3o, se virar com o que permanece, o mais pr\u00f3prio, o irredut\u00edvel: seu sintoma. O desamparo, para Freud , est\u00e1 relacionado \u00e0 depend\u00eancia do\u00a0<i>\u00abaux\u00edlio alheio\u00bb<\/i>; para Lacan o sujeito fica\u00a0<i>sem recursos\u00a0<\/i>em rela\u00e7\u00e3o ao desejo do Outro: \u00aba rela\u00e7\u00e3o do sujeito com o desejo do Outro \u00e9 dram\u00e1tica\u00bb[7], uma vez que o desejo do sujeito fica aspirado pelo desejo do Outro. Nisto consiste seu desamparo.<\/p>\n<p style=\"text-align: justify;\">\u00c9ric Laurent utiliza um termo decisivo para o tema que abordamos: a \u00abm\u00e1-forma\u00e7\u00e3o formdo desejo do Outro. \u00abTanto do lado das fic\u00e7\u00f5es jur\u00eddicas como do lado das fic\u00e7\u00f5es cient\u00edficas, n\u00e3o se poder\u00e1 nunca dar conta do ponto de real que constitui a origem subjetiva de cada um: a m\u00e1-forma\u00e7\u00e3o do desejo do qual cada um prov\u00e9m. O desejo da m\u00e3e, seu deciframento, tem um limite. A crian\u00e7a nunca poder\u00e1 decifrar esse c\u00f3digo estranho \u2026\u00bb [8]<\/p>\n<p style=\"text-align: justify;\">H\u00e9stia, a deusa grega do lar, \u00e9 representada sustentando uma tocha. Alude ao fogo da casa que d\u00e1 luz, calor e alimento. \u00c9 um tema para a psican\u00e1lise tentar dar conta deste real, mais al\u00e9m das modifica\u00e7\u00f5es atuais da estrutura familiar.<\/p>\n<p style=\"text-align: justify;\">Para concluir, podemos dizer que depende da conting\u00eancia do desejo do Outro, sempre malformado, e n\u00e3o da forma que tome a institui\u00e7\u00e3o familiar, para que esse lugar no Outro seja para um sujeito um ref\u00fagio\/ lar (<i>hogar<\/i>) ou uma fogueira (<i>hoguera<\/i>).<\/p>\n<p style=\"text-align: justify;\">Marisa Chamizo<\/p>\n<div class=\"NotasPie\">\n<p style=\"text-align: justify;\">Tradu\u00e7\u00e3o : Vera Avellar Ribeiro<\/p>\n<p style=\"text-align: justify;\">NOTAS<\/p>\n<ol>\n<li style=\"text-align: justify;\">Lacan, J.,\u00a0<i>A fam\u00edlia,\u00a0<\/i>Lisboa, Cooperativa editora e livreira, 1987.<\/li>\n<li style=\"text-align: justify;\"><i>Ibid<\/i>, p. 61-62.<\/li>\n<li style=\"text-align: justify;\">Miller , J.-A. (Mayo 1999),\u00a0<i>Portraits de famille<\/i>,\u00a0<i>La Cause Freudienne<\/i>\u00a042.\u00a0<i>Politique Lacanienne<\/i>, Navar\u00edn. Seuil, pp. 57-62.<\/li>\n<li style=\"text-align: justify;\">Lacan, J., Nota sobre a crian\u00e7a,\u00a0<i>Outros escritos,\u00a0<\/i>Rio de Janeiro, JZE, 2013.<\/li>\n<li style=\"text-align: justify;\">Cottet, S., El padre pulverizado,\u00a0<i>Virtualia<\/i>\u00a015,\u00a0<a href=\"http:\/\/virtualia.eol.org.ar\/015\/default.asp?dossier\/cottet.html\" target=\"_blank\" rel=\"noopener\">http:\/\/virtualia.eol.org.ar\/015\/default.asp?dossier\/cottet.html<\/a><\/li>\n<li style=\"text-align: justify;\">Do Argumento de ASSUNTOS DE FAM\u00cdLIA: Seus enredos Na pr\u00e1tica,\u00a0<a href=\"http:\/\/www.asuntosdefamilia.com.ar\/pt\/template.php?file=Argumento.html\">http:\/\/www.asuntosdefamilia.com.ar\/pt\/template.php?file=Argumento.html<\/a><\/li>\n<li style=\"text-align: justify;\">Lacan, J.,\u00a0<i>O Semin\u00e1rio,\u00a0<\/i>livro 6:\u00a0<i>o desejo e sua interpreta\u00e7\u00e3o<\/i>, Rio de Janeiro, JZE, 2016.<\/li>\n<li style=\"text-align: justify;\">Laurent, E., An\u00e1lisis de ni\u00f1os y la pasi\u00f3n familiar,\u00a0<i>Enlaces<\/i>\u00a022, Buenos Aires, Grama, 2016, p. 106.<\/li>\n<\/ol>\n<\/div>\n<\/div><\/div><\/div><\/div><\/div>\n","protected":false},"excerpt":{"rendered":"<p>Marisa Chamizo (EOL)<\/p>\n","protected":false},"author":1,"featured_media":1562,"menu_order":0,"comment_status":"open","ping_status":"closed","template":"","format":"standard","meta":{"_monsterinsights_skip_tracking":false,"_monsterinsights_sitenote_active":false,"_monsterinsights_sitenote_note":"","_monsterinsights_sitenote_category":0,"footnotes":""},"portfolio_category":[276,172],"portfolio_skills":[],"portfolio_tags":[],"_links":{"self":[{"href":"https:\/\/enapol.com\/viii\/wp-json\/wp\/v2\/avada_portfolio\/1564"}],"collection":[{"href":"https:\/\/enapol.com\/viii\/wp-json\/wp\/v2\/avada_portfolio"}],"about":[{"href":"https:\/\/enapol.com\/viii\/wp-json\/wp\/v2\/types\/avada_portfolio"}],"author":[{"embeddable":true,"href":"https:\/\/enapol.com\/viii\/wp-json\/wp\/v2\/users\/1"}],"replies":[{"embeddable":true,"href":"https:\/\/enapol.com\/viii\/wp-json\/wp\/v2\/comments?post=1564"}],"version-history":[{"count":1,"href":"https:\/\/enapol.com\/viii\/wp-json\/wp\/v2\/avada_portfolio\/1564\/revisions"}],"predecessor-version":[{"id":1565,"href":"https:\/\/enapol.com\/viii\/wp-json\/wp\/v2\/avada_portfolio\/1564\/revisions\/1565"}],"wp:featuredmedia":[{"embeddable":true,"href":"https:\/\/enapol.com\/viii\/wp-json\/wp\/v2\/media\/1562"}],"wp:attachment":[{"href":"https:\/\/enapol.com\/viii\/wp-json\/wp\/v2\/media?parent=1564"}],"wp:term":[{"taxonomy":"portfolio_category","embeddable":true,"href":"https:\/\/enapol.com\/viii\/wp-json\/wp\/v2\/portfolio_category?post=1564"},{"taxonomy":"portfolio_skills","embeddable":true,"href":"https:\/\/enapol.com\/viii\/wp-json\/wp\/v2\/portfolio_skills?post=1564"},{"taxonomy":"portfolio_tags","embeddable":true,"href":"https:\/\/enapol.com\/viii\/wp-json\/wp\/v2\/portfolio_tags?post=1564"}],"curies":[{"name":"wp","href":"https:\/\/api.w.org\/{rel}","templated":true}]}}

O que uma criança não sabe

<div class="fusion-fullwidth fullwidth-box fusion-builder-row-1 fusion-flex-container nonhundred-percent-fullwidth non-hundred-percent-height-scrolling" style="--awb-border-radius-top-left:0px;--awb-border-radius-top-right:0px;--awb-border-radius-bottom-right:0px;--awb-border-radius-bottom-left:0px;--awb-flex-wrap:wrap;" ><div class="fusion-builder-row fusion-row fusion-flex-align-items-flex-start fusion-flex-content-wrap" style="max-width:1352px;margin-left: calc(-4% / 2 );margin-right: calc(-4% / 2 );"><div class="fusion-layout-column fusion_builder_column fusion-builder-column-0 fusion_builder_column_1_1 1_1 fusion-flex-column" style="--awb-bg-size:cover;--awb-width-large:100%;--awb-margin-top-large:0px;--awb-spacing-right-large:1.92%;--awb-margin-bottom-large:20px;--awb-spacing-left-large:1.92%;--awb-width-medium:100%;--awb-order-medium:0;--awb-spacing-right-medium:1.92%;--awb-spacing-left-medium:1.92%;--awb-width-small:100%;--awb-order-small:0;--awb-spacing-right-small:1.92%;--awb-spacing-left-small:1.92%;"><div class="fusion-column-wrapper fusion-column-has-shadow fusion-flex-justify-content-flex-start fusion-content-layout-column"><div class="fusion-text fusion-text-1"><p style="text-align: justify;">Por <strong>Marisa Chamizo</strong> (EOL)</p>
<p style="text-align: right;" align="right"><i>Jogando com três gatos de madeira, de tamanhos diferentes, diz: «É uma família».<br />A pergunta foi: «Por que?»<br />«Porque são o papai, a mamãe e o filho, que sou eu».<br />E «O que é uma família?»<br />Fica em silêncio, depois, diz: «&#8230;. quando você tem vontade de ficar na sua casa».<br />Pedro, 3 anos</i></p>
<p style="text-align: justify;"><img decoding="async" class="size-full wp-image-1562 alignleft" src="http://enapol.com/viii/wp-content/uploads/sites/6/2021/09/18_Marisa-Chamizo.jpg" alt="" width="250" height="250" srcset="https://enapol.com/viii/wp-content/uploads/sites/6/2021/09/18_Marisa-Chamizo-66x66.jpg 66w, https://enapol.com/viii/wp-content/uploads/sites/6/2021/09/18_Marisa-Chamizo-150x150.jpg 150w, https://enapol.com/viii/wp-content/uploads/sites/6/2021/09/18_Marisa-Chamizo-200x200.jpg 200w, https://enapol.com/viii/wp-content/uploads/sites/6/2021/09/18_Marisa-Chamizo.jpg 250w" sizes="(max-width: 250px) 100vw, 250px" /></p>
<p style="text-align: justify;">O modo como essa criança responde à pergunta sobre o que é uma família, nos conduz a outras perguntas: a família opera como um refúgio para o que é o desamparo original do filhote humano? As modificações sofridas pela família como instituição preserva esta função?</p>
<p style="text-align: justify;">Há quase 80 anos Lacan [1] não apenas fazia referência ao declínio social da imago paterna, vinculado ao progresso social e a fatores econômicos, como também, a um só tempo, não hesitou em afirmar que: a) «Não somos daqueles que se afligem com um pretenso relaxamento do laço familiar» y b) «Seja qual for o futuro, este declínio constitui uma crise psicológica». [2]</p>
<p style="text-align: justify;">O ocaso, para nós no século XXI, são as mudanças evidentes da família constituída à maneira tradicional, pelo menos no que diz respeito ao Ocidente.</p>
<p style="text-align: justify;">J.-A. Miller, em 1994, [3] formaliza os testemunhos de passe desde a perspectiva do retrato familiar de cada um dos passantes. Enfatizava, especialmente, na presença do desejo da mãe e sua relação com o gozo e, por outro lado, a determinação insistente recebida da posição do pai na ordem dos valores. Acrescenta que, por vezes, o desejo da mãe, entrecruzado com um gozo «bestial», faz aparecer a figura e a função de pai de maneira um tanto empalidecida.</p>
<p style="text-align: justify;">Sabemos que «a parte tomada no desejo da mãe, se ela não tem a mediação (assegurada normalmente pela função do pai) deixa a criança aberta a todas as capturas fantasmáticas. Ela se torna «objeto» da mãe…»[4]</p>
<p style="text-align: justify;">Nas famílias de hoje, as que recebemos em nossos consultórios, sejam elas ampliadas, juntadas, monoparentais, homoparentais, a questão para o psicanalista é como operar/interferir para possibilitar alguma mediação, ou seja, impedir que a criança permaneça nesse lugar de objeto, seja ele fetichizado ou rechaçado.</p>
<p style="text-align: justify;">Hoje, por vezes, o problema é, talvez, um «demasiado», muitos pais entre os quais a criança busca em vão distinguir aquele com o qual se identificar.[5]</p>
<p style="text-align: justify;">Essa identificação é necessária como uma bússola, a fim de que a separação possa se operar. Será a partir desse trabalho de desembaraçar-se das escórias herdadas do discurso do Outro[6] que cada um poderá, ou não, se virar com o que permanece, o mais próprio, o irredutível: seu sintoma. O desamparo, para Freud , está relacionado à dependência do <i>«auxílio alheio»</i>; para Lacan o sujeito fica <i>sem recursos </i>em relação ao desejo do Outro: «a relação do sujeito com o desejo do Outro é dramática»[7], uma vez que o desejo do sujeito fica aspirado pelo desejo do Outro. Nisto consiste seu desamparo.</p>
<p style="text-align: justify;">Éric Laurent utiliza um termo decisivo para o tema que abordamos: a «má-formação formdo desejo do Outro. «Tanto do lado das ficções jurídicas como do lado das ficções científicas, não se poderá nunca dar conta do ponto de real que constitui a origem subjetiva de cada um: a má-formação do desejo do qual cada um provém. O desejo da mãe, seu deciframento, tem um limite. A criança nunca poderá decifrar esse código estranho …» [8]</p>
<p style="text-align: justify;">Héstia, a deusa grega do lar, é representada sustentando uma tocha. Alude ao fogo da casa que dá luz, calor e alimento. É um tema para a psicanálise tentar dar conta deste real, mais além das modificações atuais da estrutura familiar.</p>
<p style="text-align: justify;">Para concluir, podemos dizer que depende da contingência do desejo do Outro, sempre malformado, e não da forma que tome a instituição familiar, para que esse lugar no Outro seja para um sujeito um refúgio/ lar (<i>hogar</i>) ou uma fogueira (<i>hoguera</i>).</p>
<p style="text-align: justify;">Marisa Chamizo</p>
<div class="NotasPie">
<p style="text-align: justify;">Tradução : Vera Avellar Ribeiro</p>
<p style="text-align: justify;">NOTAS</p>
<ol>
<li style="text-align: justify;">Lacan, J., <i>A família, </i>Lisboa, Cooperativa editora e livreira, 1987.</li>
<li style="text-align: justify;"><i>Ibid</i>, p. 61-62.</li>
<li style="text-align: justify;">Miller , J.-A. (Mayo 1999), <i>Portraits de famille</i>, <i>La Cause Freudienne</i> 42. <i>Politique Lacanienne</i>, Navarín. Seuil, pp. 57-62.</li>
<li style="text-align: justify;">Lacan, J., Nota sobre a criança, <i>Outros escritos, </i>Rio de Janeiro, JZE, 2013.</li>
<li style="text-align: justify;">Cottet, S., El padre pulverizado, <i>Virtualia</i> 15, <a href="http://virtualia.eol.org.ar/015/default.asp?dossier/cottet.html" target="_blank" rel="noopener">http://virtualia.eol.org.ar/015/default.asp?dossier/cottet.html</a></li>
<li style="text-align: justify;">Do Argumento de ASSUNTOS DE FAMÍLIA: Seus enredos Na prática, <a href="http://www.asuntosdefamilia.com.ar/pt/template.php?file=Argumento.html">http://www.asuntosdefamilia.com.ar/pt/template.php?file=Argumento.html</a></li>
<li style="text-align: justify;">Lacan, J., <i>O Seminário, </i>livro 6: <i>o desejo e sua interpretação</i>, Rio de Janeiro, JZE, 2016.</li>
<li style="text-align: justify;">Laurent, E., Análisis de niños y la pasión familiar, <i>Enlaces</i> 22, Buenos Aires, Grama, 2016, p. 106.</li>
</ol>
</div>
</div></div></div></div></div>
