{"id":110,"date":"2021-09-06T16:56:04","date_gmt":"2021-09-06T16:56:04","guid":{"rendered":"http:\/\/x-enapol.org\/viii\/?page_id=110"},"modified":"2021-09-07T20:36:26","modified_gmt":"2021-09-07T20:36:26","slug":"textos-preparatorios","status":"publish","type":"page","link":"https:\/\/enapol.com\/viii\/pt\/encontro\/textos-preparatorios\/","title":{"rendered":"Textos preparat\u00f3rios"},"content":{"rendered":"<p><div class=\"fusion-fullwidth fullwidth-box fusion-builder-row-1 fusion-flex-container nonhundred-percent-fullwidth non-hundred-percent-height-scrolling\" style=\"--awb-border-radius-top-left:0px;--awb-border-radius-top-right:0px;--awb-border-radius-bottom-right:0px;--awb-border-radius-bottom-left:0px;--awb-flex-wrap:wrap;\" ><div class=\"fusion-builder-row fusion-row fusion-flex-align-items-flex-start fusion-flex-content-wrap\" style=\"max-width:1352px;margin-left: calc(-4% \/ 2 );margin-right: calc(-4% \/ 2 );\"><div class=\"fusion-layout-column fusion_builder_column fusion-builder-column-0 fusion_builder_column_1_1 1_1 fusion-flex-column\" style=\"--awb-bg-size:cover;--awb-width-large:100%;--awb-margin-top-large:0px;--awb-spacing-right-large:1.92%;--awb-margin-bottom-large:20px;--awb-spacing-left-large:1.92%;--awb-width-medium:100%;--awb-order-medium:0;--awb-spacing-right-medium:1.92%;--awb-spacing-left-medium:1.92%;--awb-width-small:100%;--awb-order-small:0;--awb-spacing-right-small:1.92%;--awb-spacing-left-small:1.92%;\"><div class=\"fusion-column-wrapper fusion-column-has-shadow fusion-flex-justify-content-flex-start fusion-content-layout-column\"><style type='text\/css'>.reading-box-container-1 .element-bottomshadow:before,.reading-box-container-1 .element-bottomshadow:after{opacity:0.7;}<\/style><div class=\"fusion-reading-box-container reading-box-container-1\" style=\"--awb-title-color:#3399cc;--awb-margin-top:0px;--awb-margin-bottom:20px;\"><div class=\"reading-box\" style=\"background-color:rgba(0,0,0,0.05);border-width:1px;border-color:rgba(0,0,0,0.05);border-left-width:3px;border-left-color:var(--primary_color);border-style:solid;\"><a class=\"button fusion-button button-default fusion-button-medium button-medium button-flat fusion-desktop-button fusion-tagline-button continue fusion-desktop-button-margin continue-right\" style=\"-webkit-box-shadow:none;-moz-box-shadow:none;box-shadow:none;border-radius:0px 0px 0px 0px\" href=\"http:\/\/www.lacan21.com\/sitio\/2016\/10\/25\/famulus\/?lang=pt-br\" target=\"_self\"><span>AMPLIAR<\/span><\/a><h2>Famulus<\/h2><div class=\"reading-box-description fusion-reading-box-additional\">Miquel Bassols, Presidente da AMP<\/div><div class=\"fusion-clearfix\"><\/div><a class=\"button fusion-button button-default fusion-button-medium button-medium button-flat fusion-mobile-button continue-right\" style=\"-webkit-box-shadow:none;-moz-box-shadow:none;box-shadow:none;border-radius:0px 0px 0px 0px\" href=\"http:\/\/www.lacan21.com\/sitio\/2016\/10\/25\/famulus\/?lang=pt-br\" target=\"_self\"><span>AMPLIAR<\/span><\/a><\/div><\/div><style type='text\/css'>.reading-box-container-2 .element-bottomshadow:before,.reading-box-container-2 .element-bottomshadow:after{opacity:0.7;}<\/style><div class=\"fusion-reading-box-container reading-box-container-2\" style=\"--awb-title-color:#3399cc;--awb-margin-top:0px;--awb-margin-bottom:20px;\"><div class=\"reading-box\" style=\"background-color:rgba(0,0,0,0.05);border-width:1px;border-color:rgba(0,0,0,0.05);border-left-width:3px;border-left-color:var(--primary_color);border-style:solid;\"><a class=\"button fusion-button button-default fusion-button-medium button-medium button-flat fusion-desktop-button fusion-tagline-button continue fusion-desktop-button-margin continue-right\" style=\"-webkit-box-shadow:none;-moz-box-shadow:none;box-shadow:none;border-radius:0px 0px 0px 0px\" href=\"http:\/\/www.lacan21.com\/sitio\/2016\/10\/25\/assuntos-de-familia-o-outro-em-um\/?lang=pt-br\" target=\"_self\"><span>AMPLIAR<\/span><\/a><h2>Assuntos de familia: O outro em um<\/h2><div class=\"reading-box-description fusion-reading-box-additional\">Ernesto Sinatra, Presidente da VIII ENAPOL<\/div><div class=\"fusion-clearfix\"><\/div><a class=\"button fusion-button button-default fusion-button-medium button-medium button-flat fusion-mobile-button continue-right\" style=\"-webkit-box-shadow:none;-moz-box-shadow:none;box-shadow:none;border-radius:0px 0px 0px 0px\" href=\"http:\/\/www.lacan21.com\/sitio\/2016\/10\/25\/assuntos-de-familia-o-outro-em-um\/?lang=pt-br\" target=\"_self\"><span>AMPLIAR<\/span><\/a><\/div><\/div><style type='text\/css'>.reading-box-container-3 .element-bottomshadow:before,.reading-box-container-3 .element-bottomshadow:after{opacity:0.7;}<\/style><div class=\"fusion-reading-box-container reading-box-container-3\" style=\"--awb-title-color:#3399cc;--awb-margin-top:0px;--awb-margin-bottom:20px;\"><div class=\"reading-box\" style=\"background-color:rgba(0,0,0,0.05);border-width:1px;border-color:rgba(0,0,0,0.05);border-left-width:3px;border-left-color:var(--primary_color);border-style:solid;\"><a class=\"button fusion-button button-default fusion-button-medium button-medium button-flat fusion-desktop-button fusion-tagline-button continue fusion-desktop-button-margin continue-right\" style=\"-webkit-box-shadow:none;-moz-box-shadow:none;box-shadow:none;border-radius:0px 0px 0px 0px\" href=\"http:\/\/www.lacan21.com\/sitio\/2016\/10\/25\/meninas-modelo-modelo-o-fora-da-serie-no-seculo-xxi\/?lang=pt-br\" target=\"_self\"><span>AMPLIAR<\/span><\/a><h2>Meninas modelo-modelo: O fora da s\u00e9rie no s\u00e9culo XXI<\/h2><div class=\"reading-box-description fusion-reading-box-additional\">Alejandra Glaze, Diretora da VIII ENAPOL<\/div><div class=\"fusion-clearfix\"><\/div><a class=\"button fusion-button button-default fusion-button-medium button-medium button-flat fusion-mobile-button continue-right\" style=\"-webkit-box-shadow:none;-moz-box-shadow:none;box-shadow:none;border-radius:0px 0px 0px 0px\" href=\"http:\/\/www.lacan21.com\/sitio\/2016\/10\/25\/meninas-modelo-modelo-o-fora-da-serie-no-seculo-xxi\/?lang=pt-br\" target=\"_self\"><span>AMPLIAR<\/span><\/a><\/div><\/div><style type='text\/css'>.reading-box-container-4 .element-bottomshadow:before,.reading-box-container-4 .element-bottomshadow:after{opacity:0.7;}<\/style><div class=\"fusion-reading-box-container reading-box-container-4\" style=\"--awb-title-color:#3399cc;--awb-margin-top:0px;--awb-margin-bottom:20px;\"><div class=\"reading-box\" style=\"background-color:rgba(0,0,0,0.05);border-width:1px;border-color:rgba(0,0,0,0.05);border-left-width:3px;border-left-color:var(--primary_color);border-style:solid;\"><a class=\"button fusion-button button-default fusion-button-medium button-medium button-flat fusion-desktop-button fusion-tagline-button continue fusion-desktop-button-margin continue-right\" style=\"-webkit-box-shadow:none;-moz-box-shadow:none;box-shadow:none;border-radius:0px 0px 0px 0px\" href=\"http:\/\/www.lacan21.com\/sitio\/2016\/10\/25\/enredos-de-familia-seus-assuntos-na-pratica\/?lang=pt-br\" target=\"_self\"><span>AMPLIAR<\/span><\/a><h2>Enredos de familia\u2026 Seus asuntos na pr\u00e1tica<\/h2><div class=\"reading-box-description fusion-reading-box-additional\">Viviana Mozzi, Diretora da VIII ENAPOL<\/div><div class=\"fusion-clearfix\"><\/div><a class=\"button fusion-button button-default fusion-button-medium button-medium button-flat fusion-mobile-button continue-right\" style=\"-webkit-box-shadow:none;-moz-box-shadow:none;box-shadow:none;border-radius:0px 0px 0px 0px\" href=\"http:\/\/www.lacan21.com\/sitio\/2016\/10\/25\/enredos-de-familia-seus-assuntos-na-pratica\/?lang=pt-br\" target=\"_self\"><span>AMPLIAR<\/span><\/a><\/div><\/div><style type='text\/css'>.reading-box-container-5 .element-bottomshadow:before,.reading-box-container-5 .element-bottomshadow:after{opacity:0.7;}<\/style><div class=\"fusion-reading-box-container reading-box-container-5\" style=\"--awb-title-color:#3399cc;--awb-margin-top:0px;--awb-margin-bottom:20px;\"><div class=\"reading-box\" style=\"background-color:rgba(0,0,0,0.05);border-width:1px;border-color:rgba(0,0,0,0.05);border-left-width:3px;border-left-color:var(--primary_color);border-style:solid;\"><a class=\"button fusion-button button-default fusion-button-medium button-medium button-flat fusion-desktop-button fusion-tagline-button continue fusion-desktop-button-margin continue-right\" style=\"-webkit-box-shadow:none;-moz-box-shadow:none;box-shadow:none;border-radius:0px 0px 0px 0px\" href=\"http:\/\/www.lacan21.com\/sitio\/2016\/10\/25\/as-ficcoes-de-familia-e-o-gozo-orfao\/?lang=pt-br\" target=\"_self\"><span>AMPLIAR<\/span><\/a><h2>As fic\u00e7\u00f5es de familia e o gozo \u00f3rf\u00e3o<\/h2><div class=\"reading-box-description fusion-reading-box-additional\">Mar\u00eda Josefina Sota Fuentes, Respons\u00e1vel EBP da VIII ENAPOL<\/div><div class=\"fusion-clearfix\"><\/div><a class=\"button fusion-button button-default fusion-button-medium button-medium button-flat fusion-mobile-button continue-right\" style=\"-webkit-box-shadow:none;-moz-box-shadow:none;box-shadow:none;border-radius:0px 0px 0px 0px\" href=\"http:\/\/www.lacan21.com\/sitio\/2016\/10\/25\/as-ficcoes-de-familia-e-o-gozo-orfao\/?lang=pt-br\" target=\"_self\"><span>AMPLIAR<\/span><\/a><\/div><\/div><style type='text\/css'>.reading-box-container-6 .element-bottomshadow:before,.reading-box-container-6 .element-bottomshadow:after{opacity:0.7;}<\/style><div class=\"fusion-reading-box-container reading-box-container-6\" style=\"--awb-title-color:#3399cc;--awb-margin-top:0px;--awb-margin-bottom:20px;\"><div class=\"reading-box\" style=\"background-color:rgba(0,0,0,0.05);border-width:1px;border-color:rgba(0,0,0,0.05);border-left-width:3px;border-left-color:var(--primary_color);border-style:solid;\"><a class=\"button fusion-button button-default fusion-button-medium button-medium button-flat fusion-desktop-button fusion-tagline-button continue fusion-desktop-button-margin continue-right\" style=\"-webkit-box-shadow:none;-moz-box-shadow:none;box-shadow:none;border-radius:0px 0px 0px 0px\" href=\"http:\/\/www.lacan21.com\/sitio\/2016\/10\/25\/segredos-de-familia\/?lang=pt-br\" target=\"_self\"><span>AMPLIAR<\/span><\/a><h2>Segredos da familia<\/h2><div class=\"reading-box-description fusion-reading-box-additional\">Renato Andrade, Respons\u00e1vel NEL da VIII ENAPOL<\/div><div class=\"fusion-clearfix\"><\/div><a class=\"button fusion-button button-default fusion-button-medium button-medium button-flat fusion-mobile-button continue-right\" style=\"-webkit-box-shadow:none;-moz-box-shadow:none;box-shadow:none;border-radius:0px 0px 0px 0px\" href=\"http:\/\/www.lacan21.com\/sitio\/2016\/10\/25\/segredos-de-familia\/?lang=pt-br\" target=\"_self\"><span>AMPLIAR<\/span><\/a><\/div><\/div><\/div><\/div><\/div><\/div><div class=\"fusion-fullwidth fullwidth-box fusion-builder-row-2 fusion-flex-container nonhundred-percent-fullwidth non-hundred-percent-height-scrolling\" style=\"--awb-border-radius-top-left:0px;--awb-border-radius-top-right:0px;--awb-border-radius-bottom-right:0px;--awb-border-radius-bottom-left:0px;--awb-flex-wrap:wrap;\" ><div class=\"fusion-builder-row fusion-row fusion-flex-align-items-flex-start fusion-flex-content-wrap\" style=\"max-width:1352px;margin-left: calc(-4% \/ 2 );margin-right: calc(-4% \/ 2 );\"><div class=\"fusion-layout-column fusion_builder_column fusion-builder-column-1 fusion_builder_column_1_1 1_1 fusion-flex-column\" style=\"--awb-bg-size:cover;--awb-width-large:100%;--awb-margin-top-large:0px;--awb-spacing-right-large:1.92%;--awb-margin-bottom-large:20px;--awb-spacing-left-large:1.92%;--awb-width-medium:100%;--awb-order-medium:0;--awb-spacing-right-medium:1.92%;--awb-spacing-left-medium:1.92%;--awb-width-small:100%;--awb-order-small:0;--awb-spacing-right-small:1.92%;--awb-spacing-left-small:1.92%;\"><div class=\"fusion-column-wrapper fusion-column-has-shadow fusion-flex-justify-content-flex-start fusion-content-layout-column\"><div class=\"fusion-text fusion-text-1\"><p style=\"text-align: justify;\"><i>Os sentimentos sociais de fraternidade, em que se baseia a grande subvers\u00e3o, passam a manter por longos per\u00edodos uma enorme influ\u00eancia sobre o desenvolvimento da sociedade. Manifestam-se na sacraliza\u00e7\u00e3o do sangue comum, na \u00eanfase na solidariedade de todas as vidas do mesmo cl\u00e3. [&#8230;] Eles excluem uma repeti\u00e7\u00e3o do destino do pai. \u00c0 proibi\u00e7\u00e3o de matar o totem, de fundamento religioso, junta-se a proibi\u00e7\u00e3o de matar um irm\u00e3o, de fundamento social. Ainda passar\u00e1 muito tempo at\u00e9 que o mandamento deixe de ser limitado aos membros do cl\u00e3 e adote a simples forma que diz: \u00abN\u00e3o matar\u00e1s\u00bb. Inicialmente a horda paterna \u00e9 substitu\u00edda pelo cl\u00e3 fraterno, garantido pelo la\u00e7o de sangue. A sociedade repousa ent\u00e3o na culpa comum pelo crime cometido; a religi\u00e3o, na consci\u00eancia de culpa e no arrependimento por ele; e a moralidade, em parte nas exig\u00eancias dessa sociedade e em parte nas penit\u00eancias requeridas pela consci\u00eancia de culpa.<\/i><\/p>\n<p align=\"right\"><strong>Sigmund Freud<\/strong>, (1996), \u00abTotem e tabu e outros trabalhos \u00bb (1913-1914),<br \/>\nEdi\u00e7\u00e3o Standard Brasileira das <i>Obras Psicol\u00f3gicas Completas de Sigmund Freud,\u00a0<\/i>Vol. XIII,<br \/>\nRio de Janeiro: Imago<\/p>\n<\/div><div class=\"fusion-separator fusion-full-width-sep\" style=\"align-self: center;margin-left: auto;margin-right: auto;margin-top:20px;margin-bottom:20px;width:100%;\"><\/div><div class=\"fusion-text fusion-text-2\"><p style=\"text-align: justify;\"><i>Entre todos os grupos humanos, a fam\u00edlia desempenha um papel primordial na transmiss\u00e3o da cultura. Embora as tradi\u00e7\u00f5es espirituais, a manuten\u00e7\u00e3o dos ritos e costumes, a conserva\u00e7\u00e3o das t\u00e9cnicas e do patrim\u00f4nio sejam com ela disputados por outros grupos sociais, a fam\u00edlia prevalece na educa\u00e7\u00e3o precoce, na repress\u00e3o dos instintos e na aquisi\u00e7\u00e3o da l\u00edngua, legitimamente chamada materna. Atrav\u00e9s disso, ela rege os processos fundamentais do desenvolvimento ps\u00edquico [\u2026].<\/i><\/p>\n<p align=\"right\"><strong>Jacques Lacan<\/strong>, (2003), \u00abOs complexos familiares na forma\u00e7\u00e3o do indiv\u00edduo. Ensaio de an\u00e1lise de uma fun\u00e7\u00e3o em psicologia\u00bb,<br \/>\n<i>Outros Escritos,\u00a0<\/i>Rio de Janeiro: JZE, p. 30<\/p>\n<\/div><div class=\"fusion-separator fusion-full-width-sep\" style=\"align-self: center;margin-left: auto;margin-right: auto;margin-top:20px;margin-bottom:20px;width:100%;\"><\/div><div class=\"fusion-text fusion-text-3\"><p style=\"text-align: justify;\"><i>O que poder\u00edamos dizer hoje dessa defini\u00e7\u00e3o da fam\u00edlia? Ela tem sua origem no matrim\u00f4nio? N\u00e3o, a fam\u00edlia tem sua origem no mal-entendido, no desencontro, na decep\u00e7\u00e3o, no abuso sexual ou no crime. Por acaso ela est\u00e1 formada pelo marido, pela esposa, pelos filhos, etc.? N\u00e3o, a fam\u00edlia est\u00e1 formada pelo Nome-do-Pai, pelo desejo da m\u00e3e e pelos objetos a. Est\u00e3o unidos por la\u00e7os legais, direitos, obriga\u00e7\u00f5es, etc.? N\u00e3o, a fam\u00edlia est\u00e1 especialmente unida por um segredo, est\u00e1 especialmente unida por um n\u00e3o-dito\u2026 \u00e9 um desejo n\u00e3o dito, \u00e9 sempre um segredo sobre o gozo: do qual gozam o pai e a m\u00e3e.<\/i><\/p>\n<p align=\"right\"><strong>Jacques-Alain Miller<\/strong>, (2007), \u00abCosas de familia en el inconsciente\u00bb,<br \/>\n<i>Mediodicho<\/i>, <i>Revista de Psicoan\u00e1lisis<\/i>\u00a032: \u00abMaldita familia\u00bb, C\u00f3rdoba, p. 17.<\/p>\n<\/div><div class=\"fusion-separator fusion-full-width-sep\" style=\"align-self: center;margin-left: auto;margin-right: auto;margin-top:20px;margin-bottom:20px;width:100%;\"><\/div><div class=\"fusion-text fusion-text-4\"><p style=\"text-align: justify;\"><i>Ser pai n\u00e3o \u00e9 uma norma, mas sim um ato de consequ\u00eancias, fastas e nefastas. A filia\u00e7\u00e3o contempor\u00e2nea remete, para al\u00e9m das normas, ao desejo particularizado do qual a crian\u00e7a \u00e9 o produto, seja qual for sua complexidade e a impossibilidade de o descrever. O pai contempor\u00e2neo \u00e9 um res\u00edduo, um nome, mas permanece incomensur\u00e1vel em rela\u00e7\u00e3o \u00e0s normas. Assim, ele continua sendo uma quest\u00e3o passional. A pacifica\u00e7\u00e3o da paternidade continuar\u00e1 t\u00e3o ut\u00f3pica quanto o fim da hist\u00f3ria. Nosso tempo \u00e9 tamb\u00e9m o da decifra\u00e7\u00e3o desses novos amores pelo pai, quer esses amores se desvelem por abordagens pol\u00edticas ou sociol\u00f3gicas, ou ainda que os divulguemos atrav\u00e9s de nossa pesquisa cl\u00ednica.<\/i><\/p>\n<p style=\"text-align: right;\" align=\"right\"><strong>Eric Laurent<\/strong>, (2006), \u00abUm novo amor pelo\u00bb,\u00a0<i>Op\u00e7\u00e3o Lacaniana.<br \/>\nRevista Brasileira Internacional de Psican\u00e1lise<\/i>\u00a046, S. Paulo: Ed. Eolia, p. 29<\/p>\n<\/div><div class=\"fusion-separator fusion-full-width-sep\" style=\"align-self: center;margin-left: auto;margin-right: auto;margin-top:20px;margin-bottom:20px;width:100%;\"><\/div><div class=\"fusion-text fusion-text-5\"><p style=\"text-align: justify;\"><i>Toda fam\u00edlia \u00e9 um aparato de gozo e \u00e9 nesse campo no qual se jogam os assuntos de fam\u00edlia. Trata-se, ent\u00e3o, de retomar esses assuntos buscando iluminar e recortar a forma singular do gozo de cada um. Quando falamos de novas configura\u00e7\u00f5es familiares, nos referimos \u00e0s mudan\u00e7as que se produziram na estrutura cl\u00e1ssica da fam\u00edlia tradicional de matrim\u00f4nio: pai e m\u00e3e com seus filhos.<\/i><\/p>\n<p align=\"right\"><strong>Flory Kruger<\/strong><\/p>\n<\/div><div class=\"fusion-separator fusion-full-width-sep\" style=\"align-self: center;margin-left: auto;margin-right: auto;margin-top:20px;margin-bottom:20px;width:100%;\"><\/div><div class=\"fusion-text fusion-text-6\"><p style=\"text-align: justify;\"><i>No final da an\u00e1lise &#8211; depois de processar aquele banho de linguagem mediante os murm\u00farios de lal\u00edngua em cada um -, a fam\u00edlia ter\u00e1 a possibilidade de se transformar, para cada um, em outra coisa. Caso isso ocorra, cada personagem da trama se torna, simplesmente, o elemento de um conjunto: heter\u00f3clito, inconsistente, que ter\u00e1 sido reduzido, depois de uma estranheza inquietante, \u00e0 sua entidade real de marca.<\/i><\/p>\n<p align=\"right\"><strong>Ernesto Sinatra<\/strong><\/p>\n<\/div><\/div><\/div><\/div><\/div><\/p>\n","protected":false},"excerpt":{"rendered":"","protected":false},"author":1,"featured_media":0,"parent":17,"menu_order":5,"comment_status":"closed","ping_status":"closed","template":"","meta":{"_monsterinsights_skip_tracking":false,"_monsterinsights_sitenote_active":false,"_monsterinsights_sitenote_note":"","_monsterinsights_sitenote_category":0,"footnotes":""},"_links":{"self":[{"href":"https:\/\/enapol.com\/viii\/wp-json\/wp\/v2\/pages\/110"}],"collection":[{"href":"https:\/\/enapol.com\/viii\/wp-json\/wp\/v2\/pages"}],"about":[{"href":"https:\/\/enapol.com\/viii\/wp-json\/wp\/v2\/types\/page"}],"author":[{"embeddable":true,"href":"https:\/\/enapol.com\/viii\/wp-json\/wp\/v2\/users\/1"}],"replies":[{"embeddable":true,"href":"https:\/\/enapol.com\/viii\/wp-json\/wp\/v2\/comments?post=110"}],"version-history":[{"count":4,"href":"https:\/\/enapol.com\/viii\/wp-json\/wp\/v2\/pages\/110\/revisions"}],"predecessor-version":[{"id":711,"href":"https:\/\/enapol.com\/viii\/wp-json\/wp\/v2\/pages\/110\/revisions\/711"}],"up":[{"embeddable":true,"href":"https:\/\/enapol.com\/viii\/wp-json\/wp\/v2\/pages\/17"}],"wp:attachment":[{"href":"https:\/\/enapol.com\/viii\/wp-json\/wp\/v2\/media?parent=110"}],"curies":[{"name":"wp","href":"https:\/\/api.w.org\/{rel}","templated":true}]}}