{"id":56,"date":"2021-09-06T16:39:01","date_gmt":"2021-09-06T16:39:01","guid":{"rendered":"http:\/\/x-enapol.org\/viii\/?page_id=56"},"modified":"2021-09-08T17:47:14","modified_gmt":"2021-09-08T17:47:14","slug":"bibliografia","status":"publish","type":"page","link":"https:\/\/enapol.com\/viii\/bibliografia\/","title":{"rendered":"BIBLIOGRAF\u00cdA"},"content":{"rendered":"<div class=\"fusion-fullwidth fullwidth-box fusion-builder-row-1 fusion-flex-container nonhundred-percent-fullwidth non-hundred-percent-height-scrolling\" style=\"--awb-border-radius-top-left:0px;--awb-border-radius-top-right:0px;--awb-border-radius-bottom-right:0px;--awb-border-radius-bottom-left:0px;--awb-flex-wrap:wrap;\" ><div class=\"fusion-builder-row fusion-row fusion-flex-align-items-flex-start fusion-flex-content-wrap\" style=\"max-width:1352px;margin-left: calc(-4% \/ 2 );margin-right: calc(-4% \/ 2 );\"><div class=\"fusion-layout-column fusion_builder_column fusion-builder-column-0 fusion_builder_column_1_1 1_1 fusion-flex-column\" style=\"--awb-bg-size:cover;--awb-width-large:100%;--awb-margin-top-large:0px;--awb-spacing-right-large:1.92%;--awb-margin-bottom-large:20px;--awb-spacing-left-large:1.92%;--awb-width-medium:100%;--awb-order-medium:0;--awb-spacing-right-medium:1.92%;--awb-spacing-left-medium:1.92%;--awb-width-small:100%;--awb-order-small:0;--awb-spacing-right-small:1.92%;--awb-spacing-left-small:1.92%;\"><div class=\"fusion-column-wrapper fusion-column-has-shadow fusion-flex-justify-content-flex-start fusion-content-layout-column\"><div class=\"fusion-text fusion-text-1\"><p style=\"text-align: right;\"><i>\u00abMarco Polo describe un puente, piedra por piedra.<br \/>\n&#8211; \u00bfPero cu\u00e1l es la piedra que sostiene el puente? \u2013pregunta Kublai Kan\u2013.<br \/>\n&#8211; El puente no est\u00e1 sostenidos por esta piedra o por aquella \u2013responde Marco\u2013 sino por la l\u00ednea del arco que ellas forman.<br \/>\nKublai permanece silencioso, reflexionando.<br \/>\nDespu\u00e9s a\u00f1ade: &#8211; \u00bfPor qu\u00e9 me hablas de piedras? Lo \u00fanico que me importa es el arco.<br \/>\nPolo responde:<br \/>\n&#8211; Sin piedras no hay arco\u00bb<\/i><\/p>\n<p style=\"text-align: right;\">Italo Calvino.<br \/>\n<i>Las ciudades Invisibles<\/i><\/p>\n<p style=\"text-align: justify;\">Desde un principio, nuestra orientaci\u00f3n al realizar esta b\u00fasqueda fue tratar de lograr una herramienta de trabajo viva que resulte \u00fatil a la hora de leer y escribir.<\/p>\n<p style=\"text-align: justify;\">Un vasto argumento y muchos ejes argumentales nos impusieron un trabajo alrededor de palabras clave.<\/p>\n<p style=\"text-align: justify;\">Encontrar\u00e1n referencias precisas tanto de los textos cl\u00e1sicos del psicoan\u00e1lisis, como de las publicaciones de los analistas del Campo Freudiano.<\/p>\n<p style=\"text-align: justify;\">Tambi\u00e9n podr\u00e1n encontrar referencias a la literatura y otros campos de la cultura.<\/p>\n<p style=\"text-align: justify;\">Hallar\u00e1n una secci\u00f3n en espa\u00f1ol y una secci\u00f3n en portugu\u00e9s, adem\u00e1s de un Anexo con citas de algunos autores.<\/p>\n<p style=\"text-align: justify;\">Agradecemos la colaboraci\u00f3n de los colegas de las tres Escuelas que han participado en esta enorme tarea y las gentiles sugerencias de D\u00e9bora Nitzcaner y Nicol\u00e1s Bousu\u00f1o.<\/p>\n<p style=\"text-align: justify;\">Con el aporte de cada uno, piedra por piedra, se ha construido este arco bibliogr\u00e1fico.<\/p>\n<p style=\"text-align: justify;\"><strong>Liliana Zaremsky<\/strong>\u00a0&#8211; EOL<br \/>\nResponsable de la Comisi\u00f3n de Contenidos del VIII Enapol<\/p>\n<\/div><div class=\"fusion-separator fusion-full-width-sep\" style=\"align-self: center;margin-left: auto;margin-right: auto;margin-top:20px;margin-bottom:30px;width:100%;\"><div class=\"fusion-separator-border sep-double sep-solid\" style=\"--awb-height:20px;--awb-amount:20px;--awb-sep-color:#222222;border-color:#222222;border-top-width:1px;border-bottom-width:1px;\"><\/div><\/div><div class=\"fusion-text fusion-text-2\"><p style=\"text-align: justify;\"><b>EOL \u2022 Referencias autores:<\/b>\u00a0Sigmund Freud, Jacques Lacan, autores en la literatura<br \/>\n<b>Coordinaci\u00f3n general:<\/b>\u00a0Liliana Zaremsky<br \/>\n<b>Coordinaci\u00f3n por la EOL:<\/b>\u00a0Paula Szabo<br \/>\n<b>Grupo de trabajo:<\/b>\u00a0Laura Valcarce, Lisa Erbin, Silvia Bermudez, Natal\u00ed Boghossian, Ludmila Malischevski<\/p>\n<p style=\"text-align: justify;\"><b>NEL \u2022 Referencias autores:<\/b>\u00a0\u00c9ric Laurent y Jacques-Alain Miller<br \/>\n<b>Coordinaci\u00f3n general:<\/b>\u00a0Renato Andrade<br \/>\n<b>Coordina por la NEL<\/b>: Aliana Santana<br \/>\n<b>Grupo de Trabajo:\u00a0<\/b>Renzo Pita, Carlos Valera, Luis L\u00f3pez, Juan Diego Guerra, Jorge Santiago, Diana Ortiz, Rosa Lagos, Paola Cornu, Diana Montes, Mar\u00eda Auxiliadora Rodr\u00edguez, Edgar V\u00e1zquez<\/p>\n<p style=\"text-align: justify;\">La b\u00fasqueda de bibliograf\u00eda que se nos propuso como tarea no fue menos enredada que lo que sucede con los asuntos de familia en la cl\u00ednica. Sigmund Freud surgi\u00f3 como referencia inmediata. Entre tant\u00edsimos textos, est\u00e1 ese primer\u00edsimo donde en \u00abEl chiste y su relaci\u00f3n con el inconsciente\u00bb en 1905 enreda la lengua del inconsciente con un decir verdadero sobre el sujeto,\u00a0<i>famillion\u00e4r\u00a0<\/i>es el modo en el que es tratado un sujeto en el seno de la familia que visita, modo familiar que articula en su decir un modo de gozar. En el traspi\u00e9 muestra de entrada las galletas del decir familiar. Freud con su sensibilidad frente al significante encontr\u00f3 cada vez un t\u00edtulo para sus textos que capta po\u00e9ticamente un m\u00e1s all\u00e1 del enunciado. As\u00ed, lograr encontrar los textos donde habla de familia, padre, madre, hermanos, la \u00e9poca \u2013palabras que ordenaron la b\u00fasqueda\u2013 implic\u00f3 una inmersi\u00f3n en el decir de su obra, para pescarlas, ah\u00ed, enredadas con otras.<br \/>\nHay muchas aristas por donde entrar, estas son solo algunas, cada quien encontrar\u00e1 la propia, esa con la que se enreda y lo pone a trabajar\u2026<\/p>\n<p style=\"text-align: justify;\"><i>Paula Szabo<\/i>, Coordinaci\u00f3n por la EOL<\/p>\n<\/div><\/div><\/div><\/div><\/div>\n","protected":false},"excerpt":{"rendered":"","protected":false},"author":1,"featured_media":0,"parent":0,"menu_order":6,"comment_status":"closed","ping_status":"closed","template":"","meta":{"_monsterinsights_skip_tracking":false,"_monsterinsights_sitenote_active":false,"_monsterinsights_sitenote_note":"","_monsterinsights_sitenote_category":0,"footnotes":""},"_links":{"self":[{"href":"https:\/\/enapol.com\/viii\/wp-json\/wp\/v2\/pages\/56"}],"collection":[{"href":"https:\/\/enapol.com\/viii\/wp-json\/wp\/v2\/pages"}],"about":[{"href":"https:\/\/enapol.com\/viii\/wp-json\/wp\/v2\/types\/page"}],"author":[{"embeddable":true,"href":"https:\/\/enapol.com\/viii\/wp-json\/wp\/v2\/users\/1"}],"replies":[{"embeddable":true,"href":"https:\/\/enapol.com\/viii\/wp-json\/wp\/v2\/comments?post=56"}],"version-history":[{"count":8,"href":"https:\/\/enapol.com\/viii\/wp-json\/wp\/v2\/pages\/56\/revisions"}],"predecessor-version":[{"id":865,"href":"https:\/\/enapol.com\/viii\/wp-json\/wp\/v2\/pages\/56\/revisions\/865"}],"wp:attachment":[{"href":"https:\/\/enapol.com\/viii\/wp-json\/wp\/v2\/media?parent=56"}],"curies":[{"name":"wp","href":"https:\/\/api.w.org\/{rel}","templated":true}]}}

BIBLIOGRAFÍA

<div class="fusion-fullwidth fullwidth-box fusion-builder-row-1 fusion-flex-container nonhundred-percent-fullwidth non-hundred-percent-height-scrolling" style="--awb-border-radius-top-left:0px;--awb-border-radius-top-right:0px;--awb-border-radius-bottom-right:0px;--awb-border-radius-bottom-left:0px;--awb-flex-wrap:wrap;" ><div class="fusion-builder-row fusion-row fusion-flex-align-items-flex-start fusion-flex-content-wrap" style="max-width:1352px;margin-left: calc(-4% / 2 );margin-right: calc(-4% / 2 );"><div class="fusion-layout-column fusion_builder_column fusion-builder-column-0 fusion_builder_column_1_1 1_1 fusion-flex-column" style="--awb-bg-size:cover;--awb-width-large:100%;--awb-margin-top-large:0px;--awb-spacing-right-large:1.92%;--awb-margin-bottom-large:20px;--awb-spacing-left-large:1.92%;--awb-width-medium:100%;--awb-order-medium:0;--awb-spacing-right-medium:1.92%;--awb-spacing-left-medium:1.92%;--awb-width-small:100%;--awb-order-small:0;--awb-spacing-right-small:1.92%;--awb-spacing-left-small:1.92%;"><div class="fusion-column-wrapper fusion-column-has-shadow fusion-flex-justify-content-flex-start fusion-content-layout-column"><div class="fusion-text fusion-text-1"><p style="text-align: right;"><i>«Marco Polo describe un puente, piedra por piedra.<br />
&#8211; ¿Pero cuál es la piedra que sostiene el puente? –pregunta Kublai Kan–.<br />
&#8211; El puente no está sostenidos por esta piedra o por aquella –responde Marco– sino por la línea del arco que ellas forman.<br />
Kublai permanece silencioso, reflexionando.<br />
Después añade: &#8211; ¿Por qué me hablas de piedras? Lo único que me importa es el arco.<br />
Polo responde:<br />
&#8211; Sin piedras no hay arco»</i></p>
<p style="text-align: right;">Italo Calvino.<br />
<i>Las ciudades Invisibles</i></p>
<p style="text-align: justify;">Desde un principio, nuestra orientación al realizar esta búsqueda fue tratar de lograr una herramienta de trabajo viva que resulte útil a la hora de leer y escribir.</p>
<p style="text-align: justify;">Un vasto argumento y muchos ejes argumentales nos impusieron un trabajo alrededor de palabras clave.</p>
<p style="text-align: justify;">Encontrarán referencias precisas tanto de los textos clásicos del psicoanálisis, como de las publicaciones de los analistas del Campo Freudiano.</p>
<p style="text-align: justify;">También podrán encontrar referencias a la literatura y otros campos de la cultura.</p>
<p style="text-align: justify;">Hallarán una sección en español y una sección en portugués, además de un Anexo con citas de algunos autores.</p>
<p style="text-align: justify;">Agradecemos la colaboración de los colegas de las tres Escuelas que han participado en esta enorme tarea y las gentiles sugerencias de Débora Nitzcaner y Nicolás Bousuño.</p>
<p style="text-align: justify;">Con el aporte de cada uno, piedra por piedra, se ha construido este arco bibliográfico.</p>
<p style="text-align: justify;"><strong>Liliana Zaremsky</strong> &#8211; EOL<br />
Responsable de la Comisión de Contenidos del VIII Enapol</p>
</div><div class="fusion-separator fusion-full-width-sep" style="align-self: center;margin-left: auto;margin-right: auto;margin-top:20px;margin-bottom:30px;width:100%;"><div class="fusion-separator-border sep-double sep-solid" style="--awb-height:20px;--awb-amount:20px;--awb-sep-color:#222222;border-color:#222222;border-top-width:1px;border-bottom-width:1px;"></div></div><div class="fusion-text fusion-text-2"><p style="text-align: justify;"><b>EOL • Referencias autores:</b> Sigmund Freud, Jacques Lacan, autores en la literatura<br />
<b>Coordinación general:</b> Liliana Zaremsky<br />
<b>Coordinación por la EOL:</b> Paula Szabo<br />
<b>Grupo de trabajo:</b> Laura Valcarce, Lisa Erbin, Silvia Bermudez, Natalí Boghossian, Ludmila Malischevski</p>
<p style="text-align: justify;"><b>NEL • Referencias autores:</b> Éric Laurent y Jacques-Alain Miller<br />
<b>Coordinación general:</b> Renato Andrade<br />
<b>Coordina por la NEL</b>: Aliana Santana<br />
<b>Grupo de Trabajo: </b>Renzo Pita, Carlos Valera, Luis López, Juan Diego Guerra, Jorge Santiago, Diana Ortiz, Rosa Lagos, Paola Cornu, Diana Montes, María Auxiliadora Rodríguez, Edgar Vázquez</p>
<p style="text-align: justify;">La búsqueda de bibliografía que se nos propuso como tarea no fue menos enredada que lo que sucede con los asuntos de familia en la clínica. Sigmund Freud surgió como referencia inmediata. Entre tantísimos textos, está ese primerísimo donde en «El chiste y su relación con el inconsciente» en 1905 enreda la lengua del inconsciente con un decir verdadero sobre el sujeto, <i>famillionär </i>es el modo en el que es tratado un sujeto en el seno de la familia que visita, modo familiar que articula en su decir un modo de gozar. En el traspié muestra de entrada las galletas del decir familiar. Freud con su sensibilidad frente al significante encontró cada vez un título para sus textos que capta poéticamente un más allá del enunciado. Así, lograr encontrar los textos donde habla de familia, padre, madre, hermanos, la época –palabras que ordenaron la búsqueda– implicó una inmersión en el decir de su obra, para pescarlas, ahí, enredadas con otras.<br />
Hay muchas aristas por donde entrar, estas son solo algunas, cada quien encontrará la propia, esa con la que se enreda y lo pone a trabajar…</p>
<p style="text-align: justify;"><i>Paula Szabo</i>, Coordinación por la EOL</p>
</div></div></div></div></div>
