{"id":60,"date":"2021-09-06T16:39:34","date_gmt":"2021-09-06T16:39:34","guid":{"rendered":"http:\/\/x-enapol.org\/viii\/?page_id=60"},"modified":"2021-09-06T22:41:53","modified_gmt":"2021-09-06T22:41:53","slug":"trabajos","status":"publish","type":"page","link":"https:\/\/enapol.com\/viii\/trabajos\/","title":{"rendered":"TRABAJOS"},"content":{"rendered":"<div class=\"fusion-fullwidth fullwidth-box fusion-builder-row-1 fusion-flex-container nonhundred-percent-fullwidth non-hundred-percent-height-scrolling\" style=\"--awb-border-radius-top-left:0px;--awb-border-radius-top-right:0px;--awb-border-radius-bottom-right:0px;--awb-border-radius-bottom-left:0px;--awb-flex-wrap:wrap;\" ><div class=\"fusion-builder-row fusion-row fusion-flex-align-items-flex-start fusion-flex-content-wrap\" style=\"max-width:1352px;margin-left: calc(-4% \/ 2 );margin-right: calc(-4% \/ 2 );\"><div class=\"fusion-layout-column fusion_builder_column fusion-builder-column-0 fusion_builder_column_1_3 1_3 fusion-flex-column\" style=\"--awb-bg-size:cover;--awb-width-large:33.333333333333%;--awb-margin-top-large:0px;--awb-spacing-right-large:5.76%;--awb-margin-bottom-large:20px;--awb-spacing-left-large:5.76%;--awb-width-medium:100%;--awb-order-medium:0;--awb-spacing-right-medium:1.92%;--awb-spacing-left-medium:1.92%;--awb-width-small:100%;--awb-order-small:0;--awb-spacing-right-small:1.92%;--awb-spacing-left-small:1.92%;\"><div class=\"fusion-column-wrapper fusion-column-has-shadow fusion-flex-justify-content-flex-start fusion-content-layout-column\"><div class=\"fusion-image-element \" style=\"--awb-caption-title-font-family:var(--h2_typography-font-family);--awb-caption-title-font-weight:var(--h2_typography-font-weight);--awb-caption-title-font-style:var(--h2_typography-font-style);--awb-caption-title-size:var(--h2_typography-font-size);--awb-caption-title-transform:var(--h2_typography-text-transform);--awb-caption-title-line-height:var(--h2_typography-line-height);--awb-caption-title-letter-spacing:var(--h2_typography-letter-spacing);\"><span class=\" fusion-imageframe imageframe-none imageframe-1 hover-type-none\"><img decoding=\"async\" width=\"670\" height=\"1005\" title=\"17-06-14_Extension-fecha-limite\" src=\"http:\/\/enapol.com\/viii\/wp-content\/uploads\/sites\/6\/2021\/09\/17-06-14_Extension-fecha-limite.jpg\" alt class=\"img-responsive wp-image-517\" srcset=\"https:\/\/enapol.com\/viii\/wp-content\/uploads\/sites\/6\/2021\/09\/17-06-14_Extension-fecha-limite-200x300.jpg 200w, https:\/\/enapol.com\/viii\/wp-content\/uploads\/sites\/6\/2021\/09\/17-06-14_Extension-fecha-limite-400x600.jpg 400w, https:\/\/enapol.com\/viii\/wp-content\/uploads\/sites\/6\/2021\/09\/17-06-14_Extension-fecha-limite-600x900.jpg 600w, https:\/\/enapol.com\/viii\/wp-content\/uploads\/sites\/6\/2021\/09\/17-06-14_Extension-fecha-limite.jpg 670w\" sizes=\"(max-width: 1024px) 100vw, (max-width: 640px) 100vw, 400px\" \/><\/span><\/div><\/div><\/div><div class=\"fusion-layout-column fusion_builder_column fusion-builder-column-1 fusion_builder_column_2_3 2_3 fusion-flex-column\" style=\"--awb-bg-size:cover;--awb-width-large:66.666666666667%;--awb-margin-top-large:0px;--awb-spacing-right-large:2.88%;--awb-margin-bottom-large:20px;--awb-spacing-left-large:2.88%;--awb-width-medium:100%;--awb-order-medium:0;--awb-spacing-right-medium:1.92%;--awb-spacing-left-medium:1.92%;--awb-width-small:100%;--awb-order-small:0;--awb-spacing-right-small:1.92%;--awb-spacing-left-small:1.92%;\"><div class=\"fusion-column-wrapper fusion-column-has-shadow fusion-flex-justify-content-flex-start fusion-content-layout-column\"><div class=\"fusion-text fusion-text-1\"><p style=\"text-align: justify;\">Estimados colegas,<\/p>\n<p style=\"text-align: justify;\">Ya est\u00e1 abierta la convocatoria para la recepci\u00f3n de trabajos libres para el pr\u00f3ximo\u00a0<b>VIII ENAPOL:<\/b>\u00a0<b>Asuntos de Familia. Sus enredos en la pr\u00e1ctica<\/b>.<\/p>\n<p style=\"text-align: justify;\">La convocatoria del Encuentro est\u00e1 dirigida a miembros y no miembros de nuestras Escuelas, por lo tanto, toda la comunidad puede participar activamente, enviando sus trabajos individuales, que pueden ser resultado tanto de una elaboraci\u00f3n personal como producto de un cartel u otra actividad de investigaci\u00f3n.<\/p>\n<p style=\"text-align: justify;\">Si bien no es obligatorio estar inscripto en un cartel para presentar en VIII ENAPOL, es una buena ocasi\u00f3n para hacerlo.<\/p>\n<p style=\"text-align: justify;\">Para m\u00e1s informaci\u00f3n ingresar en\u00a0<a href=\"http:\/\/cuatromasuno.eol.org.ar\/\" target=\"_blank\" rel=\"noopener\">http:\/\/cuatromasuno.eol.org.ar\/<\/a><\/p>\n<p style=\"text-align: justify;\">En nuestra p\u00e1gina web pueden acceder al Argumento, los Ejes tem\u00e1ticos y los Contenidos, para\u00a0<i>enredarse<\/i>\u00a0en los temas que nos convocan e interrogan nuestra pr\u00e1ctica.<\/p>\n<p style=\"text-align: justify;\"><b>LEA POR FAVOR ATENTAMENTE LOS REQUISITOS SE\u00d1ALADOS ABAJO:<\/b><br \/><b>Requisitos para el env\u00edo<\/b><\/p>\n<ul style=\"text-align: justify;\">\n<li>El texto deber\u00e1 ser enviado hasta el\u00a0<b>14 de junio de 2017<\/b>\u00a0por correo electr\u00f3nico a:<br \/><a href=\"mailto:trabajos.enapol2017@gmail.com\">trabajos.enapol2017@gmail.com<\/a>\u00a0y\u00a0<a href=\"mailto:monicalax.trabajosenapol2017@gmail.com\">monicalax.trabajosenapol2017@gmail.com<\/a><\/li>\n<li>Asunto del mail, colocar: VIII ENAPOL \/ Nombre y apellido del autor.<\/li>\n<\/ul>\n<p style=\"text-align: justify;\"><b>Requisitos para presentaci\u00f3n del texto<\/b><\/p>\n<ul style=\"text-align: justify;\">\n<li>M\u00e1ximo\u00a0<b>5000 caracteres\u00a0<\/b>con espacios (notas y bibliograf\u00eda incluidas)<\/li>\n<li>Formato word, Times New Roman 12, interlineado 1.5<\/li>\n<li>Encabezado: nombre y apellido \/ Escuela o pa\u00eds al que pertenece<\/li>\n<li>Direcci\u00f3n de e-mail del autor<\/li>\n<li>T\u00edtulo del trabajo<\/li>\n<li>Eje en el que se inscribe<\/li>\n<li>La bibliograf\u00eda citada, deber\u00e1 ser presentada del siguiente modo:<br \/>Impresa: Autor,\u00a0<i>Titulo<\/i>, editorial, ciudad, a\u00f1o, p\u00e1gina.<br \/>On-line: \u00abT\u00edtulo del art\u00edculo\u00bb, p\u00e1gina de la que fue tomado, link<\/li>\n<li>Una vez seleccionado y aceptado el trabajo, se le pedir\u00e1 al autor la traducci\u00f3n del mismo, al portugu\u00e9s o al espa\u00f1ol, seg\u00fan corresponda.<\/li>\n<\/ul>\n<p style=\"text-align: justify;\">En caso de no recibir confirmaci\u00f3n de su env\u00edo en 5 d\u00edas, agradeceremos reenviar, aclarando que es un reenv\u00edo.<br \/>Recuerden que\u00a0<b>es condici\u00f3n estar inscripto en el VIII ENAPOL<\/b>\u00a0para el env\u00edo de trabajos.<br \/>Los trabajos seleccionados por la Comisi\u00f3n Cient\u00edfica, se presentar\u00e1n en las Mesas simult\u00e1neas.<\/p>\n<p style=\"text-align: justify;\">\u00a1Les damos la bienvenida a un fruct\u00edfero trabajo!<br \/>Un saludo afectuoso,<\/p>\n<p style=\"text-align: justify;\"><b><i>Comisi\u00f3n cient\u00edfica del VIII ENAPOL<\/i><\/b><br \/><i>Silvia Salman<\/i>\u00a0(EOL)<br \/><i>Henri Kaufmanner<\/i>\u00a0(EBP)<br \/><i>Marcela Almanza<\/i>\u00a0(NEL)<\/p>\n<p style=\"text-align: justify;\"><i>Ernesto Sinatra<\/i>, Presidente del VIII ENAPOL<br \/><i>Alejandra Glaze<\/i>\u00a0y\u00a0<i>Viviana Mozzi<\/i>, Directoras del VIII ENAPOL<\/p>\n<\/div><\/div><\/div><\/div><\/div>\n","protected":false},"excerpt":{"rendered":"","protected":false},"author":1,"featured_media":0,"parent":0,"menu_order":7,"comment_status":"closed","ping_status":"closed","template":"","meta":{"_monsterinsights_skip_tracking":false,"_monsterinsights_sitenote_active":false,"_monsterinsights_sitenote_note":"","_monsterinsights_sitenote_category":0,"footnotes":""},"_links":{"self":[{"href":"https:\/\/enapol.com\/viii\/wp-json\/wp\/v2\/pages\/60"}],"collection":[{"href":"https:\/\/enapol.com\/viii\/wp-json\/wp\/v2\/pages"}],"about":[{"href":"https:\/\/enapol.com\/viii\/wp-json\/wp\/v2\/types\/page"}],"author":[{"embeddable":true,"href":"https:\/\/enapol.com\/viii\/wp-json\/wp\/v2\/users\/1"}],"replies":[{"embeddable":true,"href":"https:\/\/enapol.com\/viii\/wp-json\/wp\/v2\/comments?post=60"}],"version-history":[{"count":3,"href":"https:\/\/enapol.com\/viii\/wp-json\/wp\/v2\/pages\/60\/revisions"}],"predecessor-version":[{"id":520,"href":"https:\/\/enapol.com\/viii\/wp-json\/wp\/v2\/pages\/60\/revisions\/520"}],"wp:attachment":[{"href":"https:\/\/enapol.com\/viii\/wp-json\/wp\/v2\/media?parent=60"}],"curies":[{"name":"wp","href":"https:\/\/api.w.org\/{rel}","templated":true}]}}