{"id":828,"date":"2021-09-08T16:42:05","date_gmt":"2021-09-08T16:42:05","guid":{"rendered":"http:\/\/x-enapol.org\/viii\/?page_id=828"},"modified":"2021-09-08T17:30:52","modified_gmt":"2021-09-08T17:30:52","slug":"hermandad","status":"publish","type":"page","link":"https:\/\/enapol.com\/viii\/bibliografia\/hermandad\/","title":{"rendered":"Hermandad"},"content":{"rendered":"<p><div class=\"fusion-fullwidth fullwidth-box fusion-builder-row-1 fusion-flex-container nonhundred-percent-fullwidth non-hundred-percent-height-scrolling\" style=\"--awb-border-radius-top-left:0px;--awb-border-radius-top-right:0px;--awb-border-radius-bottom-right:0px;--awb-border-radius-bottom-left:0px;--awb-flex-wrap:wrap;\" ><div class=\"fusion-builder-row fusion-row fusion-flex-align-items-flex-start fusion-flex-content-wrap\" style=\"max-width:1352px;margin-left: calc(-4% \/ 2 );margin-right: calc(-4% \/ 2 );\"><div class=\"fusion-layout-column fusion_builder_column fusion-builder-column-0 fusion_builder_column_1_1 1_1 fusion-flex-column\" style=\"--awb-padding-top:7px;--awb-padding-bottom:7px;--awb-bg-color:#ed1b24;--awb-bg-color-hover:#ed1b24;--awb-bg-size:cover;--awb-width-large:100%;--awb-margin-top-large:0px;--awb-spacing-right-large:1.92%;--awb-margin-bottom-large:20px;--awb-spacing-left-large:1.92%;--awb-width-medium:100%;--awb-order-medium:0;--awb-spacing-right-medium:1.92%;--awb-spacing-left-medium:1.92%;--awb-width-small:100%;--awb-order-small:0;--awb-spacing-right-small:1.92%;--awb-spacing-left-small:1.92%;\"><div class=\"fusion-column-wrapper fusion-column-has-shadow fusion-flex-justify-content-flex-start fusion-content-layout-column\"><div class=\"fusion-text fusion-text-1\"><p style=\"font-family: Raleway; letter-spacing: 4px; font-size: 20px; font-weight: 500; margin-bottom: 0px; text-align: center;\"><span style=\"color: #ffffff;\">SIGMUND FREUD<\/span><\/p>\n<\/div><\/div><\/div><div class=\"fusion-layout-column fusion_builder_column fusion-builder-column-1 fusion_builder_column_1_1 1_1 fusion-flex-column\" style=\"--awb-bg-size:cover;--awb-width-large:100%;--awb-margin-top-large:0px;--awb-spacing-right-large:1.92%;--awb-margin-bottom-large:20px;--awb-spacing-left-large:1.92%;--awb-width-medium:100%;--awb-order-medium:0;--awb-spacing-right-medium:1.92%;--awb-spacing-left-medium:1.92%;--awb-width-small:100%;--awb-order-small:0;--awb-spacing-right-small:1.92%;--awb-spacing-left-small:1.92%;\"><div class=\"fusion-column-wrapper fusion-column-has-shadow fusion-flex-justify-content-flex-start fusion-content-layout-column\"><div class=\"fusion-text fusion-text-2\"><ul>\n<li style=\"text-align: justify;\">Freud, S., (1900 [1899]) La interpretaci\u00f3n de los sue\u00f1os. En\u00a0<i>Obras completas.\u00a0<\/i>Buenos Aires: Amorrortu. 1989. Tomo IV, p. 261.<\/li>\n<li style=\"text-align: justify;\">Freud, S., (1900 [1899]) La interpretaci\u00f3n de los sue\u00f1os (<i>continuaci\u00f3n<\/i>). En\u00a0<i>Obras completas.\u00a0<\/i>Buenos Aires: Amorrortu. 1994. Tomo V, p. 456.<\/li>\n<li style=\"text-align: justify;\">Freud, S., (1909) An\u00e1lisis de la fobia de un ni\u00f1o de cinco a\u00f1os. En\u00a0<i>Obras completas.\u00a0<\/i>Buenos Aires: Amorrortu. 1993. Tomo X, p. 57, 61, 93, 103-104.<\/li>\n<li style=\"text-align: justify;\">Freud, S., (1909) A prop\u00f3sito de un caso de neurosis obsesiva. En\u00a0<i>Obras completas.\u00a0<\/i>Buenos Aires: Amorrortu. 1993. Tomo X, pp. 145-146.<\/li>\n<li style=\"text-align: justify;\">Freud, S., (1910 [1909]) Cinco conferencias sobre psicoan\u00e1lisis. En\u00a0<i>Obras completas.\u00a0<\/i>Buenos Aires: Amorrortu. 1994. Tomo XI, p. 43.<\/li>\n<li style=\"text-align: justify;\">Freud, S., (1916-17 [1915-17]) Conferencias de introducci\u00f3n al psicoan\u00e1lisis. En\u00a0<i>Obras completas.\u00a0<\/i>Buenos Aires: Amorrortu. 1994. Tomo XV:<br \/>&#8211; 10\u00b0 conferencia. El simbolismo en el sue\u00f1o\u00bb, pp. 139-140.<br \/>&#8211; 13\u00b0 conferencia. Rasgos arcaicos e infantilismo en el sue\u00f1o, pp. 186, 187, 192.<\/li>\n<li style=\"text-align: justify;\">Freud, S., (1917 [1916-17]) Conferencias de introducci\u00f3n al psicoan\u00e1lisis (<i>continuaci\u00f3n<\/i>). En\u00a0<i>Obras completas.\u00a0<\/i>Buenos Aires: Amorrortu. 1992. Tomo XVI:<br \/>&#8211; 20\u00b0 conferencia. La vida sexual de los seres humanos, p. 290.<br \/>&#8211; 21\u00b0 conferencia. Desarrollo libidinal y organizaciones sexuales, pp. 297, 304.<\/li>\n<li style=\"text-align: justify;\">Freud, S., (1941 [1921]) Psicoan\u00e1lisis y telepat\u00eda. En\u00a0<i>Obras completas.\u00a0<\/i>Buenos Aires: Amorrortu. 1993. Tomo XVIII, p. 173.<\/li>\n<li style=\"text-align: justify;\">Freud, S., (1921) Psicolog\u00eda de las masas y an\u00e1lisis del yo. En\u00a0<i>Obras completas.\u00a0<\/i>Buenos Aires: Amorrortu. 1993. Tomo XVIII, pp. 67, 113-114, 129.<\/li>\n<li style=\"text-align: justify;\">Freud, S., (1922) Sue\u00f1o y telepat\u00eda. En\u00a0<i>Obras completas.\u00a0<\/i>Buenos Aires: Amorrortu. 1993. Tomo XVIII, pp.192-198.<\/li>\n<li style=\"text-align: justify;\">Freud, S., (1930 [1929]) El malestar en la cultura. En\u00a0<i>Obras completas.\u00a0<\/i>Buenos Aires: Amorrortu. 1996. Tomo XXI, pp. 100, 240.<\/li>\n<li style=\"text-align: justify;\">Freud, S., (1931) Sobre la sexualidad femenina. En\u00a0<i>Obras completas.\u00a0<\/i>Buenos Aires: Amorrortu. 1996. Tomo XXI, p. 240.<\/li>\n<\/ul>\n<\/div><\/div><\/div><\/div><\/div><div class=\"fusion-fullwidth fullwidth-box fusion-builder-row-2 fusion-flex-container nonhundred-percent-fullwidth non-hundred-percent-height-scrolling\" style=\"--awb-border-radius-top-left:0px;--awb-border-radius-top-right:0px;--awb-border-radius-bottom-right:0px;--awb-border-radius-bottom-left:0px;--awb-margin-top:40px;--awb-flex-wrap:wrap;\" ><div class=\"fusion-builder-row fusion-row fusion-flex-align-items-flex-start fusion-flex-content-wrap\" style=\"max-width:1352px;margin-left: calc(-4% \/ 2 );margin-right: calc(-4% \/ 2 );\"><div class=\"fusion-layout-column fusion_builder_column fusion-builder-column-2 fusion_builder_column_1_1 1_1 fusion-flex-column\" style=\"--awb-padding-top:7px;--awb-padding-bottom:7px;--awb-bg-color:#ed1b24;--awb-bg-color-hover:#ed1b24;--awb-bg-size:cover;--awb-width-large:100%;--awb-margin-top-large:0px;--awb-spacing-right-large:1.92%;--awb-margin-bottom-large:20px;--awb-spacing-left-large:1.92%;--awb-width-medium:100%;--awb-order-medium:0;--awb-spacing-right-medium:1.92%;--awb-spacing-left-medium:1.92%;--awb-width-small:100%;--awb-order-small:0;--awb-spacing-right-small:1.92%;--awb-spacing-left-small:1.92%;\"><div class=\"fusion-column-wrapper fusion-column-has-shadow fusion-flex-justify-content-flex-start fusion-content-layout-column\"><div class=\"fusion-text fusion-text-3\"><p style=\"font-family: Raleway; letter-spacing: 4px; font-size: 20px; font-weight: 500; margin-bottom: 0px; text-align: center;\"><span style=\"color: #ffffff;\">ANALISTAS DEL CAMPO FREUDIANO<\/span><\/p>\n<\/div><\/div><\/div><div class=\"fusion-layout-column fusion_builder_column fusion-builder-column-3 fusion_builder_column_1_1 1_1 fusion-flex-column\" style=\"--awb-bg-size:cover;--awb-width-large:100%;--awb-margin-top-large:0px;--awb-spacing-right-large:1.92%;--awb-margin-bottom-large:20px;--awb-spacing-left-large:1.92%;--awb-width-medium:100%;--awb-order-medium:0;--awb-spacing-right-medium:1.92%;--awb-spacing-left-medium:1.92%;--awb-width-small:100%;--awb-order-small:0;--awb-spacing-right-small:1.92%;--awb-spacing-left-small:1.92%;\"><div class=\"fusion-column-wrapper fusion-column-has-shadow fusion-flex-justify-content-flex-start fusion-content-layout-column\"><div class=\"fusion-text fusion-text-4\"><ul>\n<li style=\"text-align: justify;\">Assoun, P. L., (2000)\u00a0<i>Lecciones psicoanal\u00edticas sobre hermanos y hermanas<\/i>\u00a01. Buenos Aires: Nueva Visi\u00f3n.<\/li>\n<li style=\"text-align: justify;\">Ferrer, T., (2000) Cosas del desierto. En Miller, J.-A.\u00a0<i>Lakant.<\/i>\u00a0Buenos Aires: Tres Haches, pp. 120-126.<\/li>\n<li style=\"text-align: justify;\">Fleischer, D., (2007) Historias de hermanos y hermanas. Celos, alianza, apetencia, posici\u00f3n. En\u00a0<i>Psicoan\u00e1lisis y el Hospital<\/i>\u00a032, pp. 100-107.<\/li>\n<li style=\"text-align: justify;\">Novoa, R., (2008) Mi hermano.\u00a0<i>Enlaces,<\/i>\u00a013. Publicaci\u00f3n del Departamento de estudios psicoanal\u00edticos sobre la Familia-Enlaces. Buenos Aires: Grama, pp. 75-76.<\/li>\n<li style=\"text-align: justify;\">Pommier, G., (2002) La comunidad de los que ya no son hermanos. En Pommier, G.,<i>\u00a0Los cuerpos ang\u00e9licos de la posmodernidad<\/i>. Buenos Aires: Nueva Visi\u00f3n, pp. 117-123.<\/li>\n<li style=\"text-align: justify;\">Sinatra, E., (1991) \u00bfQu\u00e9 cosa es un hermano? En Sinatra, E.,\u00a0<i>Consecuencias del psicoan\u00e1lisis<\/i>. Buenos Aires: An\u00e1fora, pp. 21-33.<\/li>\n<li style=\"text-align: justify;\">Sinatra, E., (1993) El nacimiento de un hermano. En Sinatra, E.,\u00a0<i>\u00bfPor qu\u00e9 los hombres son como son?<\/i>\u00a0Buenos Aires: Atuel, pp. 69-77.<\/li>\n<li style=\"text-align: justify;\">Sinatra, E., (2010) \u00bfQu\u00e9 cosa es un hermano? En Sinatra, E.,\u00a0<i>\u00a1Por fin hombres al fin!<\/i>\u00a0Buenos Aires: Grama, pp. 101-115.<\/li>\n<\/ul>\n<\/div><\/div><\/div><\/div><\/div><div class=\"fusion-fullwidth fullwidth-box fusion-builder-row-3 fusion-flex-container nonhundred-percent-fullwidth non-hundred-percent-height-scrolling\" style=\"--awb-border-radius-top-left:0px;--awb-border-radius-top-right:0px;--awb-border-radius-bottom-right:0px;--awb-border-radius-bottom-left:0px;--awb-margin-top:40px;--awb-flex-wrap:wrap;\" ><div class=\"fusion-builder-row fusion-row fusion-flex-align-items-flex-start fusion-flex-content-wrap\" style=\"max-width:1352px;margin-left: calc(-4% \/ 2 );margin-right: calc(-4% \/ 2 );\"><div class=\"fusion-layout-column fusion_builder_column fusion-builder-column-4 fusion_builder_column_1_1 1_1 fusion-flex-column\" style=\"--awb-padding-top:7px;--awb-padding-bottom:7px;--awb-bg-color:#ed1b24;--awb-bg-color-hover:#ed1b24;--awb-bg-size:cover;--awb-width-large:100%;--awb-margin-top-large:0px;--awb-spacing-right-large:1.92%;--awb-margin-bottom-large:20px;--awb-spacing-left-large:1.92%;--awb-width-medium:100%;--awb-order-medium:0;--awb-spacing-right-medium:1.92%;--awb-spacing-left-medium:1.92%;--awb-width-small:100%;--awb-order-small:0;--awb-spacing-right-small:1.92%;--awb-spacing-left-small:1.92%;\"><div class=\"fusion-column-wrapper fusion-column-has-shadow fusion-flex-justify-content-flex-start fusion-content-layout-column\"><div class=\"fusion-text fusion-text-5\"><p style=\"font-family: Raleway; letter-spacing: 4px; font-size: 20px; font-weight: 500; margin-bottom: 0px; text-align: center;\"><span style=\"color: #ffffff;\">LITERATURA<\/span><\/p>\n<\/div><\/div><\/div><div class=\"fusion-layout-column fusion_builder_column fusion-builder-column-5 fusion_builder_column_1_1 1_1 fusion-flex-column\" style=\"--awb-bg-size:cover;--awb-width-large:100%;--awb-margin-top-large:0px;--awb-spacing-right-large:1.92%;--awb-margin-bottom-large:20px;--awb-spacing-left-large:1.92%;--awb-width-medium:100%;--awb-order-medium:0;--awb-spacing-right-medium:1.92%;--awb-spacing-left-medium:1.92%;--awb-width-small:100%;--awb-order-small:0;--awb-spacing-right-small:1.92%;--awb-spacing-left-small:1.92%;\"><div class=\"fusion-column-wrapper fusion-column-has-shadow fusion-flex-justify-content-flex-start fusion-content-layout-column\"><div class=\"fusion-text fusion-text-6\"><ul>\n<li style=\"text-align: justify;\">Allen, W., (2008)\u00a0<i>Cuentos sin plumas<\/i>. Buenos Aires: Tusquets.<\/li>\n<li style=\"text-align: justify;\">Auster, P., (2009)\u00a0<i>Invisible<\/i>. Barcelona: Anagrama.<\/li>\n<li style=\"text-align: justify;\">Borges, J., (2012)\u00a0<i>Para las 6 cuerdas<\/i>. Buenos Aires: Del bolsillo Editores.<\/li>\n<li style=\"text-align: justify;\">Belloc, B., (1998)\u00a0<i>Tribus porte\u00f1as<\/i>. Buenos Aires: Hoy x Hoy.<\/li>\n<li style=\"text-align: justify;\">Cort\u00e1zar, J., (2010) Final del juego. En Aguilar, Altea, Taurus, Alfaguara (Eds.),\u00a0<i>Cuentos completos<\/i>\u00a01. Buenos aires: Alfaguara, pp. 412-430.<\/li>\n<li style=\"text-align: justify;\">Dostoyesvki, F., (2015)\u00a0<i>Los hermanos Kram\u00e1zov<\/i>. Buenos Aires: Penguin cl\u00e1sicos.<\/li>\n<li style=\"text-align: justify;\">Garc\u00eda M\u00e1rquez, G., (2016)\u00a0<i>Cr\u00f3nica de una muerte anunciada<\/i>. Buenos Aires: Del bolsillo.<\/li>\n<li style=\"text-align: justify;\">Jeffrey, E., (2013)\u00a0<i>V\u00edrgenes suicidas<\/i>. Barcelona: Anagrama.<\/li>\n<li style=\"text-align: justify;\">Lahiri, J., (2014)\u00a0<i>La hondonada<\/i>. Barcelona: Salamandra.<\/li>\n<li style=\"text-align: justify;\">May Alcot, L., (2014)\u00a0<i>Mujercitas<\/i>. Buenos Aires: Lumen.<\/li>\n<li style=\"text-align: justify;\">Nothomb, A., (2005)\u00a0<i>Antichrista<\/i>. Barcelona: Anagrama.<\/li>\n<li style=\"text-align: justify;\">Nothomb, A., (2012)\u00a0<i>Una forma de vida<\/i>. Barcelona: Anagrama<\/li>\n<li style=\"text-align: justify;\">Nothomb, A., (2016)\u00a0<i>P\u00e9tronille<\/i>. Barcelona: Anagrama.<\/li>\n<li style=\"text-align: justify;\">Schweblin, S., (2015)\u00a0<i>7 casas vac\u00edas<\/i>. Buenos Aires: Rivera del Duero.<\/li>\n<li style=\"text-align: justify;\">Schweblin, S., (2015)\u00a0<i>P\u00e1jaros en la boca<\/i>. Buenos aires: Literatura Random House.<\/li>\n<\/ul>\n<\/div><\/div><\/div><\/div><\/div><\/p>\n","protected":false},"excerpt":{"rendered":"","protected":false},"author":1,"featured_media":0,"parent":56,"menu_order":5,"comment_status":"closed","ping_status":"closed","template":"","meta":{"_monsterinsights_skip_tracking":false,"_monsterinsights_sitenote_active":false,"_monsterinsights_sitenote_note":"","_monsterinsights_sitenote_category":0,"footnotes":""},"_links":{"self":[{"href":"https:\/\/enapol.com\/viii\/wp-json\/wp\/v2\/pages\/828"}],"collection":[{"href":"https:\/\/enapol.com\/viii\/wp-json\/wp\/v2\/pages"}],"about":[{"href":"https:\/\/enapol.com\/viii\/wp-json\/wp\/v2\/types\/page"}],"author":[{"embeddable":true,"href":"https:\/\/enapol.com\/viii\/wp-json\/wp\/v2\/users\/1"}],"replies":[{"embeddable":true,"href":"https:\/\/enapol.com\/viii\/wp-json\/wp\/v2\/comments?post=828"}],"version-history":[{"count":2,"href":"https:\/\/enapol.com\/viii\/wp-json\/wp\/v2\/pages\/828\/revisions"}],"predecessor-version":[{"id":854,"href":"https:\/\/enapol.com\/viii\/wp-json\/wp\/v2\/pages\/828\/revisions\/854"}],"up":[{"embeddable":true,"href":"https:\/\/enapol.com\/viii\/wp-json\/wp\/v2\/pages\/56"}],"wp:attachment":[{"href":"https:\/\/enapol.com\/viii\/wp-json\/wp\/v2\/media?parent=828"}],"curies":[{"name":"wp","href":"https:\/\/api.w.org\/{rel}","templated":true}]}}