{"id":830,"date":"2021-09-08T16:42:34","date_gmt":"2021-09-08T16:42:34","guid":{"rendered":"http:\/\/x-enapol.org\/viii\/?page_id=830"},"modified":"2021-09-08T17:33:12","modified_gmt":"2021-09-08T17:33:12","slug":"efectos-de-la-epoca","status":"publish","type":"page","link":"https:\/\/enapol.com\/viii\/bibliografia\/efectos-de-la-epoca\/","title":{"rendered":"Efectos de la \u00e9poca"},"content":{"rendered":"<p><div class=\"fusion-fullwidth fullwidth-box fusion-builder-row-1 fusion-flex-container nonhundred-percent-fullwidth non-hundred-percent-height-scrolling\" style=\"--awb-border-radius-top-left:0px;--awb-border-radius-top-right:0px;--awb-border-radius-bottom-right:0px;--awb-border-radius-bottom-left:0px;--awb-margin-top:40px;--awb-flex-wrap:wrap;\" ><div class=\"fusion-builder-row fusion-row fusion-flex-align-items-flex-start fusion-flex-content-wrap\" style=\"max-width:1352px;margin-left: calc(-4% \/ 2 );margin-right: calc(-4% \/ 2 );\"><div class=\"fusion-layout-column fusion_builder_column fusion-builder-column-0 fusion_builder_column_1_1 1_1 fusion-flex-column\" style=\"--awb-padding-top:7px;--awb-padding-bottom:7px;--awb-bg-color:#ed1b24;--awb-bg-color-hover:#ed1b24;--awb-bg-size:cover;--awb-width-large:100%;--awb-margin-top-large:0px;--awb-spacing-right-large:1.92%;--awb-margin-bottom-large:20px;--awb-spacing-left-large:1.92%;--awb-width-medium:100%;--awb-order-medium:0;--awb-spacing-right-medium:1.92%;--awb-spacing-left-medium:1.92%;--awb-width-small:100%;--awb-order-small:0;--awb-spacing-right-small:1.92%;--awb-spacing-left-small:1.92%;\"><div class=\"fusion-column-wrapper fusion-column-has-shadow fusion-flex-justify-content-flex-start fusion-content-layout-column\"><div class=\"fusion-text fusion-text-1\"><p style=\"font-family: Raleway; letter-spacing: 4px; font-size: 20px; font-weight: 500; margin-bottom: 0px; text-align: center;\"><span style=\"color: #ffffff;\">JACQUES-ALAIN MILLER<\/span><\/p>\n<\/div><\/div><\/div><div class=\"fusion-layout-column fusion_builder_column fusion-builder-column-1 fusion_builder_column_1_1 1_1 fusion-flex-column\" style=\"--awb-bg-size:cover;--awb-width-large:100%;--awb-margin-top-large:0px;--awb-spacing-right-large:1.92%;--awb-margin-bottom-large:20px;--awb-spacing-left-large:1.92%;--awb-width-medium:100%;--awb-order-medium:0;--awb-spacing-right-medium:1.92%;--awb-spacing-left-medium:1.92%;--awb-width-small:100%;--awb-order-small:0;--awb-spacing-right-small:1.92%;--awb-spacing-left-small:1.92%;\"><div class=\"fusion-column-wrapper fusion-column-has-shadow fusion-flex-justify-content-flex-start fusion-content-layout-column\"><div class=\"fusion-text fusion-text-2\"><ul>\n<li style=\"text-align: justify;\">Miller, J.-A. (2009) El futuro del Mycoplasma Laboratorium. En Dessal, G. (Comp.),\u00a0<i>Las ciencias inhumanas<\/i>. Madrid: Gredos, pp. 23-33.<\/li>\n<\/ul>\n<\/div><\/div><\/div><\/div><\/div><div class=\"fusion-fullwidth fullwidth-box fusion-builder-row-2 fusion-flex-container nonhundred-percent-fullwidth non-hundred-percent-height-scrolling\" style=\"--awb-border-radius-top-left:0px;--awb-border-radius-top-right:0px;--awb-border-radius-bottom-right:0px;--awb-border-radius-bottom-left:0px;--awb-margin-top:40px;--awb-flex-wrap:wrap;\" ><div class=\"fusion-builder-row fusion-row fusion-flex-align-items-flex-start fusion-flex-content-wrap\" style=\"max-width:1352px;margin-left: calc(-4% \/ 2 );margin-right: calc(-4% \/ 2 );\"><div class=\"fusion-layout-column fusion_builder_column fusion-builder-column-2 fusion_builder_column_1_1 1_1 fusion-flex-column\" style=\"--awb-padding-top:7px;--awb-padding-bottom:7px;--awb-bg-color:#ed1b24;--awb-bg-color-hover:#ed1b24;--awb-bg-size:cover;--awb-width-large:100%;--awb-margin-top-large:0px;--awb-spacing-right-large:1.92%;--awb-margin-bottom-large:20px;--awb-spacing-left-large:1.92%;--awb-width-medium:100%;--awb-order-medium:0;--awb-spacing-right-medium:1.92%;--awb-spacing-left-medium:1.92%;--awb-width-small:100%;--awb-order-small:0;--awb-spacing-right-small:1.92%;--awb-spacing-left-small:1.92%;\"><div class=\"fusion-column-wrapper fusion-column-has-shadow fusion-flex-justify-content-flex-start fusion-content-layout-column\"><div class=\"fusion-text fusion-text-3\"><p style=\"font-family: Raleway; letter-spacing: 4px; font-size: 20px; font-weight: 500; margin-bottom: 0px; text-align: center;\"><span style=\"color: #ffffff;\">MIQUEL BASSOLS<\/span><\/p>\n<\/div><\/div><\/div><div class=\"fusion-layout-column fusion_builder_column fusion-builder-column-3 fusion_builder_column_1_1 1_1 fusion-flex-column\" style=\"--awb-bg-size:cover;--awb-width-large:100%;--awb-margin-top-large:0px;--awb-spacing-right-large:1.92%;--awb-margin-bottom-large:20px;--awb-spacing-left-large:1.92%;--awb-width-medium:100%;--awb-order-medium:0;--awb-spacing-right-medium:1.92%;--awb-spacing-left-medium:1.92%;--awb-width-small:100%;--awb-order-small:0;--awb-spacing-right-small:1.92%;--awb-spacing-left-small:1.92%;\"><div class=\"fusion-column-wrapper fusion-column-has-shadow fusion-flex-justify-content-flex-start fusion-content-layout-column\"><div class=\"fusion-text fusion-text-4\"><ul>\n<li style=\"text-align: justify;\">Bassols, M., (2015) La t\u00e9cnica, la religi\u00f3n y sus v\u00edctimas. En\u00a0<i>Revista Lacaniana de Psicoan\u00e1lisis<\/i>\u00a019, pp. 83-89.<\/li>\n<\/ul>\n<\/div><\/div><\/div><\/div><\/div><div class=\"fusion-fullwidth fullwidth-box fusion-builder-row-3 fusion-flex-container nonhundred-percent-fullwidth non-hundred-percent-height-scrolling\" style=\"--awb-border-radius-top-left:0px;--awb-border-radius-top-right:0px;--awb-border-radius-bottom-right:0px;--awb-border-radius-bottom-left:0px;--awb-margin-top:40px;--awb-flex-wrap:wrap;\" ><div class=\"fusion-builder-row fusion-row fusion-flex-align-items-flex-start fusion-flex-content-wrap\" style=\"max-width:1352px;margin-left: calc(-4% \/ 2 );margin-right: calc(-4% \/ 2 );\"><div class=\"fusion-layout-column fusion_builder_column fusion-builder-column-4 fusion_builder_column_1_1 1_1 fusion-flex-column\" style=\"--awb-padding-top:7px;--awb-padding-bottom:7px;--awb-bg-color:#ed1b24;--awb-bg-color-hover:#ed1b24;--awb-bg-size:cover;--awb-width-large:100%;--awb-margin-top-large:0px;--awb-spacing-right-large:1.92%;--awb-margin-bottom-large:20px;--awb-spacing-left-large:1.92%;--awb-width-medium:100%;--awb-order-medium:0;--awb-spacing-right-medium:1.92%;--awb-spacing-left-medium:1.92%;--awb-width-small:100%;--awb-order-small:0;--awb-spacing-right-small:1.92%;--awb-spacing-left-small:1.92%;\"><div class=\"fusion-column-wrapper fusion-column-has-shadow fusion-flex-justify-content-flex-start fusion-content-layout-column\"><div class=\"fusion-text fusion-text-5\"><p style=\"font-family: Raleway; letter-spacing: 4px; font-size: 20px; font-weight: 500; margin-bottom: 0px; text-align: center;\"><span style=\"color: #ffffff;\">ANALISTAS DEL CAMPO FREUDIANO<\/span><\/p>\n<\/div><\/div><\/div><div class=\"fusion-layout-column fusion_builder_column fusion-builder-column-5 fusion_builder_column_1_1 1_1 fusion-flex-column\" style=\"--awb-bg-size:cover;--awb-width-large:100%;--awb-margin-top-large:0px;--awb-spacing-right-large:1.92%;--awb-margin-bottom-large:20px;--awb-spacing-left-large:1.92%;--awb-width-medium:100%;--awb-order-medium:0;--awb-spacing-right-medium:1.92%;--awb-spacing-left-medium:1.92%;--awb-width-small:100%;--awb-order-small:0;--awb-spacing-right-small:1.92%;--awb-spacing-left-small:1.92%;\"><div class=\"fusion-column-wrapper fusion-column-has-shadow fusion-flex-justify-content-flex-start fusion-content-layout-column\"><div class=\"fusion-text fusion-text-6\"><p style=\"text-align: justify;\"><b>Sobre parentalidades<\/b><\/p>\n<ul style=\"text-align: justify;\">\n<li>Brousse, M.-H., (2006) Un neologismo de actualidad: la parentalidad.\u00a0<i>Enlaces<\/i>\u00a011. Publicaci\u00f3n del Departamento de estudios psicoanal\u00edticos sobre la Familia-Enlaces. Buenos Aires: Grama, pp. 64-69.<\/li>\n<li>S\u00e1nchez, B., (2008) Del parentesco a la parentalidad.\u00a0<i>Enlaces<\/i>\u00a013. Publicaci\u00f3n del Departamento de estudios psicoanal\u00edticos sobre la Familia-Enlaces. Buenos Aires: Grama, pp. 33-36.<\/li>\n<li>Torres, M., (2010) Parentalidad, diferencia y matrimonio homosexual. En Torres, M., Faraoni, J. y Schnitzer, G. (Comps.)\u00a0<i>Uniones del mismo sexo. Diferencia, invenci\u00f3n y sexuaci\u00f3n.<\/i>\u00a0Buenos Aires: Grama, pp. 11-23.<\/li>\n<\/ul>\n<p style=\"text-align: justify;\"><b>Sobre\u00a0<i>gadgets<\/i><\/b><\/p>\n<ul style=\"text-align: justify;\">\n<li>Sinatra, E., (1998) El psicoan\u00e1lisis no es una mercanc\u00eda -o c\u00f3mo emplear los\u00a0<i>gadgets<\/i>\u00a0sin ser aplastados por ellos. En\u00a0<i>Lazos<\/i>\u00a01, pp. 137-143.<\/li>\n<li>Solimano, M. L., (2007) Gadget. En AA.VV.,\u00a0<i>Scilicet. Los objetos\u00a0<\/i>a<i>\u00a0en la experiencia psicoanal\u00edtica<\/i>. VI Congreso de la Asociaci\u00f3n Mundial de Psicoan\u00e1lisis. Buenos Aires: Grama-AMP, pp. 126-128.<\/li>\n<\/ul>\n<p style=\"text-align: justify;\"><b>Sobre ciencia y t\u00e9cnica<\/b><\/p>\n<ul>\n<li style=\"text-align: justify;\">Seldes, R., (2004). La tecnolog\u00eda gen\u00e9tica. En\u00a0<i>Enlaces<\/i>\u00a09. Publicaci\u00f3n del Departamento de estudios psicoanal\u00edticos sobre la Familia-Enlaces. Ateneo los semblantes del matrimonio. Buenos Aires: ICF, pp. 89-94.<\/li>\n<li style=\"text-align: justify;\">Alem\u00e1n, J., (2009) La metamorfosis de la ciencia en t\u00e9cnica: el discurso capitalista. En Alem\u00e1n, J.,\u00a0<i>Para una izquierda lacaniana&#8230; Intervenciones y textos.<\/i>\u00a0Buenos Aires: Grama, pp. 47-57.<\/li>\n<\/ul>\n<\/div><\/div><\/div><\/div><\/div><\/p>\n","protected":false},"excerpt":{"rendered":"","protected":false},"author":1,"featured_media":0,"parent":56,"menu_order":6,"comment_status":"closed","ping_status":"closed","template":"","meta":{"_monsterinsights_skip_tracking":false,"_monsterinsights_sitenote_active":false,"_monsterinsights_sitenote_note":"","_monsterinsights_sitenote_category":0,"footnotes":""},"_links":{"self":[{"href":"https:\/\/enapol.com\/viii\/wp-json\/wp\/v2\/pages\/830"}],"collection":[{"href":"https:\/\/enapol.com\/viii\/wp-json\/wp\/v2\/pages"}],"about":[{"href":"https:\/\/enapol.com\/viii\/wp-json\/wp\/v2\/types\/page"}],"author":[{"embeddable":true,"href":"https:\/\/enapol.com\/viii\/wp-json\/wp\/v2\/users\/1"}],"replies":[{"embeddable":true,"href":"https:\/\/enapol.com\/viii\/wp-json\/wp\/v2\/comments?post=830"}],"version-history":[{"count":3,"href":"https:\/\/enapol.com\/viii\/wp-json\/wp\/v2\/pages\/830\/revisions"}],"predecessor-version":[{"id":856,"href":"https:\/\/enapol.com\/viii\/wp-json\/wp\/v2\/pages\/830\/revisions\/856"}],"up":[{"embeddable":true,"href":"https:\/\/enapol.com\/viii\/wp-json\/wp\/v2\/pages\/56"}],"wp:attachment":[{"href":"https:\/\/enapol.com\/viii\/wp-json\/wp\/v2\/media?parent=830"}],"curies":[{"name":"wp","href":"https:\/\/api.w.org\/{rel}","templated":true}]}}

Efectos de la época

<p><div class="fusion-fullwidth fullwidth-box fusion-builder-row-1 fusion-flex-container nonhundred-percent-fullwidth non-hundred-percent-height-scrolling" style="--awb-border-radius-top-left:0px;--awb-border-radius-top-right:0px;--awb-border-radius-bottom-right:0px;--awb-border-radius-bottom-left:0px;--awb-margin-top:40px;--awb-flex-wrap:wrap;" ><div class="fusion-builder-row fusion-row fusion-flex-align-items-flex-start fusion-flex-content-wrap" style="max-width:1352px;margin-left: calc(-4% / 2 );margin-right: calc(-4% / 2 );"><div class="fusion-layout-column fusion_builder_column fusion-builder-column-0 fusion_builder_column_1_1 1_1 fusion-flex-column" style="--awb-padding-top:7px;--awb-padding-bottom:7px;--awb-bg-color:#ed1b24;--awb-bg-color-hover:#ed1b24;--awb-bg-size:cover;--awb-width-large:100%;--awb-margin-top-large:0px;--awb-spacing-right-large:1.92%;--awb-margin-bottom-large:20px;--awb-spacing-left-large:1.92%;--awb-width-medium:100%;--awb-order-medium:0;--awb-spacing-right-medium:1.92%;--awb-spacing-left-medium:1.92%;--awb-width-small:100%;--awb-order-small:0;--awb-spacing-right-small:1.92%;--awb-spacing-left-small:1.92%;"><div class="fusion-column-wrapper fusion-column-has-shadow fusion-flex-justify-content-flex-start fusion-content-layout-column"><div class="fusion-text fusion-text-1"><p style="font-family: Raleway; letter-spacing: 4px; font-size: 20px; font-weight: 500; margin-bottom: 0px; text-align: center;"><span style="color: #ffffff;">JACQUES-ALAIN MILLER</span></p>
</div></div></div><div class="fusion-layout-column fusion_builder_column fusion-builder-column-1 fusion_builder_column_1_1 1_1 fusion-flex-column" style="--awb-bg-size:cover;--awb-width-large:100%;--awb-margin-top-large:0px;--awb-spacing-right-large:1.92%;--awb-margin-bottom-large:20px;--awb-spacing-left-large:1.92%;--awb-width-medium:100%;--awb-order-medium:0;--awb-spacing-right-medium:1.92%;--awb-spacing-left-medium:1.92%;--awb-width-small:100%;--awb-order-small:0;--awb-spacing-right-small:1.92%;--awb-spacing-left-small:1.92%;"><div class="fusion-column-wrapper fusion-column-has-shadow fusion-flex-justify-content-flex-start fusion-content-layout-column"><div class="fusion-text fusion-text-2"><ul>
<li style="text-align: justify;">Miller, J.-A. (2009) El futuro del Mycoplasma Laboratorium. En Dessal, G. (Comp.), <i>Las ciencias inhumanas</i>. Madrid: Gredos, pp. 23-33.</li>
</ul>
</div></div></div></div></div><div class="fusion-fullwidth fullwidth-box fusion-builder-row-2 fusion-flex-container nonhundred-percent-fullwidth non-hundred-percent-height-scrolling" style="--awb-border-radius-top-left:0px;--awb-border-radius-top-right:0px;--awb-border-radius-bottom-right:0px;--awb-border-radius-bottom-left:0px;--awb-margin-top:40px;--awb-flex-wrap:wrap;" ><div class="fusion-builder-row fusion-row fusion-flex-align-items-flex-start fusion-flex-content-wrap" style="max-width:1352px;margin-left: calc(-4% / 2 );margin-right: calc(-4% / 2 );"><div class="fusion-layout-column fusion_builder_column fusion-builder-column-2 fusion_builder_column_1_1 1_1 fusion-flex-column" style="--awb-padding-top:7px;--awb-padding-bottom:7px;--awb-bg-color:#ed1b24;--awb-bg-color-hover:#ed1b24;--awb-bg-size:cover;--awb-width-large:100%;--awb-margin-top-large:0px;--awb-spacing-right-large:1.92%;--awb-margin-bottom-large:20px;--awb-spacing-left-large:1.92%;--awb-width-medium:100%;--awb-order-medium:0;--awb-spacing-right-medium:1.92%;--awb-spacing-left-medium:1.92%;--awb-width-small:100%;--awb-order-small:0;--awb-spacing-right-small:1.92%;--awb-spacing-left-small:1.92%;"><div class="fusion-column-wrapper fusion-column-has-shadow fusion-flex-justify-content-flex-start fusion-content-layout-column"><div class="fusion-text fusion-text-3"><p style="font-family: Raleway; letter-spacing: 4px; font-size: 20px; font-weight: 500; margin-bottom: 0px; text-align: center;"><span style="color: #ffffff;">MIQUEL BASSOLS</span></p>
</div></div></div><div class="fusion-layout-column fusion_builder_column fusion-builder-column-3 fusion_builder_column_1_1 1_1 fusion-flex-column" style="--awb-bg-size:cover;--awb-width-large:100%;--awb-margin-top-large:0px;--awb-spacing-right-large:1.92%;--awb-margin-bottom-large:20px;--awb-spacing-left-large:1.92%;--awb-width-medium:100%;--awb-order-medium:0;--awb-spacing-right-medium:1.92%;--awb-spacing-left-medium:1.92%;--awb-width-small:100%;--awb-order-small:0;--awb-spacing-right-small:1.92%;--awb-spacing-left-small:1.92%;"><div class="fusion-column-wrapper fusion-column-has-shadow fusion-flex-justify-content-flex-start fusion-content-layout-column"><div class="fusion-text fusion-text-4"><ul>
<li style="text-align: justify;">Bassols, M., (2015) La técnica, la religión y sus víctimas. En <i>Revista Lacaniana de Psicoanálisis</i> 19, pp. 83-89.</li>
</ul>
</div></div></div></div></div><div class="fusion-fullwidth fullwidth-box fusion-builder-row-3 fusion-flex-container nonhundred-percent-fullwidth non-hundred-percent-height-scrolling" style="--awb-border-radius-top-left:0px;--awb-border-radius-top-right:0px;--awb-border-radius-bottom-right:0px;--awb-border-radius-bottom-left:0px;--awb-margin-top:40px;--awb-flex-wrap:wrap;" ><div class="fusion-builder-row fusion-row fusion-flex-align-items-flex-start fusion-flex-content-wrap" style="max-width:1352px;margin-left: calc(-4% / 2 );margin-right: calc(-4% / 2 );"><div class="fusion-layout-column fusion_builder_column fusion-builder-column-4 fusion_builder_column_1_1 1_1 fusion-flex-column" style="--awb-padding-top:7px;--awb-padding-bottom:7px;--awb-bg-color:#ed1b24;--awb-bg-color-hover:#ed1b24;--awb-bg-size:cover;--awb-width-large:100%;--awb-margin-top-large:0px;--awb-spacing-right-large:1.92%;--awb-margin-bottom-large:20px;--awb-spacing-left-large:1.92%;--awb-width-medium:100%;--awb-order-medium:0;--awb-spacing-right-medium:1.92%;--awb-spacing-left-medium:1.92%;--awb-width-small:100%;--awb-order-small:0;--awb-spacing-right-small:1.92%;--awb-spacing-left-small:1.92%;"><div class="fusion-column-wrapper fusion-column-has-shadow fusion-flex-justify-content-flex-start fusion-content-layout-column"><div class="fusion-text fusion-text-5"><p style="font-family: Raleway; letter-spacing: 4px; font-size: 20px; font-weight: 500; margin-bottom: 0px; text-align: center;"><span style="color: #ffffff;">ANALISTAS DEL CAMPO FREUDIANO</span></p>
</div></div></div><div class="fusion-layout-column fusion_builder_column fusion-builder-column-5 fusion_builder_column_1_1 1_1 fusion-flex-column" style="--awb-bg-size:cover;--awb-width-large:100%;--awb-margin-top-large:0px;--awb-spacing-right-large:1.92%;--awb-margin-bottom-large:20px;--awb-spacing-left-large:1.92%;--awb-width-medium:100%;--awb-order-medium:0;--awb-spacing-right-medium:1.92%;--awb-spacing-left-medium:1.92%;--awb-width-small:100%;--awb-order-small:0;--awb-spacing-right-small:1.92%;--awb-spacing-left-small:1.92%;"><div class="fusion-column-wrapper fusion-column-has-shadow fusion-flex-justify-content-flex-start fusion-content-layout-column"><div class="fusion-text fusion-text-6"><p style="text-align: justify;"><b>Sobre parentalidades</b></p>
<ul style="text-align: justify;">
<li>Brousse, M.-H., (2006) Un neologismo de actualidad: la parentalidad. <i>Enlaces</i> 11. Publicación del Departamento de estudios psicoanalíticos sobre la Familia-Enlaces. Buenos Aires: Grama, pp. 64-69.</li>
<li>Sánchez, B., (2008) Del parentesco a la parentalidad. <i>Enlaces</i> 13. Publicación del Departamento de estudios psicoanalíticos sobre la Familia-Enlaces. Buenos Aires: Grama, pp. 33-36.</li>
<li>Torres, M., (2010) Parentalidad, diferencia y matrimonio homosexual. En Torres, M., Faraoni, J. y Schnitzer, G. (Comps.) <i>Uniones del mismo sexo. Diferencia, invención y sexuación.</i> Buenos Aires: Grama, pp. 11-23.</li>
</ul>
<p style="text-align: justify;"><b>Sobre <i>gadgets</i></b></p>
<ul style="text-align: justify;">
<li>Sinatra, E., (1998) El psicoanálisis no es una mercancía -o cómo emplear los <i>gadgets</i> sin ser aplastados por ellos. En <i>Lazos</i> 1, pp. 137-143.</li>
<li>Solimano, M. L., (2007) Gadget. En AA.VV., <i>Scilicet. Los objetos </i>a<i> en la experiencia psicoanalítica</i>. VI Congreso de la Asociación Mundial de Psicoanálisis. Buenos Aires: Grama-AMP, pp. 126-128.</li>
</ul>
<p style="text-align: justify;"><b>Sobre ciencia y técnica</b></p>
<ul>
<li style="text-align: justify;">Seldes, R., (2004). La tecnología genética. En <i>Enlaces</i> 9. Publicación del Departamento de estudios psicoanalíticos sobre la Familia-Enlaces. Ateneo los semblantes del matrimonio. Buenos Aires: ICF, pp. 89-94.</li>
<li style="text-align: justify;">Alemán, J., (2009) La metamorfosis de la ciencia en técnica: el discurso capitalista. En Alemán, J., <i>Para una izquierda lacaniana&#8230; Intervenciones y textos.</i> Buenos Aires: Grama, pp. 47-57.</li>
</ul>
</div></div></div></div></div></p>
