{"id":870,"date":"2021-09-08T17:50:21","date_gmt":"2021-09-08T17:50:21","guid":{"rendered":"http:\/\/x-enapol.org\/viii\/?page_id=870"},"modified":"2021-09-08T17:58:15","modified_gmt":"2021-09-08T17:58:15","slug":"jacques-lacan","status":"publish","type":"page","link":"https:\/\/enapol.com\/viii\/pt\/bibliografia-2\/jacques-lacan\/","title":{"rendered":"Jacques Lacan"},"content":{"rendered":"<div class=\"fusion-fullwidth fullwidth-box fusion-builder-row-1 fusion-flex-container nonhundred-percent-fullwidth non-hundred-percent-height-scrolling\" style=\"--awb-border-radius-top-left:0px;--awb-border-radius-top-right:0px;--awb-border-radius-bottom-right:0px;--awb-border-radius-bottom-left:0px;--awb-flex-wrap:wrap;\" ><div class=\"fusion-builder-row fusion-row fusion-flex-align-items-flex-start fusion-flex-content-wrap\" style=\"max-width:1352px;margin-left: calc(-4% \/ 2 );margin-right: calc(-4% \/ 2 );\"><div class=\"fusion-layout-column fusion_builder_column fusion-builder-column-0 fusion_builder_column_1_1 1_1 fusion-flex-column\" style=\"--awb-bg-size:cover;--awb-width-large:100%;--awb-margin-top-large:0px;--awb-spacing-right-large:1.92%;--awb-margin-bottom-large:20px;--awb-spacing-left-large:1.92%;--awb-width-medium:100%;--awb-order-medium:0;--awb-spacing-right-medium:1.92%;--awb-spacing-left-medium:1.92%;--awb-width-small:100%;--awb-order-small:0;--awb-spacing-right-small:1.92%;--awb-spacing-left-small:1.92%;\"><div class=\"fusion-column-wrapper fusion-column-has-shadow fusion-flex-justify-content-flex-start fusion-content-layout-column\"><div class=\"fusion-text fusion-text-1\"><p style=\"text-align: justify;\"><b>\u2022 Familia<\/b><\/p>\n<ul style=\"text-align: justify;\">\n<li>Lacan, J. (1957-1958). O Miglion\u00e1rio. In: J. Lacan ,\u00a0<i>O Semin\u00e1rio, Livro 5, As forma\u00e7\u00f5es do inconsciente<\/i>\u00a0(pp. 50-68). Rio de Janeiro: Jorge Zahar, 1999.<\/li>\n<li>Lacan, J. (1968-1969). Introdu\u00e7\u00e3o \u00e0 aposta de Pascal. In: J. Lacan.\u00a0<i>O Semin\u00e1rio,Livro 16. De um Otro ao outro\u00a0<\/i>(p. 113,114). Rio de Janeiro: Jorge Zahar, 2008.<\/li>\n<li>Lacan, J. (1971-1972). Topologia da fala (palestra). In: J. Lacan.\u00a0<i>O Semin\u00e1rio, Livro 19 \u2026ou pior<\/i>\u00a0(p. 72). Rio de Janeiro: Jorge Zahar, 2012.<\/li>\n<li>Lacan, J. (1971-1972). Teoria das quatro f\u00f3rmulas (palestra). In: J. Lacan.\u00a0<i>O Semin\u00e1rio, Livro 19 \u2026ou pior\u00a0<\/i>(p. 185, 200). Rio de Janeiro: Jorge Zahar, 2012.<\/li>\n<li>Lacan, J. (1971-1972). Os corpos aprisionados pelo discurso. In: J. Lacan.\u00a0<i>O Semin\u00e1rio, Livro 19 \u2026ou pior<\/i>\u00a0(p. 226). Rio de Janeiro: Jorge Zahar, 2012.<\/li>\n<li>Lacan , J. (1970). Alocu\u00e7\u00e3o sobre as psicoses das crian\u00e7as, In: J. Lacan,\u00a0<i>Outros Escritos,<\/i>\u00a0(p. 360, 361). Rio de Janeiro: Jorge Zahar, 2003.<\/li>\n<li>Lacan, J. (1938) Os complexos familiares na forma\u00e7\u00e3o do indiv\u00edduo In:\u00a0<i>Outros Escritos<\/i>. (pp.29-90). Rio de Janeiro: Jorge Zahar, 2003.<\/li>\n<li>Lacan, J. (1969). Nota sobre a crian\u00e7a. In: J. Lacan.\u00a0<i>Outros escritos<\/i>. (pp. 369-370). Rio de Janeiro: Jorge Zahar, 2003.<\/li>\n<li>Lacan, J. (1970). Radiofonia. In: J. Lacan,\u00a0<i>Outros escritos<\/i>. (p. 439). Rio de Janeiro: Jorge Zahar, 2003.<\/li>\n<li>Lacan, J. (1973). Televis\u00e3o. In: J. Lacan.\u00a0<i>Outros escritos<\/i>, (pp. 529,531). Rio de Janeiro: Jorge Zahar, 2003.<\/li>\n<\/ul>\n<p style=\"text-align: justify;\"><b>\u2022 Pai<\/b><\/p>\n<ul style=\"text-align: justify;\">\n<li>Lacan, J. (1953-1954) Introdu\u00e7\u00e3o e resposta a uma exposi\u00e7\u00e3o de Jean Hyppolite sobre a Verneinung de Freud,\u00a0<i>O Semin\u00e1rio, Livro 1, Os escritos t\u00e9cnicos de Freud,<\/i>\u00a0pp. 66 &#8211; 76, Rio de Janeiro: Jorge Zahar Editor, 3\u00aa edi\u00e7\u00e3o, 1986.<\/li>\n<li>Lacan, J. (1953-1954) A t\u00f3pica do imagin\u00e1rio,\u00a0<i>O Semin\u00e1rio, Livro 1, Os escritos t\u00e9cnicos de Freud<\/i>, pp. 89 &#8211; 106, Rio de Janeiro: Jorge Zahar Editor, 3\u00aa edi\u00e7\u00e3o, 1986.<\/li>\n<li>Lacan, J. (1953-1954) A b\u00e1scula do desejo,\u00a0<i>O Semin\u00e1rio, Livro 1, Os escritos t\u00e9cnicos de Freud<\/i>, pp. 189 &#8211; 203, Rio de Janeiro: Jorge Zahar Editor, 3\u00aa edi\u00e7\u00e3o, 1986.<\/li>\n<li>Lacan, J. (1953-1954) As flutua\u00e7\u00f5es da libido<i>, O Semin\u00e1rio, Livro 1, Os escritos t\u00e9cnicos de Freud<\/i>, pp. 204 &#8211; 216, Rio de Janeiro: Jorge Zahar Editor, 3\u00aa edi\u00e7\u00e3o, 1986.<\/li>\n<li>Lacan, J. (1954\/1955). Uma defini\u00e7\u00e3o materialista do fen\u00f4meno da consci\u00eancia,\u00a0<i>O Semin\u00e1rio, Livro 2, O eu na teoria de Freud e na t\u00e9cnica da psican\u00e1lise,<\/i>\u00a0pp. 57 \u2013 72, Rio de Janeiro: Jorge Zahar Editor, 3\u00aa edi\u00e7\u00e3o, 1992.<\/li>\n<li>Lacan, J. (1954\/1955). O sonho de inje\u00e7\u00e3o de Irma,\u00a0<i>O Semin\u00e1rio, Livro 2, O eu na teoria de Freud e na t\u00e9cnica da psican\u00e1lise<\/i>, pp. 187 \u2013 217, Rio de Janeiro: Jorge Zahar Editor, 3\u00aa edi\u00e7\u00e3o, 1992.<\/li>\n<li>Lacan, J. (1954\/1955). S\u00f3sia, O Semin\u00e1rio, Livro 2,\u00a0<i>O eu na teoria de Freud e na t\u00e9cnica da psican\u00e1lise,<\/i>\u00a0pp. 325 \u2013 342, Rio de Janeiro: Jorge Zahar Editor, 3\u00aa edi\u00e7\u00e3o, 1992.<\/li>\n<li>Lacan, J.(1955\/1956). A dissolu\u00e7\u00e3o imagin\u00e1ria<i>, O Semin\u00e1rio, Livro 3 As psicoses<\/i>, pp. 106 \u2013 120, Rio de Janeiro: Jorge Zahar Editor, 2\u00aa edi\u00e7\u00e3o corrigida, 1988.<\/li>\n<li>Lacan, J. (1955-1956). O significante, como tal, n\u00e3o significa nada.\u00a0<i>O Semin\u00e1rio, Livro 3 As psicoses<\/i>, pp. 209 \u2013 222, Rio de Janeiro: Jorge Zahar Editor, 2\u00aa edi\u00e7\u00e3o corrigida, 1988.<\/li>\n<li>Lacan, J. (1955-1956). Secret\u00e1rios do alienado,\u00a0<i>O Semin\u00e1rio, Livro 3 As psicoses<\/i>, pp. 235 \u2013 243, Rio de Janeiro: Jorge Zahar Editor, 2\u00aa edi\u00e7\u00e3o corrigida, 1988.<\/li>\n<li>Lacan, J. (1955-1956) Met\u00e1fora e meton\u00edmia (I): \u00abSa gerbe n&#8217;\u00e9tait point avare, ni haineuse\u00bb,\u00a0<i>O Semin\u00e1rio, Livro 3 As psicoses<\/i>, pp. 244 \u2013 252, Rio de Janeiro: Jorge Zahar Editor, 2\u00aa edi\u00e7\u00e3o corrigida, 1988.<\/li>\n<li>Lacan, J. (1955-1956) O ponto de basta,\u00a0<i>O Semin\u00e1rio, Livro 3 As psicoses<\/i>, pp. 292 \u2013 305, Rio de Janeiro: Jorge Zahar Editor, 2\u00aa edi\u00e7\u00e3o corrigida, 1988.<\/li>\n<li>Lacan, J. (1955-1956) A estrada principal e o significante \u00abser pai\u00bb,\u00a0<i>O Semin\u00e1rio, Livro 3 As psicoses<\/i>, pp. 321 \u2013 331, Rio de Janeiro: Jorge Zahar Editor, 2\u00aa edi\u00e7\u00e3o corrigida, 1988.<\/li>\n<li>Lacan, J. (1955-1956) \u00abTu \u00e9s\u00bb,\u00a0<i>O Semin\u00e1rio, Livro 3 As psicoses<\/i>, pp. 332 \u2013 347, Rio de Janeiro: Jorge Zahar Editor, 2\u00aa edi\u00e7\u00e3o corrigida, 1988.<\/li>\n<li>Lacan, J. (1955-1956) O falo e o meteoro,\u00a0<i>O Semin\u00e1rio, Livro 3 As psicoses<\/i>, pp. 348 \u2013 362, Rio de Janeiro: Jorge Zahar Editor, 2\u00aa edi\u00e7\u00e3o corrigida, 1988.<\/li>\n<li>Lacan, J. (1955-1956). A dissolu\u00e7\u00e3o imagin\u00e1ria,\u00a0<i>O Semin\u00e1rio, Livro 3 As psicoses<\/i>, pp. 106 \u2013 120, Rio de Janeiro: Jorge Zahar Editor, 2\u00aa edi\u00e7\u00e3o corrigida, 1988.<\/li>\n<li>Lacan, J. (1956-1957) A dial\u00e9tica da frustra\u00e7\u00e3o,\u00a0<i>O Semin\u00e1rio Livro 4, A rela\u00e7\u00e3o de objeto<\/i>, pp. 59 \u2013 75, Rio de Janeiro: Jorge Zahar Editor, 1995.<\/li>\n<li>Lacan, J. (1956-1957) Sobre o complexo de \u00c9dipo,\u00a0<i>O Semin\u00e1rio Livro 4, A rela\u00e7\u00e3o de objeto,<\/i>\u00a0pp. 203 \u2013 219, Rio de Janeiro: Jorge Zahar Editor, 1995.<\/li>\n<li>Lacan, J. (1956-1957) Sobre o complexo de castra\u00e7\u00e3o,\u00a0<i>O Semin\u00e1rio Livro 4, A rela\u00e7\u00e3o de objeto,<\/i>\u00a0pp. 220 \u2013 236, Rio de Janeiro: Jorge Zahar Editor, 1995.<\/li>\n<li>Lacan, J. (1956-1957) As cal\u00e7as da m\u00e3e e a car\u00eancia do pai,\u00a0<i>O Semin\u00e1rio Livro 4, A rela\u00e7\u00e3o de objeto<\/i>, pp. 362 \u2013 380, Rio de Janeiro: Jorge Zahar Editor, 1995.<\/li>\n<li>Lacan, J. (1956-1957) Ensaio de uma l\u00f3gica de borracha,\u00a0<i>O Semin\u00e1rio Livro 4, A rela\u00e7\u00e3o de objeto<\/i>, pp. 381 \u2013 399, Rio de Janeiro: Jorge Zahar Editor, 1995.<\/li>\n<li>Lacan, J. ( 1957). De uma quest\u00e3o preliminar a todo tratamento poss\u00edvel da psicose. In J. Lacan,\u00a0<i>Escritos<\/i>\u00a0(pp. 537-590). S\u00e3o Paulo: Zahar, 1998.<\/li>\n<li>Lacan, J. (1957-1958) O Miglion\u00e1rio,\u00a0<i>O Semin\u00e1rio, Livro 5, As forma\u00e7\u00f5es do inconsciente<\/i>\u00a0(pp. 50-68). S\u00e3o Paulo: Zahar, 1999.<\/li>\n<li>Lacan, J. (1957-1958) O Bezerro de Ouro,\u00a0<i>O Semin\u00e1rio, Livro 5, As forma\u00e7\u00f5es do inconsciente\u00a0<\/i>(pp. 69-88). S\u00e3o Paulo: Zahar, 1999.<\/li>\n<li>Lacan, J. (1957-1958) A foraclus\u00e3o do Nome-do-Pai,\u00a0<i>O Semin\u00e1rio, Livro 5, As forma\u00e7\u00f5es do inconsciente<\/i>\u00a0(pp. 149-165). S\u00e3o Paulo: Zahar, 1999.<\/li>\n<li>Lacan, J. (1957-1958) A met\u00e1fora paterna,\u00a0<i>O Semin\u00e1rio, Livro 5, As forma\u00e7\u00f5es do inconsciente\u00a0<\/i>(pp. 166-184). S\u00e3o Paulo: Zahar, 1999.<\/li>\n<li>Lacan, J. (1957-1958) Os tr\u00eas tempos do \u00c9dipo.\u00a0<i>O Semin\u00e1rio, Livro 5, As forma\u00e7\u00f5es do inconsciente\u00a0<\/i>(pp. 185-203). S\u00e3o Paulo: Zahar, 1999.<\/li>\n<li>Lacan, J. (1957-1958) Os tr\u00eas tempos do \u00c9dipo (II).\u00a0<i>O Semin\u00e1rio, Livro 5, As forma\u00e7\u00f5es do inconsciente\u00a0<\/i>(pp. 204-220). S\u00e3o Paulo: Zahar, 1999.<\/li>\n<li>Lacan, J. (1957-1958) Da imagem ao significante no prazer e na realidade,\u00a0<i>O Semin\u00e1rio, Livro 5, As forma\u00e7\u00f5es do inconsciente\u00a0<\/i>(pp. 221-240). S\u00e3o Paulo: Zahar, 1999.<\/li>\n<li>Lacan, J. (1957-1958). A fantasia para al\u00e9m do princ\u00edpio do prazer,\u00a0<i>O Semin\u00e1rio, Livro 5, As forma\u00e7\u00f5es do inconsciente\u00a0<\/i>(pp. 241-257). S\u00e3o Paulo: Zahar, 1999.<\/li>\n<li>Lacan, J. (1957-1958). O desejo e o gozo,\u00a0<i>O Semin\u00e1rio, Livro 5, As forma\u00e7\u00f5es do inconsciente\u00a0<\/i>(pp. 261-279). S\u00e3o Paulo: Zahar, 1999.<\/li>\n<li>Lacan, J. (1957-1958). A menina e o falo,\u00a0<i>O Semin\u00e1rio, Livro 5, As forma\u00e7\u00f5es do inconsciente<\/i>\u00a0(pp. 280-298). S\u00e3o Paulo: Zahar, 1999.<\/li>\n<li>Lacan, J. (1957-1958) As ins\u00edgnias do Ideal,\u00a0<i>O Semin\u00e1rio, Livro 5, As forma\u00e7\u00f5es do inconsciente<\/i>\u00a0(pp. 299-313). S\u00e3o Paulo: Zahar, 1999.<\/li>\n<li>Lacan, J. (1957-1958). Uma sa\u00edda pelo sintoma,\u00a0<i>O Semin\u00e1rio, Livro 5, As forma\u00e7\u00f5es do inconsciente<\/i>\u00a0(pp. 485-503). S\u00e3o Paulo: Zahar, 1999.<\/li>\n<li>Lacan, J.(1958-1959) III. O sonho do pai morto: \u00abEle n\u00e3o sabia que estava morto\u00bb,\u00a0<i>O Semin\u00e1rio, Livro 6, O desejo e sua interpreta\u00e7\u00e3o\u00a0<\/i>(pp. 55-72). S\u00e3o Paulo: Zahar, 2016.<\/li>\n<li>Lacan, J. (1958-1959), Introdu\u00e7\u00e3o ao objeto de desejo .<i>O Semin\u00e1rio, Livro 6, O desejo e sua interpreta\u00e7\u00e3o.<\/i>\u00a0Rio de Janeiro: Jorge Zahar Editor, 2016.<\/li>\n<li>Lacan, J. (1958-1959), O ato imposs\u00edvel,\u00a0<i>O Semin\u00e1rio, Livro 6, O desejo e sua interpreta\u00e7\u00e3o.<\/i>\u00a0Rio de Janeiro: Jorge Zahar Editor, 2016.<\/li>\n<li>Lacan, J. (1958-1959). O desejo da m\u00e3e,\u00a0<i>O Semin\u00e1rio, Livro 6, O desejo e sua interpreta\u00e7\u00e3o.<\/i>\u00a0Rio de Janeiro: Jorge Zahar Editor, 2016.<\/li>\n<li>Lacan, J. (1958-1959). Falofan\u00edas,\u00a0<i>O Semin\u00e1rio, Livro 6, O desejo e sua interpreta\u00e7\u00e3o.<\/i>\u00a0Rio de Janeiro: Jorge Zahar Editor, 2016.<\/li>\n<li>Lacan, J. (1958-1959). A fantasia fundamental,\u00a0<i>O Semin\u00e1rio, Livro 6, O desejo e sua interpreta\u00e7\u00e3o.<\/i>\u00a0Rio de Janeiro: Jorge Zahar Editor, 2016.<\/li>\n<li>Lacan, J. (1958-1959). Corte e fantasia,\u00a0<i>O Semin\u00e1rio, Livro 6, O desejo e sua interpreta\u00e7\u00e3o.<\/i>\u00a0Rio de Janeiro: Jorge Zahar Editor, 2016.<\/li>\n<li>Lacan, J. (1958-1959). A dial\u00e9tica do desejo no neur\u00f3tico,\u00a0<i>O Semin\u00e1rio, Livro 6, O desejo e sua interpreta\u00e7\u00e3o.<\/i>\u00a0Rio de Janeiro: Jorge Zahar Editor, 2016.<\/li>\n<li>Lacan, J. (1958-1959). A fun\u00e7\u00e3o de\u00a0<i>splitting<\/i>\u00a0na pervers\u00e3o,\u00a0<i>O Semin\u00e1rio, Livro 6, O desejo e sua interpreta\u00e7\u00e3o.<\/i>\u00a0Rio de Janeiro: Jorge Zahar Editor, 2016.<\/li>\n<li>Lacan, J. (1959-1960). As puls\u00f5es e os engodos,\u00a0<i>O semin\u00e1rio livro 7. A \u00e9tica da psican\u00e1lise.<\/i>\u00a0(pp.11-126)Rio de Janeiro: Jorge Zahar Editor, 1991<\/li>\n<li>Lacan, J. (1959-1960). O amor cort\u00eas em anamorfose,\u00a0<i>O semin\u00e1rio livro 7. A \u00e9tica da psican\u00e1lise.\u00a0<\/i>(pp.173-191) Rio de Janeiro: Jorge Zahar Editor, 1991<\/li>\n<li>Lacan, J. (1959-1960). A morte de Deus,\u00a0<i>O semin\u00e1rio livro 7. A \u00e9tica da psican\u00e1lise.<\/i>\u00a0(pp. 205-218)Rio de Janeiro: Jorge Zahar Editor, 1991<\/li>\n<li>Lacan, J. (1959-1960) O amor ao pr\u00f3ximo,\u00a0<i>O semin\u00e1rio livro 7. A \u00e9tica da psican\u00e1lise.\u00a0<\/i>(pp.219-232)Rio de Janeiro: Jorge Zahar Editor, 1991<\/li>\n<li>Lacan, J. (1959-1960). O gozo da transgress\u00e3o,\u00a0<i>O semin\u00e1rio livro 7. A \u00e9tica da psican\u00e1lise.\u00a0<\/i>(pp.233-250). Rio de Janeiro: Jorge Zahar Editor, 1991<\/li>\n<li>Lacan, J. (1959-1960). As metas morais da psican\u00e1lise,\u00a0<i>O semin\u00e1rio livro 7. A \u00e9tica da psican\u00e1lise.\u00a0<\/i>(pp 362-372)Rio de Janeiro: Jorge Zahar Editor, 1991<\/li>\n<li>Lacan, J. (1960-1961) A abje\u00e7\u00e3o de Turelure,\u00a0<i>O Semin\u00e1rio livro 8 A transfer\u00eancia<\/i>. (pp. 275-290) Rio de Janeiro: Jorge Zahar Editor, 1992<\/li>\n<li>Lacan, J. Aulas 3, 4, 8, 9, 13, 14, 15, 16, 18, 24, 25,\u00a0<i>Semin\u00e1rio 9. A identifica\u00e7\u00e3o<\/i>. In\u00e9dito.<\/li>\n<li>Lacan, J. Aulas, 5, 8, 10, 13, 14, 16,\u00a0<i>Semin\u00e1rio 12. Problemas cruciais para a psican\u00e1lise<\/i>. In\u00e9dito.<\/li>\n<li>Lacan, J. Aulas, 3, 10 e 16,\u00a0<i>Semin\u00e1rio 13. O objeto da psican\u00e1lise<\/i>. In\u00e9dito.<\/li>\n<li>Lacan, J. (1962-1963). Do\u00a0<i>a<\/i>\u00a0aos Nomes-do-pai. Em Lacan J.\u00a0<i>O Semin\u00e1rio<\/i>\u00a0<i>livro 10: a ang\u00fastia\u00a0<\/i>(pp. 352-366) Rio de Janeiro: Jorge Zahar Ed.<\/li>\n<li>Lacan, J. (1969-1970). \u00c9dipo e Mois\u00e9s y e o pai da horda. Em Lacan J,\u00a0<i>O semin\u00e1rio livro 17: o avesso da psican\u00e1lise\u00a0<\/i>(pp. 95-110) Rio de Janeiro: Jorge Zahar Ed. (1992).<\/li>\n<li>Lacan, J. (1968-1969). O Um e o pequeno\u00a0<i>a<\/i>. Em Lacan, J.\u00a0<i>O semin\u00e1rio livro 16: de um Outro ao outro<\/i>\u00a0(pp. 119-139) Rio de Janeiro: Jorge Zahar Ed<\/li>\n<li>Lacan, J. (1968-1969). De Fibonacci a Pascal. Em Lacan, J.\u00a0<i>O semin\u00e1rio livro 16: de um Outro ao outro<\/i>\u00a0(pp. 135-150) Rio de Janeiro: Jorge Zahar Ed<\/li>\n<li>Lacan, J. (1968-1969). Dentro fora. Em Lacan, J.\u00a0<i>O semin\u00e1rio livro 16: de um Outro ao outro<\/i>\u00a0(pp. 271-285) Rio de Janeiro: Jorge Zahar Ed<\/li>\n<li>Lacan, J. (1968-1969). Saber gozo. Em Lacan, J.\u00a0<i>O semin\u00e1rio livro 16: de um Outro ao outro<\/i>\u00a0(pp. 299-315) Rio de Janeiro: Jorge Zahar Ed<\/li>\n<li>Lacan, J. (1968-1969). Paradoxos do ato psicanal\u00edtico. Em Lacan, J.\u00a0<i>O semin\u00e1rio livro 16: de um Outro ao outro<\/i>\u00a0(pp. 329-342) Rio de Janeiro: Jorge Zahar Ed<\/li>\n<li>Lacan, J. (1968-1969). A extasiante ignom\u00ednia da homela. Em Lacan, J.\u00a0<i>O semin\u00e1rio livro 16: de um Outro ao outro<\/i>\u00a0(pp. 377-389) Rio de Janeiro: Jorge Zahar Ed<\/li>\n<li>Lacan, J. (1971), Introdu\u00e7\u00e3o ao t\u00edtulo deste semin\u00e1rio. Em Lacan, J.\u00a0<i>O Semin\u00e1rio, livro 18: de um discurso que n\u00e3o fosse semblante<\/i>\u00a0(p. 9-21) Rio de Janeiro: Jorge Zahar Ed.<\/li>\n<li>Lacan, J. (1971), Contra os ling\u00fcistas. Em Lacan, J.\u00a0<i>O Semin\u00e1rio, livro 18: de um discurso que n\u00e3o fosse semblante<\/i>\u00a0(p. 37-50) Rio de Janeiro: Jorge Zahar Ed.<\/li>\n<li>Lacan, J. (1971), O escrito e a fala. Em Lacan, J.\u00a0<i>O Semin\u00e1rio, livro 18: de um discurso que n\u00e3o fosse semblante<\/i>\u00a0(p. 71-88) Rio de Janeiro: Jorge Zahar Ed.<\/li>\n<li>Lacan, J. (1971) Li\u00e7\u00e3o sobre\u00a0<i>Lituraterra.<\/i>\u00a0Em: Lacan, J.\u00a0<i>O Semin\u00e1rio, livro 18: de um<\/i>\u00a0<i>discurso que n\u00e3o fosse semblante\u00a0<\/i>(pp. 105-119)Rio de Janeiro: Jorge Zahar Ed., 2009.<\/li>\n<li>Lacan, J. (1971) O homem e a mulher e a l\u00f3gica.\u00a0<i>O Semin\u00e1rio, Livro 18, De um discurso que n\u00e3o fosse semblante\u00a0<\/i>(pp. 120-134)Rio de Janeiro: Jorge Zahar Ed., 2009.<\/li>\n<li>Lacan, J. (1971) Do mito forjado por Freud.\u00a0<i>O Semin\u00e1rio, Livro 18, De um discurso que n\u00e3o fosse semblante\u00a0<\/i>(pp. 152-166)Rio de Janeiro: Jorge Zahar Ed., 2009.<\/li>\n<li>Lacan, J. (1971) Algumas refer\u00eancias de Lacan a Lacan e a outros. Anexos.\u00a0<i>O Semin\u00e1rio, Livro 18, De um discurso que n\u00e3o fosse semblante\u00a0<\/i>(pp. 169-171)Rio de Janeiro: Jorge Zahar Ed., 2009.<\/li>\n<li>Lacan, J. (1971-1972) A pequena diferen\u00e7a.\u00a0<i>O Semin\u00e1rio, Livro 19, &#8230;ou pior\u00a0<\/i>(pp. 11-23)Rio de Janeiro: Zahar, 2012.<\/li>\n<li>Lacan, J. (1971-1972) A fun\u00e7\u00e3o \u03a6x.\u00a0<i>O Semin\u00e1rio, Livro 19, &#8230;ou pior\u00a0<\/i>(pp. 24-36)Rio de Janeiro: Zahar, 2012.<\/li>\n<li>Lacan, J. (1971-1972) Da anedota \u00e0 l\u00f3gica.\u00a0<i>O Semin\u00e1rio, Livro 19, &#8230;ou pior\u00a0<\/i>(pp. 37-46)Rio de Janeiro: Zahar, 2012.<\/li>\n<li>Lacan, J. (1971-1972) Topologia da fala (<i>palestra<\/i>).\u00a0<i>O Semin\u00e1rio, Livro 19, &#8230;ou pior\u00a0<\/i>(pp. 63-77)Rio de Janeiro: Zahar, 2012.<\/li>\n<li>Lacan, J. (1971-1972) A parceira desvanecida (<i>palestra<\/i>).\u00a0<i>O Semin\u00e1rio, Livro 19, &#8230;ou pior\u00a0<\/i>(pp. 91-107)Rio de Janeiro: Zahar, 2012.<\/li>\n<li>Lacan, J. (1971-1972) Hist\u00f3ria de Uns (<i>palestra<\/i>).\u00a0<i>O Semin\u00e1rio, Livro 19, &#8230;ou pior\u00a0<\/i>(pp. 143-159)Rio de Janeiro: Zahar, 2012.<\/li>\n<li>Lacan, J. (1971-1972) O saber sobre a verdade.\u00a0<i>O Semin\u00e1rio, Livro 19, &#8230;ou pior\u00a0<\/i>(pp. 160-172)Rio de Janeiro: Zahar, 2012.<\/li>\n<li>Lacan, J. (1971-1972) Teoria das quatro f\u00f3rmulas (<i>palestra<\/i>).\u00a0<i>O Semin\u00e1rio, Livro 19, &#8230;ou pior\u00a0<\/i>(pp. 185-202)Rio de Janeiro: Zahar, 2012.<\/li>\n<li>Lacan, J. (1971-1972) Os corpos aprisionados pelo discurso.\u00a0<i>O Semin\u00e1rio, Livro 19, &#8230;ou pior\u00a0<\/i>(pp. 213-227)Rio de Janeiro: Zahar, 2012.<\/li>\n<\/ul>\n<p style=\"text-align: justify;\"><b>\u2022 M\u00e3e<\/b><\/p>\n<ul style=\"text-align: justify;\">\n<li>Lacan, J. (1956-1957). O falo e a m\u00e3e insaci\u00e1vel. In J. Lacan.\u00a0<i>A rela\u00e7\u00e3o de objeto. O Semin\u00e1rio. Livro 4 (<\/i>182 &#8211; 199). Rio de Janeiro: Zahar,1995.<\/li>\n<li>Lacan, J. (1956-1957). As cal\u00e7as da m\u00e3e e a car\u00eancia do pai. In J. Lacan<i>. A rela\u00e7\u00e3o de objeto. O Semin\u00e1rio. Livro 4<\/i>\u00a0(362-380). Rio de Janeiro: Zahar, 1995.<\/li>\n<li>Lacan, J. (1958-1959). O desejo da m\u00e3e. In J. Lacan.\u00a0<i>O desejo e sua interpreta\u00e7\u00e3o. O Semin\u00e1rio. Livro 6<\/i>\u00a0(291-313). Rio de Janeiro: Zahar, 2016.<\/li>\n<li>Lacan, J. (1968-1969). Da mais valia ao mais de gozar. In J. Lacan<i>. De um Outro ao outro. O Semin\u00e1rio. Livro 16<\/i>\u00a0(11 \u2013 25). Rio de Janeiro: Zahar, 2008.<\/li>\n<li>Lacan, J. (1971). Contra os linguistas. In J. Lacan.\u00a0<i>De um discurso que n\u00e3o fosse semblante. O Semin\u00e1rio. Livro 18<\/i>(37 \u2013 50) Rio de Janeiro: Zahar, 2009.<\/li>\n<li>Lacan, J. (1971). De uma fun\u00e7\u00e3o que n\u00e3o pode escrever. In J. Lacan.\u00a0<i>De um discurso que n\u00e3o fosse semblante. O Semin\u00e1rio. Livro 18<\/i>\u00a0(89 a 104). Rio de Janeiro: Zahar, 2009.<\/li>\n<li>Lacan, J. (1971). O homem e a mulher e a l\u00f3gica. In J. Lacan.\u00a0<i>De um discurso que n\u00e3o fosse semblante. O Semin\u00e1rio. Livro 18<\/i>\u00a0(120 a 134). Rio de Janeiro: Zahar, 2009.<\/li>\n<li>Lacan, J. (1971). Do mito forjado por Freud. In J. Lacan.\u00a0<i>De um discurso que n\u00e3o fosse semblante. O Semin\u00e1rio. Livro 18<\/i>\u00a0(152 a 166). Rio de Janeiro: Zahar, 2009.<\/li>\n<li>Lacan, J. (1971-1972). O saber sobre a verdade. In J. Lacan.\u00a0<i>&#8230;ou pior. O Semin\u00e1rio. Livro 19\u00a0<\/i>(160 \u2013 172). Rio de Janeiro: Zahar, 2012<\/li>\n<\/ul>\n<p style=\"text-align: justify;\">\u2022\u00a0<b>Filho<\/b><\/p>\n<ul>\n<li style=\"text-align: justify;\">Lacan, J. (1971). Do mito forjado por Freud. In J. Lacan.\u00a0<i>De um discurso que n\u00e3o fosse semblante. O Semin\u00e1rio. Livro 18<\/i>\u00a0(152 a 166). Rio de Janeiro: Zahar, 2009.<\/li>\n<li style=\"text-align: justify;\">Lacan, J. (1971-1972). Hist\u00f3ria de Um. In J. Lacan.,\u00a0<i>&#8230;ou pior. O Semin\u00e1rio. Livro 19<\/i>\u00a0pp. 143. Rio de Janeiro: Zahar, 2012.<\/li>\n<li style=\"text-align: justify;\">Lacan, J. (1971-1972). O saber sobre a verdade. In J. Lacan<i>., &#8230;ou pior. O Semin\u00e1rio. Livro 19<\/i>\u00a0pp.160. Rio de Janeiro: Zahar, 2012.<\/li>\n<li style=\"text-align: justify;\">Lacan, J. (1971-1972). Teoria das quatro f\u00f3rmulas. In J. Lacan,\u00a0<i>&#8230;ou pior. O Semin\u00e1rio. Livro 19\u00a0<\/i>pp.160. Rio de Janeiro: Zahar, 2012.<\/li>\n<li style=\"text-align: justify;\">Lacan, J. (1971-1972). Os corpos aprisionados pelo discurso. In J. Lacan,\u00a0<i>&#8230;ou pior. O Semin\u00e1rio. Livro 19<\/i>\u00a0pp.213. Rio de Janeiro: Zahar, 2012.<\/li>\n<\/ul>\n<\/div><\/div><\/div><\/div><\/div>\n","protected":false},"excerpt":{"rendered":"","protected":false},"author":1,"featured_media":0,"parent":58,"menu_order":2,"comment_status":"closed","ping_status":"closed","template":"","meta":{"_monsterinsights_skip_tracking":false,"_monsterinsights_sitenote_active":false,"_monsterinsights_sitenote_note":"","_monsterinsights_sitenote_category":0,"footnotes":""},"_links":{"self":[{"href":"https:\/\/enapol.com\/viii\/wp-json\/wp\/v2\/pages\/870"}],"collection":[{"href":"https:\/\/enapol.com\/viii\/wp-json\/wp\/v2\/pages"}],"about":[{"href":"https:\/\/enapol.com\/viii\/wp-json\/wp\/v2\/types\/page"}],"author":[{"embeddable":true,"href":"https:\/\/enapol.com\/viii\/wp-json\/wp\/v2\/users\/1"}],"replies":[{"embeddable":true,"href":"https:\/\/enapol.com\/viii\/wp-json\/wp\/v2\/comments?post=870"}],"version-history":[{"count":2,"href":"https:\/\/enapol.com\/viii\/wp-json\/wp\/v2\/pages\/870\/revisions"}],"predecessor-version":[{"id":896,"href":"https:\/\/enapol.com\/viii\/wp-json\/wp\/v2\/pages\/870\/revisions\/896"}],"up":[{"embeddable":true,"href":"https:\/\/enapol.com\/viii\/wp-json\/wp\/v2\/pages\/58"}],"wp:attachment":[{"href":"https:\/\/enapol.com\/viii\/wp-json\/wp\/v2\/media?parent=870"}],"curies":[{"name":"wp","href":"https:\/\/api.w.org\/{rel}","templated":true}]}}