{"id":2247,"date":"2021-06-23T22:45:27","date_gmt":"2021-06-24T01:45:27","guid":{"rendered":"http:\/\/x-enapol.org\/?post_type=avada_portfolio&#038;p=2247"},"modified":"2021-06-23T23:44:37","modified_gmt":"2021-06-24T02:44:37","slug":"entrevista-fatima-pinheiro","status":"publish","type":"avada_portfolio","link":"https:\/\/enapol.com\/x\/blog\/portfolio-items\/entrevista-fatima-pinheiro\/","title":{"rendered":"Entrevista F\u00e1tima Pinheiro"},"content":{"rendered":"<div class=\"fusion-fullwidth fullwidth-box fusion-builder-row-1 fusion-flex-container nonhundred-percent-fullwidth non-hundred-percent-height-scrolling\" style=\"--awb-border-radius-top-left:0px;--awb-border-radius-top-right:0px;--awb-border-radius-bottom-right:0px;--awb-border-radius-bottom-left:0px;--awb-flex-wrap:wrap;\" ><div class=\"fusion-builder-row fusion-row fusion-flex-align-items-flex-start fusion-flex-content-wrap\" style=\"max-width:1352px;margin-left: calc(-4% \/ 2 );margin-right: calc(-4% \/ 2 );\"><div class=\"fusion-layout-column fusion_builder_column fusion-builder-column-0 fusion_builder_column_1_1 1_1 fusion-flex-column\" style=\"--awb-bg-size:cover;--awb-width-large:100%;--awb-margin-top-large:0px;--awb-spacing-right-large:1.92%;--awb-margin-bottom-large:20px;--awb-spacing-left-large:1.92%;--awb-width-medium:100%;--awb-order-medium:0;--awb-spacing-right-medium:1.92%;--awb-spacing-left-medium:1.92%;--awb-width-small:100%;--awb-order-small:0;--awb-spacing-right-small:1.92%;--awb-spacing-left-small:1.92%;\"><div class=\"fusion-column-wrapper fusion-column-has-shadow fusion-flex-justify-content-flex-start fusion-content-layout-column\"><div class=\"fusion-text fusion-text-1\"><p style=\"text-align: justify;\">Soy F\u00e1tima Pinheiro, psicoanalista miembro de la EBP-AMP y escritora.<\/p>\n<p style=\"text-align: justify;\">Agradezco la invitaci\u00f3n hecha por Blanca Musachi para esta entrevista para el Bolet\u00edn del X ENAPOL.<\/p>\n<p style=\"text-align: justify;\">La pregunta que ella me formul\u00f3 es la siguiente:<\/p>\n<p style=\"text-align: justify;\"><strong>\u00bfLa poes\u00eda en tu arte es un decir de un nuevo amor, o de lo nuevo en el amor?<\/strong><\/p>\n<p style=\"text-align: justify;\">Encontr\u00e9 esta pregunta muy estimulante y bastante interesante porque ella introduce esa articulaci\u00f3n entre el amor y el poema. El entrelazamiento entre los dos. Me acord\u00e9 de Mario Quintana, un gran poeta brasilero que dice lo siguiente:<\/p>\n<p style=\"text-align: justify;\"><em>Todos los poemas son de amor.<\/em><\/p>\n<p style=\"text-align: justify;\">Entonces ya\u2026 \u00bfAh\u00ed podemos ver que hay un entrelazamiento y el poema es un bien decir? O por lo menos se remite al bien decir cuando se refiere a lo imposible como lo que no tiene cura. Un cierto vac\u00edo que crea con el acontecimiento de la letra. Hay algo en la letra incrustada en el s\u00edntoma que implica directamente el poema.<\/p>\n<p style=\"text-align: justify;\">Ambos, tanto el poema como el amor, tienen algo en com\u00fan. Se resisten al h\u00e1bito. Son remitidos directamente a la cuesti\u00f3n de lo Real. Hay algo de lo Real, de lo contingente que atraviesan tanto el amor como el poema.<\/p>\n<p style=\"text-align: justify;\">En relaci\u00f3n a mi poema, mi quehacer po\u00e9tico, yo creo un artificio. O sea, hago un corte en la cadena polis\u00e9mica. Con eso creo un cierto vac\u00edo que se localiza en un silencio, o entonces un sonido, una camada sonora, y eso me parece que habla de la soledad de un significante en relaci\u00f3n a la soledad de otro significante.<\/p>\n<p style=\"text-align: justify;\">Es de eso que se trata, yo dir\u00eda, ese artificio que creo en mi escritura. Hay un quiebre de las reglas gramaticales, de la sintaxis que hace con que vaya en contra, vamos a decir as\u00ed, un amor \u00fatil. Voy contra esa utilidad del amor, o ese sentido com\u00fan del amor de ser consumido. En ese sentido, el poema es algo que va exactamente a contramano de eso.<\/p>\n<p style=\"text-align: justify;\">Entonces dir\u00eda, para cerrar, que intento con mi arte decir algo nuevo en el amor. Eso trae como consecuencia un nuevo amor que ara\u00f1a (rasgu\u00f1a) el peque\u00f1o pedazo de vac\u00edo que es llama. Esa llama es el psicoan\u00e1lisis que me enciende en mi prosa po\u00e9tica<\/p>\n<p style=\"text-align: justify;\">F\u00e1tima, en los \u00faltimos minutos, \u00bfhablas en verso?<\/p>\n<p style=\"text-align: justify;\">Intento con mi arte<\/p>\n<p style=\"text-align: justify;\">decir algo nuevo en el amor.<\/p>\n<p style=\"text-align: justify;\">Eso trae como consecuencia<\/p>\n<p style=\"text-align: justify;\">un nuevo amor<\/p>\n<p style=\"text-align: justify;\">que rasgu\u00f1a el peque\u00f1o pedazo de vac\u00edo que es llama<\/p>\n<p style=\"text-align: justify;\">y esa llama es<\/p>\n<p style=\"text-align: justify;\">el psicoan\u00e1lisis<\/p>\n<p style=\"text-align: justify;\">que me enciende<\/p>\n<p style=\"text-align: justify;\">en mi prosa po\u00e9tica.<\/p>\n<\/div><div class=\"fusion-separator fusion-full-width-sep\" style=\"align-self: center;margin-left: auto;margin-right: auto;margin-top:10px;margin-bottom:10px;width:100%;\"><\/div><div class=\"fusion-video fusion-youtube\" style=\"--awb-max-width:600px;--awb-max-height:360px;--awb-align-self:center;--awb-width:100%;\"><div class=\"video-shortcode\"><div class=\"fluid-width-video-wrapper\" style=\"padding-top:60%;\" ><iframe title=\"YouTube video player 1\" src=\"https:\/\/www.youtube.com\/embed\/HeMccHLDPOY?wmode=transparent&autoplay=0\" width=\"600\" height=\"360\" allowfullscreen allow=\"autoplay; fullscreen\"><\/iframe><\/div><\/div><\/div><div class=\"fusion-separator fusion-full-width-sep\" style=\"align-self: center;margin-left: auto;margin-right: auto;margin-top:10px;margin-bottom:10px;width:100%;\"><\/div><div class=\"fusion-text fusion-text-2\"><p style=\"text-align: center;\"><strong>Un Poema<\/strong><\/p>\n<p style=\"text-align: center;\">este poema no quiere ser escrito<br \/>\nel orden es destru\u00edr reglas obvias<br \/>\nla percusi\u00f3n de las vocales<br \/>\nprofundizan los d\u00edas<br \/>\nque inauguran la escucha<br \/>\nla cosa regresa de s\u00ed misma<br \/>\nara\u00f1a breve<br \/>\nfaja<br \/>\nde vac\u00edo<br \/>\nla llama en la sombra de las horas<br \/>\nno sabe como reascender su hambre<\/p>\n<p style=\"text-align: center;\"><strong>F\u00e1tima Pinheiro<\/strong><\/p>\n<\/div><\/div><\/div><\/div><\/div>\n","protected":false},"excerpt":{"rendered":"","protected":false},"author":1,"featured_media":2257,"menu_order":55,"comment_status":"open","ping_status":"closed","template":"","format":"standard","meta":{"_monsterinsights_skip_tracking":false,"_monsterinsights_sitenote_active":false,"_monsterinsights_sitenote_note":"","_monsterinsights_sitenote_category":0,"footnotes":""},"portfolio_category":[31,24],"portfolio_skills":[],"portfolio_tags":[],"_links":{"self":[{"href":"https:\/\/enapol.com\/x\/wp-json\/wp\/v2\/avada_portfolio\/2247"}],"collection":[{"href":"https:\/\/enapol.com\/x\/wp-json\/wp\/v2\/avada_portfolio"}],"about":[{"href":"https:\/\/enapol.com\/x\/wp-json\/wp\/v2\/types\/avada_portfolio"}],"author":[{"embeddable":true,"href":"https:\/\/enapol.com\/x\/wp-json\/wp\/v2\/users\/1"}],"replies":[{"embeddable":true,"href":"https:\/\/enapol.com\/x\/wp-json\/wp\/v2\/comments?post=2247"}],"version-history":[{"count":4,"href":"https:\/\/enapol.com\/x\/wp-json\/wp\/v2\/avada_portfolio\/2247\/revisions"}],"predecessor-version":[{"id":2267,"href":"https:\/\/enapol.com\/x\/wp-json\/wp\/v2\/avada_portfolio\/2247\/revisions\/2267"}],"wp:featuredmedia":[{"embeddable":true,"href":"https:\/\/enapol.com\/x\/wp-json\/wp\/v2\/media\/2257"}],"wp:attachment":[{"href":"https:\/\/enapol.com\/x\/wp-json\/wp\/v2\/media?parent=2247"}],"wp:term":[{"taxonomy":"portfolio_category","embeddable":true,"href":"https:\/\/enapol.com\/x\/wp-json\/wp\/v2\/portfolio_category?post=2247"},{"taxonomy":"portfolio_skills","embeddable":true,"href":"https:\/\/enapol.com\/x\/wp-json\/wp\/v2\/portfolio_skills?post=2247"},{"taxonomy":"portfolio_tags","embeddable":true,"href":"https:\/\/enapol.com\/x\/wp-json\/wp\/v2\/portfolio_tags?post=2247"}],"curies":[{"name":"wp","href":"https:\/\/api.w.org\/{rel}","templated":true}]}}

Entrevista Fátima Pinheiro

<div class="fusion-fullwidth fullwidth-box fusion-builder-row-1 fusion-flex-container nonhundred-percent-fullwidth non-hundred-percent-height-scrolling" style="--awb-border-radius-top-left:0px;--awb-border-radius-top-right:0px;--awb-border-radius-bottom-right:0px;--awb-border-radius-bottom-left:0px;--awb-flex-wrap:wrap;" ><div class="fusion-builder-row fusion-row fusion-flex-align-items-flex-start fusion-flex-content-wrap" style="max-width:1352px;margin-left: calc(-4% / 2 );margin-right: calc(-4% / 2 );"><div class="fusion-layout-column fusion_builder_column fusion-builder-column-0 fusion_builder_column_1_1 1_1 fusion-flex-column" style="--awb-bg-size:cover;--awb-width-large:100%;--awb-margin-top-large:0px;--awb-spacing-right-large:1.92%;--awb-margin-bottom-large:20px;--awb-spacing-left-large:1.92%;--awb-width-medium:100%;--awb-order-medium:0;--awb-spacing-right-medium:1.92%;--awb-spacing-left-medium:1.92%;--awb-width-small:100%;--awb-order-small:0;--awb-spacing-right-small:1.92%;--awb-spacing-left-small:1.92%;"><div class="fusion-column-wrapper fusion-column-has-shadow fusion-flex-justify-content-flex-start fusion-content-layout-column"><div class="fusion-text fusion-text-1"><p style="text-align: justify;">Soy Fátima Pinheiro, psicoanalista miembro de la EBP-AMP y escritora.</p>
<p style="text-align: justify;">Agradezco la invitación hecha por Blanca Musachi para esta entrevista para el Boletín del X ENAPOL.</p>
<p style="text-align: justify;">La pregunta que ella me formuló es la siguiente:</p>
<p style="text-align: justify;"><strong>¿La poesía en tu arte es un decir de un nuevo amor, o de lo nuevo en el amor?</strong></p>
<p style="text-align: justify;">Encontré esta pregunta muy estimulante y bastante interesante porque ella introduce esa articulación entre el amor y el poema. El entrelazamiento entre los dos. Me acordé de Mario Quintana, un gran poeta brasilero que dice lo siguiente:</p>
<p style="text-align: justify;"><em>Todos los poemas son de amor.</em></p>
<p style="text-align: justify;">Entonces ya… ¿Ahí podemos ver que hay un entrelazamiento y el poema es un bien decir? O por lo menos se remite al bien decir cuando se refiere a lo imposible como lo que no tiene cura. Un cierto vacío que crea con el acontecimiento de la letra. Hay algo en la letra incrustada en el síntoma que implica directamente el poema.</p>
<p style="text-align: justify;">Ambos, tanto el poema como el amor, tienen algo en común. Se resisten al hábito. Son remitidos directamente a la cuestión de lo Real. Hay algo de lo Real, de lo contingente que atraviesan tanto el amor como el poema.</p>
<p style="text-align: justify;">En relación a mi poema, mi quehacer poético, yo creo un artificio. O sea, hago un corte en la cadena polisémica. Con eso creo un cierto vacío que se localiza en un silencio, o entonces un sonido, una camada sonora, y eso me parece que habla de la soledad de un significante en relación a la soledad de otro significante.</p>
<p style="text-align: justify;">Es de eso que se trata, yo diría, ese artificio que creo en mi escritura. Hay un quiebre de las reglas gramaticales, de la sintaxis que hace con que vaya en contra, vamos a decir así, un amor útil. Voy contra esa utilidad del amor, o ese sentido común del amor de ser consumido. En ese sentido, el poema es algo que va exactamente a contramano de eso.</p>
<p style="text-align: justify;">Entonces diría, para cerrar, que intento con mi arte decir algo nuevo en el amor. Eso trae como consecuencia un nuevo amor que araña (rasguña) el pequeño pedazo de vacío que es llama. Esa llama es el psicoanálisis que me enciende en mi prosa poética</p>
<p style="text-align: justify;">Fátima, en los últimos minutos, ¿hablas en verso?</p>
<p style="text-align: justify;">Intento con mi arte</p>
<p style="text-align: justify;">decir algo nuevo en el amor.</p>
<p style="text-align: justify;">Eso trae como consecuencia</p>
<p style="text-align: justify;">un nuevo amor</p>
<p style="text-align: justify;">que rasguña el pequeño pedazo de vacío que es llama</p>
<p style="text-align: justify;">y esa llama es</p>
<p style="text-align: justify;">el psicoanálisis</p>
<p style="text-align: justify;">que me enciende</p>
<p style="text-align: justify;">en mi prosa poética.</p>
</div><div class="fusion-separator fusion-full-width-sep" style="align-self: center;margin-left: auto;margin-right: auto;margin-top:10px;margin-bottom:10px;width:100%;"></div><div class="fusion-video fusion-youtube" style="--awb-max-width:600px;--awb-max-height:360px;--awb-align-self:center;--awb-width:100%;"><div class="video-shortcode"><div class="fluid-width-video-wrapper" style="padding-top:60%;" ><iframe title="YouTube video player 1" src="https://www.youtube.com/embed/HeMccHLDPOY?wmode=transparent&autoplay=0" width="600" height="360" allowfullscreen allow="autoplay; fullscreen"></iframe></div></div></div><div class="fusion-separator fusion-full-width-sep" style="align-self: center;margin-left: auto;margin-right: auto;margin-top:10px;margin-bottom:10px;width:100%;"></div><div class="fusion-text fusion-text-2"><p style="text-align: center;"><strong>Un Poema</strong></p>
<p style="text-align: center;">este poema no quiere ser escrito<br />
el orden es destruír reglas obvias<br />
la percusión de las vocales<br />
profundizan los días<br />
que inauguran la escucha<br />
la cosa regresa de sí misma<br />
araña breve<br />
faja<br />
de vacío<br />
la llama en la sombra de las horas<br />
no sabe como reascender su hambre</p>
<p style="text-align: center;"><strong>Fátima Pinheiro</strong></p>
</div></div></div></div></div>
