{"id":236,"date":"2020-11-09T16:45:59","date_gmt":"2020-11-09T19:45:59","guid":{"rendered":"http:\/\/x-enapol.org\/?page_id=236"},"modified":"2020-11-14T20:48:32","modified_gmt":"2020-11-14T23:48:32","slug":"encuentro","status":"publish","type":"page","link":"https:\/\/enapol.com\/x\/encuentro\/","title":{"rendered":"ENCUENTRO"},"content":{"rendered":"<div class=\"fusion-fullwidth fullwidth-box fusion-builder-row-1 fusion-flex-container nonhundred-percent-fullwidth non-hundred-percent-height-scrolling\" style=\"--awb-border-radius-top-left:0px;--awb-border-radius-top-right:0px;--awb-border-radius-bottom-right:0px;--awb-border-radius-bottom-left:0px;--awb-flex-wrap:wrap;\" ><div class=\"fusion-builder-row fusion-row fusion-flex-align-items-flex-start fusion-flex-content-wrap\" style=\"max-width:1352px;margin-left: calc(-4% \/ 2 );margin-right: calc(-4% \/ 2 );\"><div class=\"fusion-layout-column fusion_builder_column fusion-builder-column-0 fusion_builder_column_1_1 1_1 fusion-flex-column\" style=\"--awb-bg-size:cover;--awb-width-large:100%;--awb-margin-top-large:0px;--awb-spacing-right-large:1.92%;--awb-margin-bottom-large:20px;--awb-spacing-left-large:1.92%;--awb-width-medium:100%;--awb-order-medium:0;--awb-spacing-right-medium:1.92%;--awb-spacing-left-medium:1.92%;--awb-width-small:100%;--awb-order-small:0;--awb-spacing-right-small:1.92%;--awb-spacing-left-small:1.92%;\"><div class=\"fusion-column-wrapper fusion-column-has-shadow fusion-flex-justify-content-flex-start fusion-content-layout-column\"><div class=\"fusion-text fusion-text-1\"><p style=\"text-align: justify;\"><span class=\"fusion-dropcap dropcap dropcap-boxed\" style=\"--awb-border-radius:8px;--awb-background:#FF8700;\">E<\/span>n momentos extraordinarios de la vida surge la posibilidad de poner a prueba la fuerza insospechada del deseo de encuentro. Las Escuelas Americanas de la AMP dan cuenta de ello llamando a este deseo X ENAPOL. Lo haremos realidad a partir del t\u00edtulo que lo convoca y que invita a la indagaci\u00f3n de aquellos indicios que apuntan a constatar transformaciones, m\u00e1s o menos sutiles, de los lazos sociales que afloran y se observan en la discontinuidad de la \u00e9poca. Y, c\u00f3mo no, los psicoanalistas pensamos que lo nuevo no es sin el amor, puesto que sabemos, \u00e9l hace de bisagra condescendiente entre la inercia del goce y la novedad del deseo.<\/p>\n<p style=\"text-align: justify;\">La preparaci\u00f3n hace parte del encuentro. Como en la cita amorosa, se cuida de elegir lo mejor: el lugar, las im\u00e1genes, los colores, el tema. Aquello que resulte memorable para los que asisten.<\/p>\n<p style=\"text-align: justify;\">En la imagen del poster que les presentamos, los lazos se entrecruzan, los equilibristas se sostienen al filo, recorren la cuerda en sus monociclos una y otra vez; y entre medio, se encuentran con otros que a su vez van o vienen, pero eso s\u00ed, advertidos de que el recorrido en tanto tal trae consecuencias. El analista-equilibrista por qu\u00e9 no.<\/p>\n<p style=\"text-align: justify;\">La ciudad de Santiago de Chile engalanada con la imponente cordillera de los Andes, ser\u00e1 el lugar del encuentro. Nuestros colegas de la NEL Santiago, junto con las comisiones cient\u00edficas y de organizaci\u00f3n, ya se han subido al lazo, y empiezan los malabares y las volteretas que preparan nuestro encuentro.<\/p>\n<p style=\"text-align: right;\"><strong>Lizbeth Ahumada Yanet<\/strong><br \/>\nPresidenta del X ENAPOL<\/p>\n<\/div><\/div><\/div><\/div><\/div>\n","protected":false},"excerpt":{"rendered":"","protected":false},"author":1,"featured_media":0,"parent":0,"menu_order":3,"comment_status":"closed","ping_status":"closed","template":"","meta":{"_monsterinsights_skip_tracking":false,"_monsterinsights_sitenote_active":false,"_monsterinsights_sitenote_note":"","_monsterinsights_sitenote_category":0,"footnotes":""},"_links":{"self":[{"href":"https:\/\/enapol.com\/x\/wp-json\/wp\/v2\/pages\/236"}],"collection":[{"href":"https:\/\/enapol.com\/x\/wp-json\/wp\/v2\/pages"}],"about":[{"href":"https:\/\/enapol.com\/x\/wp-json\/wp\/v2\/types\/page"}],"author":[{"embeddable":true,"href":"https:\/\/enapol.com\/x\/wp-json\/wp\/v2\/users\/1"}],"replies":[{"embeddable":true,"href":"https:\/\/enapol.com\/x\/wp-json\/wp\/v2\/comments?post=236"}],"version-history":[{"count":5,"href":"https:\/\/enapol.com\/x\/wp-json\/wp\/v2\/pages\/236\/revisions"}],"predecessor-version":[{"id":545,"href":"https:\/\/enapol.com\/x\/wp-json\/wp\/v2\/pages\/236\/revisions\/545"}],"wp:attachment":[{"href":"https:\/\/enapol.com\/x\/wp-json\/wp\/v2\/media?parent=236"}],"curies":[{"name":"wp","href":"https:\/\/api.w.org\/{rel}","templated":true}]}}