{"id":246,"date":"2020-11-09T17:02:22","date_gmt":"2020-11-09T20:02:22","guid":{"rendered":"http:\/\/x-enapol.org\/?page_id=246"},"modified":"2021-10-01T14:34:12","modified_gmt":"2021-10-01T17:34:12","slug":"organizacion","status":"publish","type":"page","link":"https:\/\/enapol.com\/x\/encuentro\/organizacion\/","title":{"rendered":"Organizaci\u00f3n"},"content":{"rendered":"<div class=\"fusion-fullwidth fullwidth-box fusion-builder-row-1 fusion-flex-container nonhundred-percent-fullwidth non-hundred-percent-height-scrolling\" style=\"--awb-border-radius-top-left:0px;--awb-border-radius-top-right:0px;--awb-border-radius-bottom-right:0px;--awb-border-radius-bottom-left:0px;--awb-flex-wrap:wrap;\" ><div class=\"fusion-builder-row fusion-row fusion-flex-align-items-flex-start fusion-flex-content-wrap\" style=\"max-width:1352px;margin-left: calc(-4% \/ 2 );margin-right: calc(-4% \/ 2 );\"><div class=\"fusion-layout-column fusion_builder_column fusion-builder-column-0 fusion_builder_column_1_2 1_2 fusion-flex-column\" style=\"--awb-bg-size:cover;--awb-width-large:50%;--awb-margin-top-large:0px;--awb-spacing-right-large:3.84%;--awb-margin-bottom-large:20px;--awb-spacing-left-large:3.84%;--awb-width-medium:100%;--awb-order-medium:0;--awb-spacing-right-medium:1.92%;--awb-spacing-left-medium:1.92%;--awb-width-small:100%;--awb-order-small:0;--awb-spacing-right-small:1.92%;--awb-spacing-left-small:1.92%;\"><div class=\"fusion-column-wrapper fusion-column-has-shadow fusion-flex-justify-content-flex-start fusion-content-layout-column\"><div class=\"fusion-image-element \" style=\"--awb-caption-title-font-family:var(--h2_typography-font-family);--awb-caption-title-font-weight:var(--h2_typography-font-weight);--awb-caption-title-font-style:var(--h2_typography-font-style);--awb-caption-title-size:var(--h2_typography-font-size);--awb-caption-title-transform:var(--h2_typography-text-transform);--awb-caption-title-line-height:var(--h2_typography-line-height);--awb-caption-title-letter-spacing:var(--h2_typography-letter-spacing);\"><span class=\" fusion-imageframe imageframe-none imageframe-1 hover-type-none\"><img decoding=\"async\" width=\"280\" height=\"65\" title=\"Logo ENAPOL x1\" src=\"http:\/\/enapol.com\/x\/wp-content\/uploads\/2020\/11\/Logo-ENAPOL-x1-1.png\" alt class=\"img-responsive wp-image-361\" srcset=\"https:\/\/enapol.com\/x\/wp-content\/uploads\/sites\/1\/2020\/11\/Logo-ENAPOL-x1-1-200x46.png 200w, https:\/\/enapol.com\/x\/wp-content\/uploads\/sites\/1\/2020\/11\/Logo-ENAPOL-x1-1.png 280w\" sizes=\"(max-width: 1024px) 100vw, (max-width: 640px) 100vw, 280px\" \/><\/span><\/div><div class=\"fusion-separator fusion-full-width-sep\" style=\"align-self: center;margin-left: auto;margin-right: auto;margin-top:20px;margin-bottom:20px;width:100%;\"><\/div><ul style=\"--awb-line-height:28.9px;--awb-icon-width:28.9px;--awb-icon-height:28.9px;--awb-icon-margin:11.9px;--awb-content-margin:40.8px;--awb-circlecolor:#ff8700;--awb-circle-yes-font-size:14.96px;\" class=\"fusion-checklist fusion-checklist-1 fusion-checklist-default type-icons\"><li class=\"fusion-li-item\" style=\"\"><span class=\"icon-wrapper circle-yes\"><i class=\"fusion-li-icon fa-user-alt fas\" aria-hidden=\"true\"><\/i><\/span><div class=\"fusion-li-item-content\">\n<p><strong>Presidente<\/strong>: Lizbeth Ahumada (NEL)<\/p>\n<\/div><\/li><li class=\"fusion-li-item\" style=\"\"><span class=\"icon-wrapper circle-yes\"><i class=\"fusion-li-icon fa-user-alt fas\" aria-hidden=\"true\"><\/i><\/span><div class=\"fusion-li-item-content\">\n<p><strong>Directora<\/strong>: Luisa Arag\u00f3n (NEL)<\/p>\n<\/div><\/li><li class=\"fusion-li-item\" style=\"\"><span class=\"icon-wrapper circle-yes\"><i class=\"fusion-li-icon fa-users fas\" aria-hidden=\"true\"><\/i><\/span><div class=\"fusion-li-item-content\">\n<p><strong>Comisi\u00f3n Cient\u00edfica<\/strong>:<\/p>\n<ul>\n<li>Alejandro Reinoso (NEL)<\/li>\n<li>Ram Mandil (EBP)<\/li>\n<li>Gabriel Racki (EOL)<\/li>\n<\/ul>\n<\/div><\/li><li class=\"fusion-li-item\" style=\"\"><span class=\"icon-wrapper circle-yes\"><i class=\"fusion-li-icon fa-users fas\" aria-hidden=\"true\"><\/i><\/span><div class=\"fusion-li-item-content\">\n<p><strong>Comisi\u00f3n Organizaci\u00f3n<\/strong>:<\/p>\n<ul>\n<li>Rosa Lagos (NEL)<\/li>\n<li>Carmen Silvia Cervelatti (EBP)<\/li>\n<li>Betty Nagorny (EOL)<\/li>\n<\/ul>\n<\/div><\/li><li class=\"fusion-li-item\" style=\"\"><span class=\"icon-wrapper circle-yes\"><i class=\"fusion-li-icon fa-user-alt fas\" aria-hidden=\"true\"><\/i><\/span><div class=\"fusion-li-item-content\">\n<p><strong>Tesorer\u00eda<\/strong>: Mar\u00eda Hortensia C\u00e1rdenas (NEL)<\/p>\n<ul>\n<li>Adriana Dirzieh (EOL)<\/li>\n<li>Ana Teresa Groisman (EBP)<\/li>\n<li>Claudio Morgado (NEL)<\/li>\n<\/ul>\n<\/div><\/li><li class=\"fusion-li-item\" style=\"\"><span class=\"icon-wrapper circle-yes\"><i class=\"fusion-li-icon fa-users fas\" aria-hidden=\"true\"><\/i><\/span><div class=\"fusion-li-item-content\">\n<p><strong>Divulgaci\u00f3n<\/strong>:<\/p>\n<ul>\n<li>Maite Russi, Dar\u00edo Calder\u00f3n, Peter Molineaux, Joaqu\u00edn Carrasco (NEL)<\/li>\n<li>Marcelo Veras, Niraldo de Oliveira Santos (EBP)<\/li>\n<li>Eugenia Serrano (EOL), Ernesto Anzalone (GLM)<\/li>\n<\/ul>\n<\/div><\/li><li class=\"fusion-li-item\" style=\"\"><span class=\"icon-wrapper circle-yes\"><i class=\"fusion-li-icon fa-users fas\" aria-hidden=\"true\"><\/i><\/span><div class=\"fusion-li-item-content\">\n<p><strong>Boletin:<\/strong><\/p>\n<ul>\n<li>Felipe Maino, Edna G\u00f3mez Murillo, Jessica Jara (NEL)<\/li>\n<li>Nohemi Iba\u00f1ez Brown, Gustavo Menezes (EBP)<\/li>\n<li>Maria Laura Errecarte, Dolores Amden (EOL)<\/li>\n<\/ul>\n<\/div><\/li><li class=\"fusion-li-item\" style=\"\"><span class=\"icon-wrapper circle-yes\"><i class=\"fusion-li-icon fa-users fas\" aria-hidden=\"true\"><\/i><\/span><div class=\"fusion-li-item-content\">\n<p><strong>Bibliograf\u00eda:<\/strong><\/p>\n<ul>\n<li>Ricardo Aveggio, Paula Iturra, Orlando Mej\u00eda (NEL)<\/li>\n<li>Lilany Vieira Pacheco, Anamaris Pinto (EBP)<\/li>\n<li>Eliana Amor, Manuel Carrasco Quintana (EOL)<\/li>\n<\/ul>\n<\/div><\/li><li class=\"fusion-li-item\" style=\"\"><span class=\"icon-wrapper circle-yes\"><i class=\"fusion-li-icon fa-users fas\" aria-hidden=\"true\"><\/i><\/span><div class=\"fusion-li-item-content\">\n<p><strong>Log\u00edstica:<\/strong><\/p>\n<ul>\n<li>Silvia Macri, Mackling Limache, Mar\u00eda Solita Quijano y Andr\u00e9s Bralic (NEL)<\/li>\n<li>Fl\u00e1via Cera, Rog\u00e9rio Barros (EBP)<\/li>\n<li>Analia Trachter, Lucia Bringas (EOL)<\/li>\n<\/ul>\n<\/div><\/li><li class=\"fusion-li-item\" style=\"\"><span class=\"icon-wrapper circle-yes\"><i class=\"fusion-li-icon fa-users fas\" aria-hidden=\"true\"><\/i><\/span><div class=\"fusion-li-item-content\">\n<p><strong>Traducciones:<\/strong><\/p>\n<ul>\n<li>Aliana Santana, Marlon Cortez, Ana Iba\u00f1ez (NEL)<\/li>\n<li>Paola Salinas, Marcia Zucchi, Renata Martinez (EBP)<\/li>\n<li>Silvina Rojas (EOL)<\/li>\n<\/ul>\n<\/div><\/li><li class=\"fusion-li-item\" style=\"\"><span class=\"icon-wrapper circle-yes\"><i class=\"fusion-li-icon fa-users fas\" aria-hidden=\"true\"><\/i><\/span><div class=\"fusion-li-item-content\"><strong>Arte y Cultura:<\/strong><\/p>\n<ul>\n<li>Fabiana Chirino, Maria Olga Herreros (NEL)<\/li>\n<li>Blanca Musacchi, Marcia Stival Onyskiewicz (EBP)<\/li>\n<li>Ludmila Malischevski, Gaston Cottino (EOL)<\/li>\n<\/ul>\n<p>Colaboradores:<\/p>\n<ul>\n<li>Andrea Amendola (EOL)<\/li>\n<li>Santiago Hormanstorfer (EOL)<\/li>\n<li>L\u00f3pez Miguel (EOL)<\/li>\n<li>Schwartzman Mariana(EOL)<\/li>\n<li>Natalia Rodr\u00edguez (GLM)<\/li>\n<li>Francisco Pisani (NEL)<\/li>\n<li>Alejandro G\u00f3ngora (NEL)<\/li>\n<li>Leonardo Prado (NEL)<\/li>\n<li>Evelin Schejtman (NEL)<\/li>\n<\/ul>\n<\/div><\/li><\/ul><\/div><\/div><div class=\"fusion-layout-column fusion_builder_column fusion-builder-column-1 fusion_builder_column_1_2 1_2 fusion-flex-column\" style=\"--awb-bg-size:cover;--awb-width-large:50%;--awb-margin-top-large:0px;--awb-spacing-right-large:3.84%;--awb-margin-bottom-large:20px;--awb-spacing-left-large:3.84%;--awb-width-medium:100%;--awb-order-medium:0;--awb-spacing-right-medium:1.92%;--awb-spacing-left-medium:1.92%;--awb-width-small:100%;--awb-order-small:0;--awb-spacing-right-small:1.92%;--awb-spacing-left-small:1.92%;\"><div class=\"fusion-column-wrapper fusion-column-has-shadow fusion-flex-justify-content-flex-start fusion-content-layout-column\"><div class=\"fusion-image-element \" style=\"--awb-caption-title-font-family:var(--h2_typography-font-family);--awb-caption-title-font-weight:var(--h2_typography-font-weight);--awb-caption-title-font-style:var(--h2_typography-font-style);--awb-caption-title-size:var(--h2_typography-font-size);--awb-caption-title-transform:var(--h2_typography-text-transform);--awb-caption-title-line-height:var(--h2_typography-line-height);--awb-caption-title-letter-spacing:var(--h2_typography-letter-spacing);\"><span class=\" fusion-imageframe imageframe-none imageframe-2 hover-type-none\"><img decoding=\"async\" width=\"254\" height=\"85\" title=\"Logo FAPOL Org\" src=\"http:\/\/enapol.com\/x\/wp-content\/uploads\/2020\/11\/Logo-FAPOL-Org-1.png\" alt class=\"img-responsive wp-image-567\" srcset=\"https:\/\/enapol.com\/x\/wp-content\/uploads\/sites\/1\/2020\/11\/Logo-FAPOL-Org-1-200x67.png 200w, https:\/\/enapol.com\/x\/wp-content\/uploads\/sites\/1\/2020\/11\/Logo-FAPOL-Org-1.png 254w\" sizes=\"(max-width: 1024px) 100vw, (max-width: 640px) 100vw, 254px\" \/><\/span><\/div><div class=\"fusion-separator fusion-full-width-sep\" style=\"align-self: center;margin-left: auto;margin-right: auto;margin-top:20px;margin-bottom:20px;width:100%;\"><\/div><div class=\"fusion-title title fusion-title-1 sep-underline sep-solid fusion-title-text fusion-title-size-one\" style=\"--awb-text-color:#ffffff;--awb-font-size:25px;\"><h1 class=\"fusion-title-heading title-heading-left fusion-responsive-typography-calculated\" style=\"margin:0;font-size:1em;--fontSize:25;line-height:1.2;\">FAPOL<\/h1><\/div><ul style=\"--awb-line-height:28.9px;--awb-icon-width:28.9px;--awb-icon-height:28.9px;--awb-icon-margin:11.9px;--awb-content-margin:40.8px;--awb-circlecolor:#ff8700;--awb-circle-yes-font-size:14.96px;\" class=\"fusion-checklist fusion-checklist-2 fusion-checklist-default type-icons\"><li class=\"fusion-li-item\" style=\"\"><span class=\"icon-wrapper circle-yes\"><i class=\"fusion-li-icon fa-users fas\" aria-hidden=\"true\"><\/i><\/span><div class=\"fusion-li-item-content\">\n<p><strong>BUREAU 2020-2022:<\/strong><\/p>\n<ul>\n<li>Viviana Berger &#8211; Presidente<\/li>\n<li>Ricardo Seldes &#8211; Vicepresidente<\/li>\n<li>Iordan Gurgel &#8211; Secretario<\/li>\n<\/ul>\n<\/div><\/li><li class=\"fusion-li-item\" style=\"\"><span class=\"icon-wrapper circle-yes\"><i class=\"fusion-li-icon fa-users fas\" aria-hidden=\"true\"><\/i><\/span><div class=\"fusion-li-item-content\">\n<p><strong>CONSEJO:<\/strong><\/p>\n<ul>\n<li>Viviana Berger &#8211; Presidente FAPOL<\/li>\n<li>Luis Tudanca &#8211; Presidente EOL<\/li>\n<li>Fernando Vitale &#8211; Director EOL<\/li>\n<li>Raquel Cors &#8211; Presidente NEL<\/li>\n<li>Gladys Mart\u00ednez &#8211; Consejero NEL<\/li>\n<li>Maria Josefina Sota Fuentes &#8211; Presidente EBP<\/li>\n<li>Romildo do R\u00eago Barros &#8211; Director EBP<\/li>\n<li>Angelina Harari &#8211; Presidente AMP<\/li>\n<\/ul>\n<\/div><\/li><\/ul><div class=\"fusion-separator fusion-full-width-sep\" style=\"align-self: center;margin-left: auto;margin-right: auto;margin-top:20px;margin-bottom:20px;width:100%;\"><\/div><\/div><\/div><\/div><\/div>\n","protected":false},"excerpt":{"rendered":"","protected":false},"author":1,"featured_media":0,"parent":236,"menu_order":3,"comment_status":"closed","ping_status":"closed","template":"","meta":{"_monsterinsights_skip_tracking":false,"_monsterinsights_sitenote_active":false,"_monsterinsights_sitenote_note":"","_monsterinsights_sitenote_category":0,"footnotes":""},"_links":{"self":[{"href":"https:\/\/enapol.com\/x\/wp-json\/wp\/v2\/pages\/246"}],"collection":[{"href":"https:\/\/enapol.com\/x\/wp-json\/wp\/v2\/pages"}],"about":[{"href":"https:\/\/enapol.com\/x\/wp-json\/wp\/v2\/types\/page"}],"author":[{"embeddable":true,"href":"https:\/\/enapol.com\/x\/wp-json\/wp\/v2\/users\/1"}],"replies":[{"embeddable":true,"href":"https:\/\/enapol.com\/x\/wp-json\/wp\/v2\/comments?post=246"}],"version-history":[{"count":23,"href":"https:\/\/enapol.com\/x\/wp-json\/wp\/v2\/pages\/246\/revisions"}],"predecessor-version":[{"id":3228,"href":"https:\/\/enapol.com\/x\/wp-json\/wp\/v2\/pages\/246\/revisions\/3228"}],"up":[{"embeddable":true,"href":"https:\/\/enapol.com\/x\/wp-json\/wp\/v2\/pages\/236"}],"wp:attachment":[{"href":"https:\/\/enapol.com\/x\/wp-json\/wp\/v2\/media?parent=246"}],"curies":[{"name":"wp","href":"https:\/\/api.w.org\/{rel}","templated":true}]}}