{"id":4854,"date":"2025-05-14T07:04:05","date_gmt":"2025-05-14T10:04:05","guid":{"rendered":"https:\/\/enapol.com\/xii\/xii-enapol-no-lacan-na-academia\/"},"modified":"2025-08-14T06:51:07","modified_gmt":"2025-08-14T09:51:07","slug":"fapol-en-lacan-en-la-academia","status":"publish","type":"page","link":"https:\/\/enapol.com\/xii\/es\/reds-tal\/fapol-en-lacan-en-la-academia\/","title":{"rendered":"FAPOL en Lacan en la Academia"},"content":{"rendered":"<div class=\"wpb-content-wrapper\">[vc_row][vc_column width=\u00bb1\/2&#8243;]<div class=\"vcex-spacing wpex-w-100 wpex-clear\"><\/div>[vc_column_text css=\u00bb\u00bb]La Federaci\u00f3n Americana de Psicoan\u00e1lisis de la Orientaci\u00f3n Lacaniana (FAPOL), la Escuela Brasile\u00f1a de Psicoan\u00e1lisis \u2013 MG y la Academia Mineira de Letras invitan a un encuentro de Lacan en la Academia \u2013 conversando con la Literatura: \u00bfSubvertir la segregaci\u00f3n? En el psicoan\u00e1lisis y en la literatura.<\/p>\n<ul>\n<li><strong>Invitado<\/strong>: Jacyntho Lins Brand\u00e3o (Escritor, Traductor, Presidente de la Academia Mineira de Letras)<\/li>\n<li><strong>Curadur\u00eda y Mediaci\u00f3n<\/strong>: Luc\u00edola Mac\u00eado (EBP)<\/li>\n<li><strong>Entrevistadores<\/strong>: Maria Cristina Giraldo (NEL), Francisco Pisani (NEL), Pablo Russo (EOL) y F\u00e1tima Pinheiro (EBP)<\/li>\n<li><strong>Fecha<\/strong>: 4 de septiembre, a las 19 h<\/li>\n<li><strong>Lugar<\/strong>: Academia Mineira de Letras, Rua da Bahia, n.\u00ba 1466.<\/li>\n<li><strong>Actividad presencial \u2013 Entrada gratuita<\/strong><br \/>\nNo requiere inscripci\u00f3n previa<\/li>\n<\/ul>\n[\/vc_column_text][\/vc_column][vc_column width=\u00bb1\/2&#8243;]<div class=\"vcex-spacing wpex-w-100 wpex-clear\"><\/div>[vc_column_text css=\u00bb\u00bb]\n<p><a href=\"https:\/\/enapol.com\/xii\/wp-content\/uploads\/sites\/10\/2025\/08\/Lacan-na-academia.jpg\"><img fetchpriority=\"high\" decoding=\"async\" class=\"alignleft wp-image-6659 size-large\" src=\"https:\/\/enapol.com\/xii\/wp-content\/uploads\/sites\/10\/2025\/08\/Lacan-na-academia-819x1024.jpg\" alt=\"\" width=\"819\" height=\"1024\" srcset=\"https:\/\/enapol.com\/xii\/wp-content\/uploads\/sites\/10\/2025\/08\/Lacan-na-academia-819x1024.jpg 819w, https:\/\/enapol.com\/xii\/wp-content\/uploads\/sites\/10\/2025\/08\/Lacan-na-academia-240x300.jpg 240w, https:\/\/enapol.com\/xii\/wp-content\/uploads\/sites\/10\/2025\/08\/Lacan-na-academia-768x960.jpg 768w, https:\/\/enapol.com\/xii\/wp-content\/uploads\/sites\/10\/2025\/08\/Lacan-na-academia-1229x1536.jpg 1229w, https:\/\/enapol.com\/xii\/wp-content\/uploads\/sites\/10\/2025\/08\/Lacan-na-academia-500x625.jpg 500w, https:\/\/enapol.com\/xii\/wp-content\/uploads\/sites\/10\/2025\/08\/Lacan-na-academia-700x875.jpg 700w, https:\/\/enapol.com\/xii\/wp-content\/uploads\/sites\/10\/2025\/08\/Lacan-na-academia.jpg 1280w\" sizes=\"(max-width: 819px) 100vw, 819px\" \/><\/a>[\/vc_column_text][\/vc_column][\/vc_row]\n<\/div>","protected":false},"excerpt":{"rendered":"<p>[vc_row][vc_column width=\u00bb1\/2&#8243;][vc_column_text css=\u00bb\u00bb]La Federaci\u00f3n Americana de Psicoan\u00e1lisis de la Orientaci\u00f3n Lacaniana (FAPOL), la Escuela Brasile\u00f1a de Psicoan\u00e1lisis \u2013 MG y la Academia Mineira de Letras invitan a un encuentro de Lacan en la Academia \u2013 conversando con la Literatura: \u00bfSubvertir la segregaci\u00f3n? En el psicoan\u00e1lisis y en la literatura. Invitado: Jacyntho Lins Brand\u00e3o (Escritor, Traductor,&hellip;<\/p>\n","protected":false},"author":3,"featured_media":0,"parent":4894,"menu_order":0,"comment_status":"closed","ping_status":"closed","template":"","meta":{"_monsterinsights_skip_tracking":false,"_monsterinsights_sitenote_active":false,"_monsterinsights_sitenote_note":"","_monsterinsights_sitenote_category":0,"footnotes":""},"_links":{"self":[{"href":"https:\/\/enapol.com\/xii\/es\/wp-json\/wp\/v2\/pages\/4854"}],"collection":[{"href":"https:\/\/enapol.com\/xii\/es\/wp-json\/wp\/v2\/pages"}],"about":[{"href":"https:\/\/enapol.com\/xii\/es\/wp-json\/wp\/v2\/types\/page"}],"author":[{"embeddable":true,"href":"https:\/\/enapol.com\/xii\/es\/wp-json\/wp\/v2\/users\/3"}],"replies":[{"embeddable":true,"href":"https:\/\/enapol.com\/xii\/es\/wp-json\/wp\/v2\/comments?post=4854"}],"version-history":[{"count":5,"href":"https:\/\/enapol.com\/xii\/es\/wp-json\/wp\/v2\/pages\/4854\/revisions"}],"predecessor-version":[{"id":7099,"href":"https:\/\/enapol.com\/xii\/es\/wp-json\/wp\/v2\/pages\/4854\/revisions\/7099"}],"up":[{"embeddable":true,"href":"https:\/\/enapol.com\/xii\/es\/wp-json\/wp\/v2\/pages\/4894"}],"wp:attachment":[{"href":"https:\/\/enapol.com\/xii\/es\/wp-json\/wp\/v2\/media?parent=4854"}],"curies":[{"name":"wp","href":"https:\/\/api.w.org\/{rel}","templated":true}]}}

<div class="wpb-content-wrapper">[vc_row][vc_column width=»1/2&#8243;]<div class="vcex-spacing wpex-w-100 wpex-clear"></div>[vc_column_text css=»»]La Federación Americana de Psicoanálisis de la Orientación Lacaniana (FAPOL), la Escuela Brasileña de Psicoanálisis – MG y la Academia Mineira de Letras invitan a un encuentro de Lacan en la Academia – conversando con la Literatura: ¿Subvertir la segregación? En el psicoanálisis y en la literatura.</p>
<ul>
<li><strong>Invitado</strong>: Jacyntho Lins Brandão (Escritor, Traductor, Presidente de la Academia Mineira de Letras)</li>
<li><strong>Curaduría y Mediación</strong>: Lucíola Macêdo (EBP)</li>
<li><strong>Entrevistadores</strong>: Maria Cristina Giraldo (NEL), Francisco Pisani (NEL), Pablo Russo (EOL) y Fátima Pinheiro (EBP)</li>
<li><strong>Fecha</strong>: 4 de septiembre, a las 19 h</li>
<li><strong>Lugar</strong>: Academia Mineira de Letras, Rua da Bahia, n.º 1466.</li>
<li><strong>Actividad presencial – Entrada gratuita</strong><br />
No requiere inscripción previa</li>
</ul>
[/vc_column_text][/vc_column][vc_column width=»1/2&#8243;]<div class="vcex-spacing wpex-w-100 wpex-clear"></div>[vc_column_text css=»»]
<p><a href="https://enapol.com/xii/wp-content/uploads/sites/10/2025/08/Lacan-na-academia.jpg"><img fetchpriority="high" decoding="async" class="alignleft wp-image-6659 size-large" src="https://enapol.com/xii/wp-content/uploads/sites/10/2025/08/Lacan-na-academia-819x1024.jpg" alt="" width="819" height="1024" srcset="https://enapol.com/xii/wp-content/uploads/sites/10/2025/08/Lacan-na-academia-819x1024.jpg 819w, https://enapol.com/xii/wp-content/uploads/sites/10/2025/08/Lacan-na-academia-240x300.jpg 240w, https://enapol.com/xii/wp-content/uploads/sites/10/2025/08/Lacan-na-academia-768x960.jpg 768w, https://enapol.com/xii/wp-content/uploads/sites/10/2025/08/Lacan-na-academia-1229x1536.jpg 1229w, https://enapol.com/xii/wp-content/uploads/sites/10/2025/08/Lacan-na-academia-500x625.jpg 500w, https://enapol.com/xii/wp-content/uploads/sites/10/2025/08/Lacan-na-academia-700x875.jpg 700w, https://enapol.com/xii/wp-content/uploads/sites/10/2025/08/Lacan-na-academia.jpg 1280w" sizes="(max-width: 819px) 100vw, 819px" /></a>[/vc_column_text][/vc_column][/vc_row]
</div>

<p>[vc_row][vc_column width=»1/2&#8243;][vc_column_text css=»»]La Federación Americana de Psicoanálisis de la Orientación Lacaniana (FAPOL), la Escuela Brasileña de Psicoanálisis – MG y la Academia Mineira de Letras invitan a un encuentro de Lacan en la Academia – conversando con la Literatura: ¿Subvertir la segregación? En el psicoanálisis y en la literatura. Invitado: Jacyntho Lins Brandão (Escritor, Traductor,&hellip;</p>
