{"id":1732,"date":"2025-02-26T11:58:59","date_gmt":"2025-02-26T10:58:59","guid":{"rendered":"https:\/\/enapol.com\/xii\/?page_id=1732"},"modified":"2025-05-28T09:11:37","modified_gmt":"2025-05-28T12:11:37","slug":"sugestao-de-passeios","status":"publish","type":"page","link":"https:\/\/enapol.com\/xii\/acolhimento\/sugestao-de-passeios\/","title":{"rendered":"Sugest\u00e3o de passeios"},"content":{"rendered":"<div class=\"wpb-content-wrapper\">[vc_row][vc_column]<div class=\"vcex-spacing wpex-w-100 wpex-clear\" style=\"height:50px;\"><\/div>[\/vc_column][\/vc_row][vc_row css=&#8221;.vc_custom_1747916084811{background-color: #FFFFFF !important;}&#8221;][vc_column]<figure class=\"vcex-image vcex-module\"><div class=\"vcex-image-inner wpex-relative wpex-inline-block\"><img width=\"2300\" height=\"1294\" src=\"https:\/\/enapol.com\/xii\/wp-content\/uploads\/sites\/10\/2025\/04\/Turismo_pt_Pagina_1.jpg\" class=\"vcex-image-img wpex-align-middle\" alt=\"\" loading=\"lazy\" decoding=\"async\" srcset=\"https:\/\/enapol.com\/xii\/wp-content\/uploads\/sites\/10\/2025\/04\/Turismo_pt_Pagina_1.jpg 2300w, https:\/\/enapol.com\/xii\/wp-content\/uploads\/sites\/10\/2025\/04\/Turismo_pt_Pagina_1-300x169.jpg 300w, https:\/\/enapol.com\/xii\/wp-content\/uploads\/sites\/10\/2025\/04\/Turismo_pt_Pagina_1-1024x576.jpg 1024w, https:\/\/enapol.com\/xii\/wp-content\/uploads\/sites\/10\/2025\/04\/Turismo_pt_Pagina_1-768x432.jpg 768w, https:\/\/enapol.com\/xii\/wp-content\/uploads\/sites\/10\/2025\/04\/Turismo_pt_Pagina_1-1536x864.jpg 1536w, https:\/\/enapol.com\/xii\/wp-content\/uploads\/sites\/10\/2025\/04\/Turismo_pt_Pagina_1-2048x1152.jpg 2048w, https:\/\/enapol.com\/xii\/wp-content\/uploads\/sites\/10\/2025\/04\/Turismo_pt_Pagina_1-500x281.jpg 500w, https:\/\/enapol.com\/xii\/wp-content\/uploads\/sites\/10\/2025\/04\/Turismo_pt_Pagina_1-700x394.jpg 700w, https:\/\/enapol.com\/xii\/wp-content\/uploads\/sites\/10\/2025\/04\/Turismo_pt_Pagina_1-1500x844.jpg 1500w\" sizes=\"(max-width: 2300px) 100vw, 2300px\" \/><\/div><\/figure>[vc_column_text css=&#8221;&#8221;]\n<p style=\"text-align: center;\"><span style=\"font-size: 13px;\"><strong>Autor: \u00a0T\u00falio Magno de Oliveira Resende<\/strong><\/span><\/p>\n<p style=\"text-align: justify;\">Belo Horizonte \u00e9 uma cidade que antecedeu Bras\u00edlia, capital do Brasil, no contexto nacional como projeto de metr\u00f3pole planejada. Por isso, a capital mineira se configurou primeiro no papel, no planejamento, para depois se concretizar nas ruas, nos pr\u00e9dios e na paisagem urbana. Como nas cidades coloniais analisadas por \u00c1ngel Rama, em A cidade das letras, Belo Horizonte adota o grid cartesiano n\u00e3o apenas como est\u00e9tica, mas como gesto de fazer a urbe nascer primeiro no papel \u2014 como signo \u2014 para s\u00f3 depois erguer-se em tijolo \u2014 como coisa.<\/p>\n<p style=\"text-align: justify;\">Se, na leitura de Rama, o foco recai sobre a cidade barroca colonizada pela Am\u00e9rica espanhola, Belo Horizonte nasce com outra inten\u00e7\u00e3o \u2014 igualmente cartesiana, mas agora com uma marca positivista, pr\u00f3pria de um pa\u00eds que buscava, com sua rec\u00e9m-instaurada Rep\u00fablica, um s\u00edmbolo de moderniza\u00e7\u00e3o. Assim, a capital mineira se apresenta como projeto moderno, mas incrustado num estado profundamente marcado pela tradi\u00e7\u00e3o, pelo conservadorismo, pelas estruturas do patriarcalismo rural.<\/p>\n<p style=\"text-align: justify;\">\u00c9 nesse cen\u00e1rio que, em 1924, um grupo de modernistas \u2014 em uma caravana composta por nomes como M\u00e1rio de Andrade, Tarsila do Amaral e Oswald de Andrade\u2014 visita Belo Horizonte em meio a sua incurs\u00e3o por Minas Gerais para redescobrir o Brasil e as riquezas culturais das suas cidades hist\u00f3ricas. Ao chegar, encontram, na capital do estado, al\u00e9m desse signo da tens\u00e3o entre modernidade em meio a tradi\u00e7\u00e3o, um grupo de escritores e poetas j\u00e1 imersos na complexidade desse mesmo conceito: como Carlos Drummond de Andrade, Em\u00edlio Moura e Jo\u00e3o Alphonsus, que se reuniam no Caf\u00e9 Estrela, sal\u00e3o \u00e0 moda parisiense que simbolizava a aspira\u00e7\u00e3o cosmopolita da capital. Ironicamente, esse mesmo espa\u00e7o era sustentado pelo \u2018outro caf\u00e9\u2019 \u2014 o gr\u00e3o mineiro que alimentava a economia rural patriarcal. D\u00e9cadas depois, Fernando Sabino e os \u2018quatro cavaleiros\u2019 mineiros transformariam essa ambival\u00eancia em prosa \u00edntima, enquanto o Clube da Esquina a traduziria em can\u00e7\u00f5es que misturam guitarra el\u00e9trica e saudade da viola.<\/p>\n<p style=\"text-align: justify;\">Belo Horizonte, assim, encarna a conviv\u00eancia contradit\u00f3ria entre o projeto moderno e as ra\u00edzes profundas de um passado que insiste &#8211; e \u00e9 precisamente nessa fric\u00e7\u00e3o que a literatura mineira se estabelece como essencial para se compreender o Brasil.<\/p>\n[\/vc_column_text]<figure class=\"vcex-image vcex-module\"><div class=\"vcex-image-inner wpex-relative wpex-inline-block\"><img width=\"2560\" height=\"1440\" src=\"https:\/\/enapol.com\/xii\/wp-content\/uploads\/sites\/10\/2025\/04\/Turismo_pt_Pagina_2-scaled.jpg\" class=\"vcex-image-img wpex-align-middle\" alt=\"\" loading=\"lazy\" decoding=\"async\" srcset=\"https:\/\/enapol.com\/xii\/wp-content\/uploads\/sites\/10\/2025\/04\/Turismo_pt_Pagina_2-scaled.jpg 2560w, https:\/\/enapol.com\/xii\/wp-content\/uploads\/sites\/10\/2025\/04\/Turismo_pt_Pagina_2-300x169.jpg 300w, https:\/\/enapol.com\/xii\/wp-content\/uploads\/sites\/10\/2025\/04\/Turismo_pt_Pagina_2-1024x576.jpg 1024w, https:\/\/enapol.com\/xii\/wp-content\/uploads\/sites\/10\/2025\/04\/Turismo_pt_Pagina_2-768x432.jpg 768w, https:\/\/enapol.com\/xii\/wp-content\/uploads\/sites\/10\/2025\/04\/Turismo_pt_Pagina_2-1536x864.jpg 1536w, https:\/\/enapol.com\/xii\/wp-content\/uploads\/sites\/10\/2025\/04\/Turismo_pt_Pagina_2-2048x1152.jpg 2048w, https:\/\/enapol.com\/xii\/wp-content\/uploads\/sites\/10\/2025\/04\/Turismo_pt_Pagina_2-500x281.jpg 500w, https:\/\/enapol.com\/xii\/wp-content\/uploads\/sites\/10\/2025\/04\/Turismo_pt_Pagina_2-700x394.jpg 700w, https:\/\/enapol.com\/xii\/wp-content\/uploads\/sites\/10\/2025\/04\/Turismo_pt_Pagina_2-scaled-1500x844.jpg 1500w\" sizes=\"(max-width: 2560px) 100vw, 2560px\" \/><\/div><\/figure><figure class=\"vcex-image vcex-module\"><div class=\"vcex-image-inner wpex-relative wpex-inline-block\"><img width=\"2560\" height=\"1440\" src=\"https:\/\/enapol.com\/xii\/wp-content\/uploads\/sites\/10\/2025\/04\/Turismo_pt_Pagina_3-scaled.jpg\" class=\"vcex-image-img wpex-align-middle\" alt=\"\" loading=\"lazy\" decoding=\"async\" srcset=\"https:\/\/enapol.com\/xii\/wp-content\/uploads\/sites\/10\/2025\/04\/Turismo_pt_Pagina_3-scaled.jpg 2560w, https:\/\/enapol.com\/xii\/wp-content\/uploads\/sites\/10\/2025\/04\/Turismo_pt_Pagina_3-300x169.jpg 300w, https:\/\/enapol.com\/xii\/wp-content\/uploads\/sites\/10\/2025\/04\/Turismo_pt_Pagina_3-1024x576.jpg 1024w, https:\/\/enapol.com\/xii\/wp-content\/uploads\/sites\/10\/2025\/04\/Turismo_pt_Pagina_3-768x432.jpg 768w, https:\/\/enapol.com\/xii\/wp-content\/uploads\/sites\/10\/2025\/04\/Turismo_pt_Pagina_3-1536x864.jpg 1536w, https:\/\/enapol.com\/xii\/wp-content\/uploads\/sites\/10\/2025\/04\/Turismo_pt_Pagina_3-2048x1152.jpg 2048w, https:\/\/enapol.com\/xii\/wp-content\/uploads\/sites\/10\/2025\/04\/Turismo_pt_Pagina_3-500x281.jpg 500w, https:\/\/enapol.com\/xii\/wp-content\/uploads\/sites\/10\/2025\/04\/Turismo_pt_Pagina_3-700x394.jpg 700w, https:\/\/enapol.com\/xii\/wp-content\/uploads\/sites\/10\/2025\/04\/Turismo_pt_Pagina_3-scaled-1500x844.jpg 1500w\" sizes=\"(max-width: 2560px) 100vw, 2560px\" \/><\/div><\/figure><figure class=\"vcex-image vcex-module\"><div class=\"vcex-image-inner wpex-relative wpex-inline-block\"><img width=\"2560\" height=\"1440\" src=\"https:\/\/enapol.com\/xii\/wp-content\/uploads\/sites\/10\/2025\/04\/Turismo_pt_Pagina_4-scaled.jpg\" class=\"vcex-image-img wpex-align-middle\" alt=\"\" loading=\"lazy\" decoding=\"async\" srcset=\"https:\/\/enapol.com\/xii\/wp-content\/uploads\/sites\/10\/2025\/04\/Turismo_pt_Pagina_4-scaled.jpg 2560w, https:\/\/enapol.com\/xii\/wp-content\/uploads\/sites\/10\/2025\/04\/Turismo_pt_Pagina_4-300x169.jpg 300w, https:\/\/enapol.com\/xii\/wp-content\/uploads\/sites\/10\/2025\/04\/Turismo_pt_Pagina_4-1024x576.jpg 1024w, https:\/\/enapol.com\/xii\/wp-content\/uploads\/sites\/10\/2025\/04\/Turismo_pt_Pagina_4-768x432.jpg 768w, https:\/\/enapol.com\/xii\/wp-content\/uploads\/sites\/10\/2025\/04\/Turismo_pt_Pagina_4-1536x864.jpg 1536w, https:\/\/enapol.com\/xii\/wp-content\/uploads\/sites\/10\/2025\/04\/Turismo_pt_Pagina_4-2048x1152.jpg 2048w, https:\/\/enapol.com\/xii\/wp-content\/uploads\/sites\/10\/2025\/04\/Turismo_pt_Pagina_4-500x281.jpg 500w, https:\/\/enapol.com\/xii\/wp-content\/uploads\/sites\/10\/2025\/04\/Turismo_pt_Pagina_4-700x394.jpg 700w, https:\/\/enapol.com\/xii\/wp-content\/uploads\/sites\/10\/2025\/04\/Turismo_pt_Pagina_4-scaled-1500x844.jpg 1500w\" sizes=\"(max-width: 2560px) 100vw, 2560px\" \/><\/div><\/figure><figure class=\"vcex-image vcex-module\"><div class=\"vcex-image-inner wpex-relative wpex-inline-block\"><img width=\"2560\" height=\"1440\" src=\"https:\/\/enapol.com\/xii\/wp-content\/uploads\/sites\/10\/2025\/04\/Turismo_pt_Pagina_5-scaled.jpg\" class=\"vcex-image-img wpex-align-middle\" alt=\"\" loading=\"lazy\" decoding=\"async\" srcset=\"https:\/\/enapol.com\/xii\/wp-content\/uploads\/sites\/10\/2025\/04\/Turismo_pt_Pagina_5-scaled.jpg 2560w, https:\/\/enapol.com\/xii\/wp-content\/uploads\/sites\/10\/2025\/04\/Turismo_pt_Pagina_5-300x169.jpg 300w, https:\/\/enapol.com\/xii\/wp-content\/uploads\/sites\/10\/2025\/04\/Turismo_pt_Pagina_5-1024x576.jpg 1024w, https:\/\/enapol.com\/xii\/wp-content\/uploads\/sites\/10\/2025\/04\/Turismo_pt_Pagina_5-768x432.jpg 768w, https:\/\/enapol.com\/xii\/wp-content\/uploads\/sites\/10\/2025\/04\/Turismo_pt_Pagina_5-1536x864.jpg 1536w, https:\/\/enapol.com\/xii\/wp-content\/uploads\/sites\/10\/2025\/04\/Turismo_pt_Pagina_5-2048x1152.jpg 2048w, https:\/\/enapol.com\/xii\/wp-content\/uploads\/sites\/10\/2025\/04\/Turismo_pt_Pagina_5-500x281.jpg 500w, https:\/\/enapol.com\/xii\/wp-content\/uploads\/sites\/10\/2025\/04\/Turismo_pt_Pagina_5-700x394.jpg 700w, https:\/\/enapol.com\/xii\/wp-content\/uploads\/sites\/10\/2025\/04\/Turismo_pt_Pagina_5-scaled-1500x844.jpg 1500w\" sizes=\"(max-width: 2560px) 100vw, 2560px\" \/><\/div><\/figure>[\/vc_column][\/vc_row]\n<\/div>","protected":false},"excerpt":{"rendered":"<p>[vc_row][vc_column][\/vc_column][\/vc_row][vc_row css=&#8221;.vc_custom_1747916084811{background-color: #FFFFFF !important;}&#8221;][vc_column][vc_column_text css=&#8221;&#8221;] Autor: \u00a0T\u00falio Magno de Oliveira Resende Belo Horizonte \u00e9 uma cidade que antecedeu Bras\u00edlia, capital do Brasil, no contexto nacional como projeto de metr\u00f3pole planejada. Por isso, a capital mineira se configurou primeiro no papel, no planejamento, para depois se concretizar nas ruas, nos pr\u00e9dios e na paisagem urbana. Como&hellip;<\/p>\n","protected":false},"author":3,"featured_media":0,"parent":632,"menu_order":0,"comment_status":"closed","ping_status":"closed","template":"templates\/no-sidebar.php","meta":{"_monsterinsights_skip_tracking":false,"_monsterinsights_sitenote_active":false,"_monsterinsights_sitenote_note":"","_monsterinsights_sitenote_category":0,"footnotes":""},"_links":{"self":[{"href":"https:\/\/enapol.com\/xii\/wp-json\/wp\/v2\/pages\/1732"}],"collection":[{"href":"https:\/\/enapol.com\/xii\/wp-json\/wp\/v2\/pages"}],"about":[{"href":"https:\/\/enapol.com\/xii\/wp-json\/wp\/v2\/types\/page"}],"author":[{"embeddable":true,"href":"https:\/\/enapol.com\/xii\/wp-json\/wp\/v2\/users\/3"}],"replies":[{"embeddable":true,"href":"https:\/\/enapol.com\/xii\/wp-json\/wp\/v2\/comments?post=1732"}],"version-history":[{"count":6,"href":"https:\/\/enapol.com\/xii\/wp-json\/wp\/v2\/pages\/1732\/revisions"}],"predecessor-version":[{"id":5153,"href":"https:\/\/enapol.com\/xii\/wp-json\/wp\/v2\/pages\/1732\/revisions\/5153"}],"up":[{"embeddable":true,"href":"https:\/\/enapol.com\/xii\/wp-json\/wp\/v2\/pages\/632"}],"wp:attachment":[{"href":"https:\/\/enapol.com\/xii\/wp-json\/wp\/v2\/media?parent=1732"}],"curies":[{"name":"wp","href":"https:\/\/api.w.org\/{rel}","templated":true}]}}