{"id":2719,"date":"2025-04-06T14:29:46","date_gmt":"2025-04-06T17:29:46","guid":{"rendered":"https:\/\/enapol.com\/xii\/?page_id=2719"},"modified":"2025-06-03T16:20:02","modified_gmt":"2025-06-03T19:20:02","slug":"tambor-1","status":"publish","type":"page","link":"https:\/\/enapol.com\/xii\/epistemico\/tambor\/boletins\/tambor-1\/","title":{"rendered":"Tambor 1"},"content":{"rendered":"<div class=\"wpb-content-wrapper\">[vc_row][vc_column]<figure class=\"vcex-image vcex-module\"><div class=\"vcex-image-inner wpex-relative wpex-inline-block\"><img width=\"5288\" height=\"1575\" src=\"https:\/\/enapol.com\/xii\/wp-content\/uploads\/sites\/10\/2025\/02\/cabecalho.png\" class=\"vcex-image-img wpex-align-middle\" alt=\"\" loading=\"lazy\" decoding=\"async\" srcset=\"https:\/\/enapol.com\/xii\/wp-content\/uploads\/sites\/10\/2025\/02\/cabecalho.png 5288w, https:\/\/enapol.com\/xii\/wp-content\/uploads\/sites\/10\/2025\/02\/cabecalho-300x89.png 300w, https:\/\/enapol.com\/xii\/wp-content\/uploads\/sites\/10\/2025\/02\/cabecalho-1024x305.png 1024w, https:\/\/enapol.com\/xii\/wp-content\/uploads\/sites\/10\/2025\/02\/cabecalho-768x229.png 768w, https:\/\/enapol.com\/xii\/wp-content\/uploads\/sites\/10\/2025\/02\/cabecalho-1536x457.png 1536w, https:\/\/enapol.com\/xii\/wp-content\/uploads\/sites\/10\/2025\/02\/cabecalho-2048x610.png 2048w, https:\/\/enapol.com\/xii\/wp-content\/uploads\/sites\/10\/2025\/02\/cabecalho-500x149.png 500w, https:\/\/enapol.com\/xii\/wp-content\/uploads\/sites\/10\/2025\/02\/cabecalho-700x208.png 700w\" sizes=\"(max-width: 5288px) 100vw, 5288px\" \/><\/div><\/figure>[\/vc_column][\/vc_row][vc_row][vc_column][vc_column_text css=&#8221;.vc_custom_1744633313460{padding-top: 20px !important;padding-right: 20px !important;padding-bottom: 20px !important;padding-left: 20px !important;background-color: #ED4638 !important;}&#8221;]\n<p style=\"text-align: left;\"><span style=\"font-size: 18px;\"><strong><span style=\"color: #ffffff;\">Boletim Tambor 1<\/span><\/strong><\/span><\/p>\n[\/vc_column_text][\/vc_column][\/vc_row][vc_row][vc_column][vc_column_text css=&#8221;&#8221;]\n<h3><u>A EXTRA\u00c7\u00c3O DO OBJETO a<\/u><\/h3>\n<p><em>\u00c9ric Laurent<\/em><\/p>\n<p>&nbsp;<\/p>\n<figure id=\"attachment_2662\" aria-describedby=\"caption-attachment-2662\" style=\"width: 500px\" class=\"wp-caption aligncenter\"><a href=\"https:\/\/enapol.com\/xii\/wp-content\/uploads\/sites\/10\/2025\/04\/laurent001.jpg\"><img fetchpriority=\"high\" decoding=\"async\" class=\"wp-image-2662\" src=\"https:\/\/enapol.com\/xii\/wp-content\/uploads\/sites\/10\/2025\/04\/laurent001.jpg\" alt=\"\" width=\"500\" height=\"335\" srcset=\"https:\/\/enapol.com\/xii\/wp-content\/uploads\/sites\/10\/2025\/04\/laurent001.jpg 794w, https:\/\/enapol.com\/xii\/wp-content\/uploads\/sites\/10\/2025\/04\/laurent001-300x201.jpg 300w, https:\/\/enapol.com\/xii\/wp-content\/uploads\/sites\/10\/2025\/04\/laurent001-768x515.jpg 768w, https:\/\/enapol.com\/xii\/wp-content\/uploads\/sites\/10\/2025\/04\/laurent001-500x335.jpg 500w, https:\/\/enapol.com\/xii\/wp-content\/uploads\/sites\/10\/2025\/04\/laurent001-700x469.jpg 700w\" sizes=\"(max-width: 500px) 100vw, 500px\" \/><\/a><figcaption id=\"caption-attachment-2662\" class=\"wp-caption-text\">Atrav\u00e9s (Cildo Meireles, Inhotim, 1983-1989) &#8211; Galeria Cildo Meireles.<br \/>Materiais diversos, 600x1500x1500 cm.<br \/>Foto:\u00a0Pedro Motta<\/figcaption><\/figure>\n<p>O que \u00e9, para n\u00f3s, a extra\u00e7\u00e3o do objeto <em>a<\/em>? \u00c9 uma pergunta que me fa\u00e7o depois de ler os textos preparat\u00f3rios do pr\u00f3ximo Congresso da AMP, em Buenos Aires, em abril de 2008.<\/p>\n<p style=\"text-align: justify;\"><a href=\"https:\/\/enapol.com\/xii\/a-extracao-do-objeto-a\/\"><span style=\"color: #ff0000;\">[leia +]<\/span><\/a><\/p>\n[\/vc_column_text][\/vc_column][\/vc_row][vc_row][vc_column][vc_column_text css=&#8221;&#8221;]\n<h3><u>Conex\u00f5es &#8211; A SUBST\u00c2NCIA SONORA E IMAG\u00c9TICA DE <em>MINERAL<\/em><\/u><\/h3>\n<div>\n<p><em>Daniela Viola<br \/>\nFernanda Costa<br \/>\nMichelle Sena<br \/>\n<\/em><\/p>\n<figure id=\"attachment_2721\" aria-describedby=\"caption-attachment-2721\" style=\"width: 500px\" class=\"wp-caption aligncenter\"><a href=\"https:\/\/enapol.com\/xii\/a-substancia-sonora-e-imagetica-de-mineral\/\"><img decoding=\"async\" class=\"wp-image-2721\" src=\"https:\/\/enapol.com\/xii\/wp-content\/uploads\/sites\/10\/2025\/04\/THUMB-MINERAL.jpg\" alt=\"\" width=\"500\" height=\"298\" srcset=\"https:\/\/enapol.com\/xii\/wp-content\/uploads\/sites\/10\/2025\/04\/THUMB-MINERAL.jpg 800w, https:\/\/enapol.com\/xii\/wp-content\/uploads\/sites\/10\/2025\/04\/THUMB-MINERAL-300x179.jpg 300w, https:\/\/enapol.com\/xii\/wp-content\/uploads\/sites\/10\/2025\/04\/THUMB-MINERAL-768x458.jpg 768w, https:\/\/enapol.com\/xii\/wp-content\/uploads\/sites\/10\/2025\/04\/THUMB-MINERAL-500x298.jpg 500w, https:\/\/enapol.com\/xii\/wp-content\/uploads\/sites\/10\/2025\/04\/THUMB-MINERAL-700x417.jpg 700w\" sizes=\"(max-width: 500px) 100vw, 500px\" \/><\/a><figcaption id=\"caption-attachment-2721\" class=\"wp-caption-text\"><em>Mineral<\/em>, Teaser. Ciro Thielmann. Paisagem Lava<\/figcaption><\/figure>\n<p><span style=\"color: #ff0000;\">\u00a0<\/span><\/p>\n<p>Pouco antes de percutirem os tambores do animado carnaval de Belo Horizonte, cidade de Minas Gerais que acolher\u00e1 o XII ENAPOL, M\u00e1ximo Soalheiro nos recebe em sua casa.<\/p>\n<p><a href=\"https:\/\/enapol.com\/xii\/a-substancia-sonora-e-imagetica-de-mineral\/\"><span style=\"color: #ff0000;\">[Leia +]<\/span><\/a><\/p>\n<\/div>\n[\/vc_column_text][\/vc_column][\/vc_row][vc_row][vc_column][vc_column_text css=&#8221;&#8221;]\n<h3><u>CITA\u00c7\u00d5ES E REFER\u00caNCIAS BIBLIOGR\u00c1FICAS<\/u><\/h3>\n<div>\n<figure id=\"attachment_2683\" aria-describedby=\"caption-attachment-2683\" style=\"width: 500px\" class=\"wp-caption aligncenter\"><a href=\"https:\/\/enapol.com\/xii\/wp-content\/uploads\/sites\/10\/2025\/04\/citacoes_001.jpg\"><img decoding=\"async\" class=\"wp-image-2683\" src=\"https:\/\/enapol.com\/xii\/wp-content\/uploads\/sites\/10\/2025\/04\/citacoes_001.jpg\" alt=\"\" width=\"500\" height=\"333\" srcset=\"https:\/\/enapol.com\/xii\/wp-content\/uploads\/sites\/10\/2025\/04\/citacoes_001.jpg 905w, https:\/\/enapol.com\/xii\/wp-content\/uploads\/sites\/10\/2025\/04\/citacoes_001-300x200.jpg 300w, https:\/\/enapol.com\/xii\/wp-content\/uploads\/sites\/10\/2025\/04\/citacoes_001-768x512.jpg 768w, https:\/\/enapol.com\/xii\/wp-content\/uploads\/sites\/10\/2025\/04\/citacoes_001-500x333.jpg 500w, https:\/\/enapol.com\/xii\/wp-content\/uploads\/sites\/10\/2025\/04\/citacoes_001-700x466.jpg 700w\" sizes=\"(max-width: 500px) 100vw, 500px\" \/><\/a><figcaption id=\"caption-attachment-2683\" class=\"wp-caption-text\"><em>Mineral<\/em> \u2013 Foto: Anna Lara<\/figcaption><\/figure>\n<p><span style=\"color: #ff0000;\">\u00a0<\/span><\/p>\n<h3><span style=\"color: #ff0000;\"><strong>FREUD<\/strong><\/span><\/h3>\n<p>\u201cO excesso de sexualidade, por si s\u00f3, n\u00e3o \u00e9 suficiente para causar o recalcamento; \u00e9 necess\u00e1ria a coopera\u00e7\u00e3o da defesa; contudo, sem um excesso de sexualidade, a defesa n\u00e3o produz neurose.\u201d<\/p>\n<p><a href=\"https:\/\/enapol.com\/xii\/citacoes-e-referencias-bibliograficas1\/\"><span style=\"color: #ff0000;\">[Leia +]<\/span><\/a><\/p>\n<\/div>\n[\/vc_column_text][\/vc_column][\/vc_row]\n<\/div>","protected":false},"excerpt":{"rendered":"<p>[vc_row][vc_column][\/vc_column][\/vc_row][vc_row][vc_column][vc_column_text css=&#8221;.vc_custom_1744633313460{padding-top: 20px !important;padding-right: 20px !important;padding-bottom: 20px !important;padding-left: 20px !important;background-color: #ED4638 !important;}&#8221;] Boletim Tambor 1 [\/vc_column_text][\/vc_column][\/vc_row][vc_row][vc_column][vc_column_text css=&#8221;&#8221;] A EXTRA\u00c7\u00c3O DO OBJETO a \u00c9ric Laurent &nbsp; O que \u00e9, para n\u00f3s, a extra\u00e7\u00e3o do objeto a? \u00c9 uma pergunta que me fa\u00e7o depois de ler os textos preparat\u00f3rios do pr\u00f3ximo Congresso da AMP, em Buenos Aires,&hellip;<\/p>\n","protected":false},"author":3,"featured_media":0,"parent":1875,"menu_order":0,"comment_status":"closed","ping_status":"closed","template":"","meta":{"_monsterinsights_skip_tracking":false,"_monsterinsights_sitenote_active":false,"_monsterinsights_sitenote_note":"","_monsterinsights_sitenote_category":0,"footnotes":""},"_links":{"self":[{"href":"https:\/\/enapol.com\/xii\/wp-json\/wp\/v2\/pages\/2719"}],"collection":[{"href":"https:\/\/enapol.com\/xii\/wp-json\/wp\/v2\/pages"}],"about":[{"href":"https:\/\/enapol.com\/xii\/wp-json\/wp\/v2\/types\/page"}],"author":[{"embeddable":true,"href":"https:\/\/enapol.com\/xii\/wp-json\/wp\/v2\/users\/3"}],"replies":[{"embeddable":true,"href":"https:\/\/enapol.com\/xii\/wp-json\/wp\/v2\/comments?post=2719"}],"version-history":[{"count":11,"href":"https:\/\/enapol.com\/xii\/wp-json\/wp\/v2\/pages\/2719\/revisions"}],"predecessor-version":[{"id":5431,"href":"https:\/\/enapol.com\/xii\/wp-json\/wp\/v2\/pages\/2719\/revisions\/5431"}],"up":[{"embeddable":true,"href":"https:\/\/enapol.com\/xii\/wp-json\/wp\/v2\/pages\/1875"}],"wp:attachment":[{"href":"https:\/\/enapol.com\/xii\/wp-json\/wp\/v2\/media?parent=2719"}],"curies":[{"name":"wp","href":"https:\/\/api.w.org\/{rel}","templated":true}]}}