{"id":4846,"date":"2025-05-14T07:05:19","date_gmt":"2025-05-14T10:05:19","guid":{"rendered":"https:\/\/enapol.com\/xii\/?page_id=4846"},"modified":"2025-06-29T07:34:17","modified_gmt":"2025-06-29T10:34:17","slug":"rpa","status":"publish","type":"page","link":"https:\/\/enapol.com\/xii\/redes-tal\/rpa\/","title":{"rendered":"RPA"},"content":{"rendered":"<div class=\"wpb-content-wrapper\">[vc_row][vc_column width=&#8221;1\/2&#8243;]<div class=\"vcex-spacing wpex-w-100 wpex-clear\"><\/div>[vc_column_text css=&#8221;&#8221;]\n<h3><span style=\"color: #ff0000;\"><strong>REDE PSICAN\u00c1LISE APLICADA &#8211; RPA\/ FAPOL<\/strong><\/span><\/h3>\n<p><strong>Falar do traum\u00e1tico<\/strong><\/p>\n<p>Falar do traum\u00e1tico encerra um paradoxo, o paradoxo mesmo da psican\u00e1lise, na condi\u00e7\u00e3o de falarmos do que \u00e9 imposs\u00edvel dizer. O trauma \u00e9 o imposs\u00edvel de dizer, mas ainda assim falamos dele.<\/p>\n<p>Como tratamos o traum\u00e1tico hoje nos dispositivos institucionais orientados pela psican\u00e1lise da orienta\u00e7\u00e3o lacaniana? Como podemos nos deixar ensinar pelo saber novo que encontramos em cada caso?<\/p>\n<p>Em torno dessas quest\u00f5es, convidamos, todos os interessados, a participar da Conversa\u00e7\u00e3o com Ricardo Seldes, a partir do programa de estudo e investiga\u00e7\u00e3o que se deu nos encontros pr\u00e9vios entre os participantes da RPA.<\/p>\n<p>Para d\u00favidas ou esclarecimentos: <a href=\"mailto:rpa.fapol@gmail.com\">rpa.fapol@gmail.com<\/a><\/p>\n<p>Respons\u00e1veis:<\/p>\n<ul>\n<li>Isabel do R\u00eago Barros Duarte e Musso Greco (EBP)<\/li>\n<li>Eugenia Serrano e Maria Laura Errecarte (EOL)<\/li>\n<li>Laura Arciniegas e Viviana Berger (NEL)<\/li>\n<\/ul>\n[\/vc_column_text][\/vc_column][vc_column width=&#8221;1\/2&#8243;]<div class=\"vcex-spacing wpex-w-100 wpex-clear\"><\/div><figure class=\"vcex-image vcex-module\"><div class=\"vcex-image-inner wpex-relative wpex-inline-block\"><img width=\"1240\" height=\"1754\" src=\"https:\/\/enapol.com\/xii\/wp-content\/uploads\/sites\/10\/2025\/06\/WhatsApp-Image-2025-06-11-at-19.01.20.jpeg\" class=\"vcex-image-img wpex-align-middle\" alt=\"\" loading=\"lazy\" decoding=\"async\" srcset=\"https:\/\/enapol.com\/xii\/wp-content\/uploads\/sites\/10\/2025\/06\/WhatsApp-Image-2025-06-11-at-19.01.20.jpeg 1240w, https:\/\/enapol.com\/xii\/wp-content\/uploads\/sites\/10\/2025\/06\/WhatsApp-Image-2025-06-11-at-19.01.20-212x300.jpeg 212w, https:\/\/enapol.com\/xii\/wp-content\/uploads\/sites\/10\/2025\/06\/WhatsApp-Image-2025-06-11-at-19.01.20-724x1024.jpeg 724w, https:\/\/enapol.com\/xii\/wp-content\/uploads\/sites\/10\/2025\/06\/WhatsApp-Image-2025-06-11-at-19.01.20-768x1086.jpeg 768w, https:\/\/enapol.com\/xii\/wp-content\/uploads\/sites\/10\/2025\/06\/WhatsApp-Image-2025-06-11-at-19.01.20-1086x1536.jpeg 1086w, https:\/\/enapol.com\/xii\/wp-content\/uploads\/sites\/10\/2025\/06\/WhatsApp-Image-2025-06-11-at-19.01.20-500x707.jpeg 500w, https:\/\/enapol.com\/xii\/wp-content\/uploads\/sites\/10\/2025\/06\/WhatsApp-Image-2025-06-11-at-19.01.20-700x990.jpeg 700w\" sizes=\"(max-width: 1240px) 100vw, 1240px\" \/><\/div><\/figure><div class=\"vcex-spacing wpex-w-100 wpex-clear\"><\/div><a href=\"https:\/\/tally.so\/r\/mOeNKk\" class=\"vcex-button theme-button inline\" target=\"_blank\" rel=\"noopener noreferrer\"><span class=\"vcex-button-inner theme-button-inner wpex-flex wpex-flex-wrap wpex-items-center wpex-justify-center\">INSCRI\u00c7\u00c3O<\/span><\/a> [\/vc_column][\/vc_row]\n<\/div>","protected":false},"excerpt":{"rendered":"<p>[vc_row][vc_column width=&#8221;1\/2&#8243;][vc_column_text css=&#8221;&#8221;] REDE PSICAN\u00c1LISE APLICADA &#8211; RPA\/ FAPOL Falar do traum\u00e1tico Falar do traum\u00e1tico encerra um paradoxo, o paradoxo mesmo da psican\u00e1lise, na condi\u00e7\u00e3o de falarmos do que \u00e9 imposs\u00edvel dizer. O trauma \u00e9 o imposs\u00edvel de dizer, mas ainda assim falamos dele. Como tratamos o traum\u00e1tico hoje nos dispositivos institucionais orientados pela psican\u00e1lise&hellip;<\/p>\n","protected":false},"author":3,"featured_media":0,"parent":4892,"menu_order":0,"comment_status":"closed","ping_status":"closed","template":"","meta":{"_monsterinsights_skip_tracking":false,"_monsterinsights_sitenote_active":false,"_monsterinsights_sitenote_note":"","_monsterinsights_sitenote_category":0,"footnotes":""},"_links":{"self":[{"href":"https:\/\/enapol.com\/xii\/wp-json\/wp\/v2\/pages\/4846"}],"collection":[{"href":"https:\/\/enapol.com\/xii\/wp-json\/wp\/v2\/pages"}],"about":[{"href":"https:\/\/enapol.com\/xii\/wp-json\/wp\/v2\/types\/page"}],"author":[{"embeddable":true,"href":"https:\/\/enapol.com\/xii\/wp-json\/wp\/v2\/users\/3"}],"replies":[{"embeddable":true,"href":"https:\/\/enapol.com\/xii\/wp-json\/wp\/v2\/comments?post=4846"}],"version-history":[{"count":9,"href":"https:\/\/enapol.com\/xii\/wp-json\/wp\/v2\/pages\/4846\/revisions"}],"predecessor-version":[{"id":6000,"href":"https:\/\/enapol.com\/xii\/wp-json\/wp\/v2\/pages\/4846\/revisions\/6000"}],"up":[{"embeddable":true,"href":"https:\/\/enapol.com\/xii\/wp-json\/wp\/v2\/pages\/4892"}],"wp:attachment":[{"href":"https:\/\/enapol.com\/xii\/wp-json\/wp\/v2\/media?parent=4846"}],"curies":[{"name":"wp","href":"https:\/\/api.w.org\/{rel}","templated":true}]}}