{"id":5608,"date":"2025-06-10T06:59:19","date_gmt":"2025-06-10T09:59:19","guid":{"rendered":"https:\/\/enapol.com\/xii\/?page_id=5608"},"modified":"2025-06-16T05:57:55","modified_gmt":"2025-06-16T08:57:55","slug":"tambor-5","status":"publish","type":"page","link":"https:\/\/enapol.com\/xii\/epistemico\/tambor\/boletins\/tambor-5\/","title":{"rendered":"Tambor 5"},"content":{"rendered":"<div class=\"wpb-content-wrapper\">[vc_row][vc_column]<figure class=\"vcex-image vcex-module\"><div class=\"vcex-image-inner wpex-relative wpex-inline-block\"><img width=\"5288\" height=\"1575\" src=\"https:\/\/enapol.com\/xii\/wp-content\/uploads\/sites\/10\/2025\/02\/cabecalho.png\" class=\"vcex-image-img wpex-align-middle\" alt=\"\" loading=\"lazy\" decoding=\"async\" srcset=\"https:\/\/enapol.com\/xii\/wp-content\/uploads\/sites\/10\/2025\/02\/cabecalho.png 5288w, https:\/\/enapol.com\/xii\/wp-content\/uploads\/sites\/10\/2025\/02\/cabecalho-300x89.png 300w, https:\/\/enapol.com\/xii\/wp-content\/uploads\/sites\/10\/2025\/02\/cabecalho-1024x305.png 1024w, https:\/\/enapol.com\/xii\/wp-content\/uploads\/sites\/10\/2025\/02\/cabecalho-768x229.png 768w, https:\/\/enapol.com\/xii\/wp-content\/uploads\/sites\/10\/2025\/02\/cabecalho-1536x457.png 1536w, https:\/\/enapol.com\/xii\/wp-content\/uploads\/sites\/10\/2025\/02\/cabecalho-2048x610.png 2048w, https:\/\/enapol.com\/xii\/wp-content\/uploads\/sites\/10\/2025\/02\/cabecalho-500x149.png 500w, https:\/\/enapol.com\/xii\/wp-content\/uploads\/sites\/10\/2025\/02\/cabecalho-700x208.png 700w\" sizes=\"(max-width: 5288px) 100vw, 5288px\" \/><\/div><\/figure>[\/vc_column][\/vc_row][vc_row][vc_column][vc_column_text css=&#8221;.vc_custom_1749550030336{padding-top: 20px !important;padding-right: 20px !important;padding-bottom: 20px !important;padding-left: 20px !important;background-color: #EB6763 !important;}&#8221;]\n<p style=\"text-align: left;\"><span style=\"font-size: 18px;\"><strong><span style=\"color: #ffffff;\">Boletim Tambor 5<\/span><\/strong><\/span><\/p>\n[\/vc_column_text][\/vc_column][\/vc_row][vc_row][vc_column][vc_column_text css=&#8221;&#8221;]\n<h3><u>TEXTOS PREPARAT\u00d3RIOS<\/u><\/h3>\n<p style=\"text-align: center;\"><a href=\"https:\/\/enapol.com\/xii\/wp-content\/uploads\/sites\/10\/2025\/06\/kasha-wayuu-scaled.jpg\"><img fetchpriority=\"high\" decoding=\"async\" class=\"aligncenter wp-image-5609\" src=\"https:\/\/enapol.com\/xii\/wp-content\/uploads\/sites\/10\/2025\/06\/kasha-wayuu-scaled.jpg\" alt=\"\" width=\"500\" height=\"334\" srcset=\"https:\/\/enapol.com\/xii\/wp-content\/uploads\/sites\/10\/2025\/06\/kasha-wayuu-scaled.jpg 2560w, https:\/\/enapol.com\/xii\/wp-content\/uploads\/sites\/10\/2025\/06\/kasha-wayuu-300x200.jpg 300w, https:\/\/enapol.com\/xii\/wp-content\/uploads\/sites\/10\/2025\/06\/kasha-wayuu-1024x684.jpg 1024w, https:\/\/enapol.com\/xii\/wp-content\/uploads\/sites\/10\/2025\/06\/kasha-wayuu-768x513.jpg 768w, https:\/\/enapol.com\/xii\/wp-content\/uploads\/sites\/10\/2025\/06\/kasha-wayuu-1536x1025.jpg 1536w, https:\/\/enapol.com\/xii\/wp-content\/uploads\/sites\/10\/2025\/06\/kasha-wayuu-2048x1367.jpg 2048w, https:\/\/enapol.com\/xii\/wp-content\/uploads\/sites\/10\/2025\/06\/kasha-wayuu-500x334.jpg 500w, https:\/\/enapol.com\/xii\/wp-content\/uploads\/sites\/10\/2025\/06\/kasha-wayuu-700x467.jpg 700w\" sizes=\"(max-width: 500px) 100vw, 500px\" \/><\/a><span style=\"font-size: 13px;\">Kasha (tambor em wayu\u00fa)<\/span><br \/>\n<span style=\"font-size: 13px;\">Foto: Instituto colombiano de antropolog\u00eda e historia. Arquivo de objetos etnogr\u00e1ficos<\/span><br \/>\n<a href=\"https:\/\/coleccionetnograficaicanh.wordpress.com\/2017\/04\/06\/kasha-tambor-etnia-wayuu\"><span style=\"font-size: 13px;\">https:\/\/coleccionetnograficaicanh.wordpress.com\/2017\/04\/06\/kasha-tambor-etnia-wayuu<\/span><\/a><\/p>\n<p><strong>CONCEBER UMA CRIAN\u00c7A<\/strong><\/p>\n<p><span style=\"font-size: 13px;\"><strong>Christiane Alberti &#8211; <\/strong><strong>Presidente da Associa\u00e7\u00e3o Mundial de Psican\u00e1lise (AMP)<\/strong><\/span><\/p>\n<p><strong>\u00a0<\/strong>O t\u00edtulo que voc\u00eas deram a esta Jornada chama a aten\u00e7\u00e3o de imediato por seu car\u00e1ter moderno, afinado com a vanguarda da atualidade. De fato, a escolha do termo \u201cconceber\u201d j\u00e1 implica algumas consequ\u00eancias que merecem ser assinaladas.<\/p>\n<p><a href=\"https:\/\/enapol.com\/xii\/conceber-uma-crianca1\/\"><span style=\"color: #ff0000;\">(Leia +)<\/span><\/a>[\/vc_column_text][\/vc_column][\/vc_row][vc_row][vc_column][vc_column_text css=&#8221;&#8221;]\n<h3><u>RUBRICA EIXO 3<\/u><\/h3>\n<p><strong><em>COM<\/em> A CRIAN\u00c7A<\/strong><\/p>\n<p><span style=\"font-size: 13px;\"><em><a href=\"https:\/\/enapol.com\/xii\/wp-content\/uploads\/sites\/10\/2025\/06\/Tinya-1-1.jpg\"><img decoding=\"async\" class=\"aligncenter wp-image-5613\" src=\"https:\/\/enapol.com\/xii\/wp-content\/uploads\/sites\/10\/2025\/06\/Tinya-1-1.jpg\" alt=\"\" width=\"500\" height=\"367\" srcset=\"https:\/\/enapol.com\/xii\/wp-content\/uploads\/sites\/10\/2025\/06\/Tinya-1-1.jpg 750w, https:\/\/enapol.com\/xii\/wp-content\/uploads\/sites\/10\/2025\/06\/Tinya-1-1-300x220.jpg 300w, https:\/\/enapol.com\/xii\/wp-content\/uploads\/sites\/10\/2025\/06\/Tinya-1-1-500x367.jpg 500w, https:\/\/enapol.com\/xii\/wp-content\/uploads\/sites\/10\/2025\/06\/Tinya-1-1-700x513.jpg 700w\" sizes=\"(max-width: 500px) 100vw, 500px\" \/><\/a><\/em><\/span><\/p>\n<p style=\"text-align: center;\"><span style=\"font-size: 13px;\">Tinya (tambor quechua)<\/span><br \/>\n<span style=\"font-size: 13px;\">Por 71056mmb &#8211; Trabalho pr\u00f3prio, Dominio p\u00fablico.<\/span><br \/>\n<span style=\"font-size: 13px;\"><a href=\"https:\/\/commons.wikimedia.org\/w\/index.php?curid=7768752\">https:\/\/commons.wikimedia.org\/w\/index.php?curid=7768752<\/a><\/span><\/p>\n<p><span style=\"font-size: 13px;\"><em>Manuel Zlotnik- EOL\/AMP<\/em><\/span><\/p>\n<p>&nbsp;<\/p>\n<p>Em outras \u00e9pocas, n\u00e3o se deixava a crian\u00e7a falar. \u201cVoc\u00ea n\u00e3o sabe o que \u00e9 fome!\u201d disseram ao nosso colega Alejandro Reinoso quando era crian\u00e7a, e isso o calou. A crian\u00e7a n\u00e3o sabia, n\u00e3o tinha experi\u00eancia nem conhecimento, portanto, n\u00e3o podia falar. Os mais velhos falavam e os mais novos se calavam; era a \u00e9poca da supremacia do Nome do Pai.<\/p>\n<p style=\"text-align: justify;\"><a title=\"Rubrica Eixo 1: ISSO RESSOA NO CORPO COMO UM TAMBOR\" href=\"https:\/\/enapol.com\/xii\/rubrica-eixo-3-com-a-crianca\/\"><span style=\"color: #ff0000;\">[leia +]<\/span><\/a><\/p>\n[\/vc_column_text][\/vc_column][\/vc_row][vc_row][vc_column][vc_column_text css=&#8221;&#8221;]\n<h3><u>RUBRICA EIXO 4<\/u><\/h3>\n<p><strong>COMO FALAR COM O FEMININO?<\/strong><\/p>\n<p>&nbsp;<\/p>\n<p style=\"text-align: center;\"><span style=\"font-size: 13px;\"><a href=\"https:\/\/enapol.com\/xii\/wp-content\/uploads\/sites\/10\/2025\/06\/Angua-Guasu.jpeg\"><img decoding=\"async\" class=\"aligncenter wp-image-5615\" src=\"https:\/\/enapol.com\/xii\/wp-content\/uploads\/sites\/10\/2025\/06\/Angua-Guasu.jpeg\" alt=\"\" width=\"500\" height=\"333\" srcset=\"https:\/\/enapol.com\/xii\/wp-content\/uploads\/sites\/10\/2025\/06\/Angua-Guasu.jpeg 900w, https:\/\/enapol.com\/xii\/wp-content\/uploads\/sites\/10\/2025\/06\/Angua-Guasu-300x200.jpeg 300w, https:\/\/enapol.com\/xii\/wp-content\/uploads\/sites\/10\/2025\/06\/Angua-Guasu-768x512.jpeg 768w, https:\/\/enapol.com\/xii\/wp-content\/uploads\/sites\/10\/2025\/06\/Angua-Guasu-500x333.jpeg 500w, https:\/\/enapol.com\/xii\/wp-content\/uploads\/sites\/10\/2025\/06\/Angua-Guasu-700x467.jpeg 700w\" sizes=\"(max-width: 500px) 100vw, 500px\" \/><\/a>Ang\u00faa Guasu (tambor grande em guaran\u00ed) utilizado en el Arete Guas\u00fa ( festa grande em guaran\u00ed)<br \/>\n\u00a9 Naciones Unidas <a href=\"https:\/\/bit.ly\/4dz5pbW\">https:\/\/bit.ly\/4dz5pbW<\/a><br \/>\n<\/span><\/p>\n<p><span style=\"font-size: 13px;\"><em>Margarida Elia Assad &#8211; EBP\/AMP<\/em><\/span><\/p>\n<p>S\u00e3o muitas as manifesta\u00e7\u00f5es do que se extravia na constitui\u00e7\u00e3o do <em>falasser<\/em>. Ao assistirmos a s\u00e9rie <em>Adolesc\u00eancia<\/em>, muito comentada nas redes sociais, ficamos pensando sobre o qu\u00ea\u00a0 falar com esses sujeitos que acabaram de sair do que chamamos Inf\u00e2ncia, tradicionalmente chamados de p\u00faberes ou adolescentes, e se mostram desorientados em rela\u00e7\u00e3o \u00e0s parcerias sexuais.<\/p>\n<p style=\"text-align: justify;\"><a title=\"Rubrica Eixo 1: ISSO RESSOA NO CORPO COMO UM TAMBOR\" href=\"https:\/\/enapol.com\/xii\/rubrica-eixo-4-como-falar-com-o-feminino\/\"><span style=\"color: #ff0000;\">[leia +]<\/span><\/a><\/p>\n[\/vc_column_text][\/vc_column][\/vc_row][vc_row][vc_column][vc_column_text css=&#8221;&#8221;]\n<h3><u>CONEX\u00d5ES:<\/u><\/h3>\n<p><strong>ACALANTOS DA AM\u00c9RICA<\/strong><strong>\u00a0<\/strong><\/p>\n<p><span style=\"font-size: 13px;\"><strong>Andreina Sol\u00f3rzano<br \/>\n<\/strong><strong>Estela Castillo<br \/>\n<\/strong><strong>Maggie J\u00e1uregui<br \/>\n<\/strong><strong>Miguel Ram\u00edrez<br \/>\n<\/strong><strong>Comiss\u00e3o de Boletim Tambor (NEL)<\/strong><\/span><\/p>\n<p><a href=\"https:\/\/enapol.com\/xii\/wp-content\/uploads\/sites\/10\/2025\/06\/Youtube-MockUp-arrulos-1.jpg\"><img loading=\"lazy\" decoding=\"async\" class=\"aligncenter size-full wp-image-5617\" src=\"https:\/\/enapol.com\/xii\/wp-content\/uploads\/sites\/10\/2025\/06\/Youtube-MockUp-arrulos-1.jpg\" alt=\"\" width=\"500\" height=\"298\" srcset=\"https:\/\/enapol.com\/xii\/wp-content\/uploads\/sites\/10\/2025\/06\/Youtube-MockUp-arrulos-1.jpg 500w, https:\/\/enapol.com\/xii\/wp-content\/uploads\/sites\/10\/2025\/06\/Youtube-MockUp-arrulos-1-300x179.jpg 300w\" sizes=\"(max-width: 500px) 100vw, 500px\" \/><\/a><\/p>\n<p style=\"text-align: center;\"><span style=\"font-size: 13px;\">(Investiga\u00e7\u00e3o e elabora\u00e7\u00e3o de textos: Maggie J\u00e1uregui\/Andreina Sol\u00f3rzano. Realiza\u00e7\u00e3o e edi\u00e7\u00e3o de v\u00eddeo: Maggie J\u00e1uregui\/Estela Castillo. Voz em off: Andreina Sol\u00f3rzano\/Miguel Ram\u00edrez)<br \/>\nTradu\u00e7\u00e3o: Eduardo Vallejos da Rocha\u00a0 &#8211; Revis\u00e3o: Lucila Darrigo<\/span><\/p>\n<p>No v\u00eddeo, voc\u00eas poder\u00e3o escutar, primeiramente, um acalanto em um conjunto de l\u00ednguas ind\u00edgenas e origin\u00e1rias do M\u00e9xico, o <em>n\u00e1huatl <\/em>que significa \u201ccoisas que soam bem, som claro ou ordenado\u201d.<\/p>\n<p>A segunda \u00e9 uma can\u00e7\u00e3o de ninar mapuche que \u00e9 a l\u00edngua nativa do Chile e de parte da Argentina. Este acalanto \u00e9 interpretado por Beatriz Pichi Malen, cantora argentina de origem mapuche.<\/p>\n<p><a title=\"Rubrica Eixo 3: INF\u00c2NCIA INEXTINGU\u00cdVEL, DOCILIDADE TRANSFERENCIAL\" href=\"https:\/\/enapol.com\/xii\/conexoes-acalantos-da-america\/\"><span style=\"color: #ff0000;\">[Leia +]<\/span><\/a>[\/vc_column_text][\/vc_column][\/vc_row][vc_row][vc_column][vc_column_text css=&#8221;&#8221;]\n<h3><u>CITA\u00c7\u00d5ES E REFER\u00caNCIAS BIBLIOGR\u00c1FICAS<\/u><\/h3>\n<div>\n<p><strong>LAN\u00c7AMENTO NO XII ENAPOL \u2013 EDI\u00c7\u00d5ES EM FRANC\u00caS E ESPANHOL<\/strong><\/p>\n<p><strong><a href=\"https:\/\/enapol.com\/xii\/wp-content\/uploads\/sites\/10\/2025\/06\/Capture-decran-2025-06-06-a-20.35.25-1.png\"><img loading=\"lazy\" decoding=\"async\" class=\"aligncenter wp-image-5619\" src=\"https:\/\/enapol.com\/xii\/wp-content\/uploads\/sites\/10\/2025\/06\/Capture-decran-2025-06-06-a-20.35.25-1.png\" alt=\"\" width=\"500\" height=\"795\" srcset=\"https:\/\/enapol.com\/xii\/wp-content\/uploads\/sites\/10\/2025\/06\/Capture-decran-2025-06-06-a-20.35.25-1.png 764w, https:\/\/enapol.com\/xii\/wp-content\/uploads\/sites\/10\/2025\/06\/Capture-decran-2025-06-06-a-20.35.25-1-189x300.png 189w, https:\/\/enapol.com\/xii\/wp-content\/uploads\/sites\/10\/2025\/06\/Capture-decran-2025-06-06-a-20.35.25-1-644x1024.png 644w, https:\/\/enapol.com\/xii\/wp-content\/uploads\/sites\/10\/2025\/06\/Capture-decran-2025-06-06-a-20.35.25-1-500x795.png 500w, https:\/\/enapol.com\/xii\/wp-content\/uploads\/sites\/10\/2025\/06\/Capture-decran-2025-06-06-a-20.35.25-1-700x1112.png 700w\" sizes=\"(max-width: 500px) 100vw, 500px\" \/><\/a><\/strong><\/p>\n<p><strong>SER M\u00c3E &#8211; Mulheres psicanalistas falam da maternidade<\/strong><\/p>\n<p><strong>Sob a dire\u00e7\u00e3o de Christiane Alberti<\/strong><\/p>\n<p><strong>\u00a0<\/strong><strong>Introdu\u00e7\u00e3o atualizada da presidente da Associa\u00e7\u00e3o Mundial de Psican\u00e1lise.<\/strong><\/p>\n<p>Ser m\u00e3e \u2014 isso parecia simples e natural! Fim das evid\u00eancias. A m\u00e3e se pluraliza \u2014 biol\u00f3gica, simb\u00f3lica, doadora, de aluguel. A figura do \u201crespons\u00e1vel parental\u201d apaga a distin\u00e7\u00e3o entre pai\/m\u00e3e.<\/p>\n<\/div>\n<div>\n<p><a title=\"CITA\u00c7\u00d5ES E REFER\u00caNCIAS BIBLIOGR\u00c1FICAS\" href=\"https:\/\/enapol.com\/xii\/citacoes-e-referencias-bibliograficas-lancamento-no-xii-enapol-edicoes-em-frances-e-espanhol\/\"><span style=\"color: #ff0000;\">[Leia +]<\/span><\/a><\/p>\n<\/div>\n[\/vc_column_text][\/vc_column][\/vc_row][vc_row][vc_column][vc_column_text css=&#8221;&#8221;]\n<h3><u>CITA\u00c7\u00d5ES<\/u><\/h3>\n<div>\n<p><strong>MILLER<\/strong><\/p>\n<p><strong>\u00a0<\/strong>\u201cNa impossibilidade de admitir o particular do desejo no outro sexo, o pai destr\u00f3i, na crian\u00e7a, o sujeito sob o outro do saber. Da\u00ed, o pai, o falso pai, pressiona essa crian\u00e7a, cada vez mais, a encontrar ref\u00fagio na fantasia materna, a fantasia de uma m\u00e3e negada como mulher (&#8230;)\u201d.<\/p>\n<\/div>\n<div>\n<p><a title=\"CITA\u00c7\u00d5ES E REFER\u00caNCIAS BIBLIOGR\u00c1FICAS\" href=\"https:\/\/enapol.com\/xii\/citacoes-e-referencias-bibliograficas-3\/\"><span style=\"color: #ff0000;\">[Leia +]<\/span><\/a><\/p>\n<\/div>\n[\/vc_column_text][\/vc_column][\/vc_row]\n<\/div>","protected":false},"excerpt":{"rendered":"<p>[vc_row][vc_column][\/vc_column][\/vc_row][vc_row][vc_column][vc_column_text css=&#8221;.vc_custom_1749550030336{padding-top: 20px !important;padding-right: 20px !important;padding-bottom: 20px !important;padding-left: 20px !important;background-color: #EB6763 !important;}&#8221;] Boletim Tambor 5 [\/vc_column_text][\/vc_column][\/vc_row][vc_row][vc_column][vc_column_text css=&#8221;&#8221;] TEXTOS PREPARAT\u00d3RIOS Kasha (tambor em wayu\u00fa) Foto: Instituto colombiano de antropolog\u00eda e historia. Arquivo de objetos etnogr\u00e1ficos https:\/\/coleccionetnograficaicanh.wordpress.com\/2017\/04\/06\/kasha-tambor-etnia-wayuu CONCEBER UMA CRIAN\u00c7A Christiane Alberti &#8211; Presidente da Associa\u00e7\u00e3o Mundial de Psican\u00e1lise (AMP) \u00a0O t\u00edtulo que voc\u00eas deram a esta&hellip;<\/p>\n","protected":false},"author":3,"featured_media":0,"parent":1875,"menu_order":0,"comment_status":"closed","ping_status":"closed","template":"","meta":{"_monsterinsights_skip_tracking":false,"_monsterinsights_sitenote_active":false,"_monsterinsights_sitenote_note":"","_monsterinsights_sitenote_category":0,"footnotes":""},"_links":{"self":[{"href":"https:\/\/enapol.com\/xii\/wp-json\/wp\/v2\/pages\/5608"}],"collection":[{"href":"https:\/\/enapol.com\/xii\/wp-json\/wp\/v2\/pages"}],"about":[{"href":"https:\/\/enapol.com\/xii\/wp-json\/wp\/v2\/types\/page"}],"author":[{"embeddable":true,"href":"https:\/\/enapol.com\/xii\/wp-json\/wp\/v2\/users\/3"}],"replies":[{"embeddable":true,"href":"https:\/\/enapol.com\/xii\/wp-json\/wp\/v2\/comments?post=5608"}],"version-history":[{"count":11,"href":"https:\/\/enapol.com\/xii\/wp-json\/wp\/v2\/pages\/5608\/revisions"}],"predecessor-version":[{"id":5731,"href":"https:\/\/enapol.com\/xii\/wp-json\/wp\/v2\/pages\/5608\/revisions\/5731"}],"up":[{"embeddable":true,"href":"https:\/\/enapol.com\/xii\/wp-json\/wp\/v2\/pages\/1875"}],"wp:attachment":[{"href":"https:\/\/enapol.com\/xii\/wp-json\/wp\/v2\/media?parent=5608"}],"curies":[{"name":"wp","href":"https:\/\/api.w.org\/{rel}","templated":true}]}}