{"id":629,"date":"2024-12-04T12:39:42","date_gmt":"2024-12-04T15:39:42","guid":{"rendered":"https:\/\/enapol.com\/xii\/boletins\/"},"modified":"2025-07-30T14:28:52","modified_gmt":"2025-07-30T17:28:52","slug":"tambor","status":"publish","type":"page","link":"https:\/\/enapol.com\/xii\/epistemico\/tambor\/","title":{"rendered":"Tambor"},"content":{"rendered":"<div class=\"wpb-content-wrapper\">[vc_row][vc_column]<figure class=\"vcex-image vcex-module\"><div class=\"vcex-image-inner wpex-relative wpex-inline-block\"><img width=\"5288\" height=\"1575\" src=\"https:\/\/enapol.com\/xii\/wp-content\/uploads\/sites\/10\/2025\/02\/cabecalho.png\" class=\"vcex-image-img wpex-align-middle\" alt=\"\" loading=\"lazy\" decoding=\"async\" srcset=\"https:\/\/enapol.com\/xii\/wp-content\/uploads\/sites\/10\/2025\/02\/cabecalho.png 5288w, https:\/\/enapol.com\/xii\/wp-content\/uploads\/sites\/10\/2025\/02\/cabecalho-300x89.png 300w, https:\/\/enapol.com\/xii\/wp-content\/uploads\/sites\/10\/2025\/02\/cabecalho-1024x305.png 1024w, https:\/\/enapol.com\/xii\/wp-content\/uploads\/sites\/10\/2025\/02\/cabecalho-768x229.png 768w, https:\/\/enapol.com\/xii\/wp-content\/uploads\/sites\/10\/2025\/02\/cabecalho-1536x457.png 1536w, https:\/\/enapol.com\/xii\/wp-content\/uploads\/sites\/10\/2025\/02\/cabecalho-2048x610.png 2048w, https:\/\/enapol.com\/xii\/wp-content\/uploads\/sites\/10\/2025\/02\/cabecalho-500x149.png 500w, https:\/\/enapol.com\/xii\/wp-content\/uploads\/sites\/10\/2025\/02\/cabecalho-700x208.png 700w\" sizes=\"(max-width: 5288px) 100vw, 5288px\" \/><\/div><\/figure>[\/vc_column][\/vc_row][vc_row css=&#8221;.vc_custom_1739793057251{margin-top: 0px !important;margin-bottom: 0px !important;border-top-width: 0px !important;border-bottom-width: 0px !important;padding-top: 0px !important;padding-bottom: 0px !important;}&#8221;][vc_column][vc_column_text css=&#8221;&#8221;]\n<p style=\"text-align: justify;\"><em>Tambor<\/em>, boletim epist\u00eamico do XII ENAPOL, veicular\u00e1 textos, v\u00eddeos e cita\u00e7\u00f5es elaborados e selecionados pelos colegas das tr\u00eas Escolas da Associa\u00e7\u00e3o Mundial de Psican\u00e1lise na Am\u00e9rica Latina (EBP, EOL e NEL) que participam da Federa\u00e7\u00e3o Americana de Psican\u00e1lise da Orienta\u00e7\u00e3o Lacaniana (FAPOL). Esse material, em geral, se orientar\u00e1 por seis rubricas: 4 Eixos Tem\u00e1ticos, Bibliografia e Conex\u00f5es. As publica\u00e7\u00f5es poder\u00e3o ser acessadas por essas \u201cRubricas\u201d ou nas pr\u00f3prias edi\u00e7\u00f5es sequenciais do <em>Tambor<\/em> em \u201cBoletins\u201d. Os textos que n\u00e3o est\u00e3o nas Rubricas do Tambor, poder\u00e3o ser encontrados no site em \u201cOrienta\u00e7\u00e3o Lacaniana\u201d ou em \u201cTextos Preparat\u00f3rios&#8221;. Boa leitura!<\/p>\n[\/vc_column_text][\/vc_column][\/vc_row][vc_row content_placement=&#8221;middle&#8221; column_spacing=&#8221;10&#8243; gap=&#8221;10&#8243; css=&#8221;.vc_custom_1739793092653{background-color: #00000000 !important;}&#8221; min_height=&#8221;50px&#8221;][vc_column css=&#8221;.vc_custom_1741769909637{padding-top: 15px !important;padding-bottom: 15px !important;background-color: #C5315F !important;}&#8221;][vc_column_text css=&#8221;&#8221;]\n<p style=\"text-align: center;\"><a title=\"Boletins\" href=\"https:\/\/enapol.com\/xii\/epistemico\/tambor\/boletins\/\"><span style=\"font-size: 18px;\"><strong><span style=\"color: #ffffff;\">Boletins<\/span><\/strong><\/span><\/a><\/p>\n[\/vc_column_text][\/vc_column][\/vc_row][vc_row content_placement=&#8221;middle&#8221; column_spacing=&#8221;10&#8243; gap=&#8221;10&#8243; css=&#8221;.vc_custom_1739793092653{background-color: #00000000 !important;}&#8221; min_height=&#8221;50px&#8221;][vc_column css=&#8221;.vc_custom_1741769932288{padding-top: 15px !important;padding-bottom: 15px !important;background-color: #89AAC8 !important;}&#8221;][vc_column_text css=&#8221;&#8221;]\n<p style=\"text-align: center;\"><a title=\"Rubricas\" href=\"https:\/\/enapol.com\/xii\/epistemico\/tambor\/rubricas\/\"><span style=\"font-size: 18px;\"><strong><span style=\"color: #ffffff;\">Rubricas<\/span><\/strong><\/span><\/a><\/p>\n[\/vc_column_text][\/vc_column][\/vc_row]\n<\/div>","protected":false},"excerpt":{"rendered":"<p>[vc_row][vc_column][\/vc_column][\/vc_row][vc_row css=&#8221;.vc_custom_1739793057251{margin-top: 0px !important;margin-bottom: 0px !important;border-top-width: 0px !important;border-bottom-width: 0px !important;padding-top: 0px !important;padding-bottom: 0px !important;}&#8221;][vc_column][vc_column_text css=&#8221;&#8221;] Tambor, boletim epist\u00eamico do XII ENAPOL, veicular\u00e1 textos, v\u00eddeos e cita\u00e7\u00f5es elaborados e selecionados pelos colegas das tr\u00eas Escolas da Associa\u00e7\u00e3o Mundial de Psican\u00e1lise na Am\u00e9rica Latina (EBP, EOL e NEL) que participam da Federa\u00e7\u00e3o Americana de Psican\u00e1lise da Orienta\u00e7\u00e3o&hellip;<\/p>\n","protected":false},"author":3,"featured_media":0,"parent":907,"menu_order":0,"comment_status":"closed","ping_status":"closed","template":"templates\/no-sidebar.php","meta":{"_monsterinsights_skip_tracking":false,"_monsterinsights_sitenote_active":false,"_monsterinsights_sitenote_note":"","_monsterinsights_sitenote_category":0,"footnotes":""},"_links":{"self":[{"href":"https:\/\/enapol.com\/xii\/wp-json\/wp\/v2\/pages\/629"}],"collection":[{"href":"https:\/\/enapol.com\/xii\/wp-json\/wp\/v2\/pages"}],"about":[{"href":"https:\/\/enapol.com\/xii\/wp-json\/wp\/v2\/types\/page"}],"author":[{"embeddable":true,"href":"https:\/\/enapol.com\/xii\/wp-json\/wp\/v2\/users\/3"}],"replies":[{"embeddable":true,"href":"https:\/\/enapol.com\/xii\/wp-json\/wp\/v2\/comments?post=629"}],"version-history":[{"count":15,"href":"https:\/\/enapol.com\/xii\/wp-json\/wp\/v2\/pages\/629\/revisions"}],"predecessor-version":[{"id":6591,"href":"https:\/\/enapol.com\/xii\/wp-json\/wp\/v2\/pages\/629\/revisions\/6591"}],"up":[{"embeddable":true,"href":"https:\/\/enapol.com\/xii\/wp-json\/wp\/v2\/pages\/907"}],"wp:attachment":[{"href":"https:\/\/enapol.com\/xii\/wp-json\/wp\/v2\/media?parent=629"}],"curies":[{"name":"wp","href":"https:\/\/api.w.org\/{rel}","templated":true}]}}