{"id":6415,"date":"2025-07-18T10:06:39","date_gmt":"2025-07-18T13:06:39","guid":{"rendered":"https:\/\/enapol.com\/xii\/6413-2\/"},"modified":"2025-07-24T19:41:45","modified_gmt":"2025-07-24T22:41:45","slug":"tambor-7","status":"publish","type":"page","link":"https:\/\/enapol.com\/xii\/epistemico\/tambor\/boletins\/tambor-7\/","title":{"rendered":"Tambor 7"},"content":{"rendered":"<div class=\"wpb-content-wrapper\">[vc_row][vc_column]<figure class=\"vcex-image vcex-module\"><div class=\"vcex-image-inner wpex-relative wpex-inline-block\"><img width=\"5288\" height=\"1575\" src=\"https:\/\/enapol.com\/xii\/wp-content\/uploads\/sites\/10\/2025\/02\/cabecalho.png\" class=\"vcex-image-img wpex-align-middle\" alt=\"\" loading=\"lazy\" decoding=\"async\" srcset=\"https:\/\/enapol.com\/xii\/wp-content\/uploads\/sites\/10\/2025\/02\/cabecalho.png 5288w, https:\/\/enapol.com\/xii\/wp-content\/uploads\/sites\/10\/2025\/02\/cabecalho-300x89.png 300w, https:\/\/enapol.com\/xii\/wp-content\/uploads\/sites\/10\/2025\/02\/cabecalho-1024x305.png 1024w, https:\/\/enapol.com\/xii\/wp-content\/uploads\/sites\/10\/2025\/02\/cabecalho-768x229.png 768w, https:\/\/enapol.com\/xii\/wp-content\/uploads\/sites\/10\/2025\/02\/cabecalho-1536x457.png 1536w, https:\/\/enapol.com\/xii\/wp-content\/uploads\/sites\/10\/2025\/02\/cabecalho-2048x610.png 2048w, https:\/\/enapol.com\/xii\/wp-content\/uploads\/sites\/10\/2025\/02\/cabecalho-500x149.png 500w, https:\/\/enapol.com\/xii\/wp-content\/uploads\/sites\/10\/2025\/02\/cabecalho-700x208.png 700w\" sizes=\"(max-width: 5288px) 100vw, 5288px\" \/><\/div><\/figure>[\/vc_column][\/vc_row][vc_row][vc_column][vc_column_text css=&#8221;.vc_custom_1752844004179{padding-top: 20px !important;padding-right: 20px !important;padding-bottom: 20px !important;padding-left: 20px !important;background-color: #FF9454 !important;}&#8221;]\n<p style=\"text-align: left;\"><span style=\"font-size: 18px;\"><strong><span style=\"color: #ffffff;\">Boletim Tambor 7<\/span><\/strong><\/span><\/p>\n[\/vc_column_text][\/vc_column][\/vc_row][vc_row][vc_column][vc_column_text css=&#8221;&#8221;]\n<h3><u>RUBRICA EIXO 3<\/u><\/h3>\n<p><strong>POR QUE FALAR COM A CRIAN\u00c7A SOB TRANSFER\u00caNCIA, HOJE?<\/strong><\/p>\n<p><span style=\"font-size: 13px;\"><strong>Withney Ferrufino<br \/>\nNova Pol\u00edtica da Juventude &#8211; NEL<\/strong><\/span><\/p>\n<p style=\"text-align: justify;\">Na \u00e9poca da decad\u00eancia da ordem simb\u00f3lica, os sujeitos n\u00e3o querem falar, n\u00e3o querem saber, mas gozam. Parece n\u00e3o haver lugar para falar do resultado do impacto de <em>lal\u00edngua<\/em> no corpo, uma das formas de entender o que esse XII ENAPOL prop\u00f5e como \u201cfalar com a crian\u00e7a\u201d. Apesar de tudo, fala-se sozinho no <em>parl\u00eatre,<\/em> ou algo retorna no real sem media\u00e7\u00e3o, tornando as urg\u00eancias subjetivas cada vez mais frequentes, em suas distintas modalidades, carregadas de ang\u00fastia.<\/p>\n<p><a href=\"https:\/\/enapol.com\/xii\/rubrica-eixo-3-por-que-falar-com-a-crianca-sob-transferencia-hoje\/\"><span style=\"color: #ff0000;\">[Leia+]<\/span><\/a><\/p>\n[\/vc_column_text][\/vc_column][\/vc_row][vc_row][vc_column][vc_column_text css=&#8221;&#8221;]\n<h3><u>RUBRICA EIXO<\/u><u> 4<\/u><\/h3>\n<p><strong>ADVERT\u00caNCIA PREPOSICIONAL<\/strong><\/p>\n<p><span style=\"font-size: 13px;\"><strong>Celeste Vi\u00f1al<br \/>\n<\/strong><strong>EOL\/AMP<\/strong><\/span><\/p>\n<p style=\"text-align: justify;\">P\u00e1gina em branco, n\u00e3o me decido. A proposta do Tambor repercute, cumprindo sua tarefa, e o t\u00edtulo de nosso pr\u00f3ximo ENAPOL ressoa em mim, evocando possibilidades distintas.<\/p>\n<p>Se eu falasse, pessoalmente, numa esp\u00e9cie de \u201cfalo com o cora\u00e7\u00e3o\u201d para substituir o <em>a partir de<\/em>, o que eu diria?<\/p>\n<p style=\"text-align: justify;\"><a href=\"https:\/\/enapol.com\/xii\/rubrica-eixo-4-advertencia-preposicional\/\"><span style=\"color: #ff0000;\">[<\/span>Leia+]<\/a><\/p>\n[\/vc_column_text][\/vc_column][\/vc_row][vc_row][vc_column][vc_column_text css=&#8221;&#8221;]\n<h3><u>CITA\u00c7\u00d5ES E REFER\u00caNCIAS BIBLIOGR\u00c1FICAS<\/u><\/h3>\n<div>\n<p><strong>\u201cO EXCEDENTE DE SEXUALIDADE COMO CAUSA DO RECALQUE\u201d<\/strong>. <strong>Entrevista com R\u00f4mulo Ferreira da Silva \u2013 EBP\/AMP<\/strong><\/p>\n<p style=\"text-align: justify;\">R\u00f4mulo Ferreira da Silva, psicanalista, AME, membro da EBP e da AMP, encerra essa s\u00e9rie dos v\u00eddeos preparat\u00f3rios para o XII ENAPOL, extraindo do texto de J-A. Miller <em>\u201cO estatuto do trauma\u201d <\/em>as perguntas em torno da causa do recalque. Em suas palavras, <em>\u201cEssas perguntas me perseguiram por muito tempo e me traziam a ideia, nada apaziguadora, de que o recalque ocorria para que o sujeito pudesse ter acesso \u00e0 condi\u00e7\u00e3o humanizante do discurso\u201d<\/em>.<\/p>\n<p style=\"text-align: justify;\">Faz um percurso do sentido ao furo, marcando que a \u201ccausa do recalque\u201d se esclarece pela via sexual, \u201cpelo excedente de sexualidade\u201d e nos instiga a seguir nessa investiga\u00e7\u00e3o, extraindo consequ\u00eancias a partir da cl\u00ednica.<\/p>\n<p><strong><a href=\"https:\/\/youtu.be\/eF7jebzMmgA \"><img fetchpriority=\"high\" decoding=\"async\" class=\"aligncenter wp-image-6419 size-full\" src=\"https:\/\/enapol.com\/xii\/wp-content\/uploads\/sites\/10\/2025\/07\/THUMB-Video-Romulo.jpg\" alt=\"\" width=\"800\" height=\"477\" srcset=\"https:\/\/enapol.com\/xii\/wp-content\/uploads\/sites\/10\/2025\/07\/THUMB-Video-Romulo.jpg 800w, https:\/\/enapol.com\/xii\/wp-content\/uploads\/sites\/10\/2025\/07\/THUMB-Video-Romulo-300x179.jpg 300w, https:\/\/enapol.com\/xii\/wp-content\/uploads\/sites\/10\/2025\/07\/THUMB-Video-Romulo-768x458.jpg 768w, https:\/\/enapol.com\/xii\/wp-content\/uploads\/sites\/10\/2025\/07\/THUMB-Video-Romulo-500x298.jpg 500w, https:\/\/enapol.com\/xii\/wp-content\/uploads\/sites\/10\/2025\/07\/THUMB-Video-Romulo-700x417.jpg 700w\" sizes=\"(max-width: 800px) 100vw, 800px\" \/><\/a><\/strong><\/p>\n<p style=\"text-align: center;\"><span style=\"font-size: 13px;\">(Tradu\u00e7\u00e3o: Jaqueline Vitor; Revis\u00e3o: Aliana Santana; Legendas: Gustavo Mello; Texto de introdu\u00e7\u00e3o: Milena Vicari Crastelo)<\/span><\/p>\n<\/div>\n<div>\n<p><a href=\"https:\/\/enapol.com\/xii\/citacoes-e-referencias-bibliograficas-5\/\"><span style=\"color: #ff0000;\">[<\/span>Leia+]<\/a><\/p>\n<\/div>\n[\/vc_column_text][\/vc_column][\/vc_row]\n<\/div>","protected":false},"excerpt":{"rendered":"<p>[vc_row][vc_column][\/vc_column][\/vc_row][vc_row][vc_column][vc_column_text css=&#8221;.vc_custom_1752844004179{padding-top: 20px !important;padding-right: 20px !important;padding-bottom: 20px !important;padding-left: 20px !important;background-color: #FF9454 !important;}&#8221;] Boletim Tambor 7 [\/vc_column_text][\/vc_column][\/vc_row][vc_row][vc_column][vc_column_text css=&#8221;&#8221;] RUBRICA EIXO 3 POR QUE FALAR COM A CRIAN\u00c7A SOB TRANSFER\u00caNCIA, HOJE? Withney Ferrufino Nova Pol\u00edtica da Juventude &#8211; NEL Na \u00e9poca da decad\u00eancia da ordem simb\u00f3lica, os sujeitos n\u00e3o querem falar, n\u00e3o querem saber, mas gozam. Parece&hellip;<\/p>\n","protected":false},"author":3,"featured_media":0,"parent":1875,"menu_order":0,"comment_status":"closed","ping_status":"closed","template":"","meta":{"_monsterinsights_skip_tracking":false,"_monsterinsights_sitenote_active":false,"_monsterinsights_sitenote_note":"","_monsterinsights_sitenote_category":0,"footnotes":""},"_links":{"self":[{"href":"https:\/\/enapol.com\/xii\/wp-json\/wp\/v2\/pages\/6415"}],"collection":[{"href":"https:\/\/enapol.com\/xii\/wp-json\/wp\/v2\/pages"}],"about":[{"href":"https:\/\/enapol.com\/xii\/wp-json\/wp\/v2\/types\/page"}],"author":[{"embeddable":true,"href":"https:\/\/enapol.com\/xii\/wp-json\/wp\/v2\/users\/3"}],"replies":[{"embeddable":true,"href":"https:\/\/enapol.com\/xii\/wp-json\/wp\/v2\/comments?post=6415"}],"version-history":[{"count":8,"href":"https:\/\/enapol.com\/xii\/wp-json\/wp\/v2\/pages\/6415\/revisions"}],"predecessor-version":[{"id":6514,"href":"https:\/\/enapol.com\/xii\/wp-json\/wp\/v2\/pages\/6415\/revisions\/6514"}],"up":[{"embeddable":true,"href":"https:\/\/enapol.com\/xii\/wp-json\/wp\/v2\/pages\/1875"}],"wp:attachment":[{"href":"https:\/\/enapol.com\/xii\/wp-json\/wp\/v2\/media?parent=6415"}],"curies":[{"name":"wp","href":"https:\/\/api.w.org\/{rel}","templated":true}]}}