{"id":7254,"date":"2025-08-18T17:57:23","date_gmt":"2025-08-18T20:57:23","guid":{"rendered":"https:\/\/enapol.com\/xii\/tambor-9\/"},"modified":"2025-08-20T17:08:48","modified_gmt":"2025-08-20T20:08:48","slug":"tambor-9","status":"publish","type":"page","link":"https:\/\/enapol.com\/xii\/epistemico\/tambor\/boletins\/tambor-9\/","title":{"rendered":"TAMBOR 9"},"content":{"rendered":"<div class=\"wpb-content-wrapper\">[vc_row][vc_column]<figure class=\"vcex-image vcex-module\"><div class=\"vcex-image-inner wpex-relative wpex-inline-block\"><img width=\"5288\" height=\"1575\" src=\"https:\/\/enapol.com\/xii\/wp-content\/uploads\/sites\/10\/2025\/02\/cabecalho.png\" class=\"vcex-image-img wpex-align-middle\" alt=\"\" loading=\"lazy\" decoding=\"async\" srcset=\"https:\/\/enapol.com\/xii\/wp-content\/uploads\/sites\/10\/2025\/02\/cabecalho.png 5288w, https:\/\/enapol.com\/xii\/wp-content\/uploads\/sites\/10\/2025\/02\/cabecalho-300x89.png 300w, https:\/\/enapol.com\/xii\/wp-content\/uploads\/sites\/10\/2025\/02\/cabecalho-1024x305.png 1024w, https:\/\/enapol.com\/xii\/wp-content\/uploads\/sites\/10\/2025\/02\/cabecalho-768x229.png 768w, https:\/\/enapol.com\/xii\/wp-content\/uploads\/sites\/10\/2025\/02\/cabecalho-1536x457.png 1536w, https:\/\/enapol.com\/xii\/wp-content\/uploads\/sites\/10\/2025\/02\/cabecalho-2048x610.png 2048w, https:\/\/enapol.com\/xii\/wp-content\/uploads\/sites\/10\/2025\/02\/cabecalho-500x149.png 500w, https:\/\/enapol.com\/xii\/wp-content\/uploads\/sites\/10\/2025\/02\/cabecalho-700x208.png 700w\" sizes=\"(max-width: 5288px) 100vw, 5288px\" \/><\/div><\/figure>[\/vc_column][\/vc_row][vc_row][vc_column][vc_column_text css=&#8221;.vc_custom_1755551986164{padding-top: 20px !important;padding-right: 20px !important;padding-bottom: 20px !important;padding-left: 20px !important;background-color: #FFFA6B !important;}&#8221;]\n<p style=\"text-align: left;\"><span style=\"font-size: 18px; color: #808080;\"><strong>Boletim Tambor 9<\/strong><\/span><\/p>\n[\/vc_column_text][\/vc_column][\/vc_row][vc_row][vc_column][vc_column_text css=&#8221;&#8221;]\n<h3><u><strong>TEXTOS PREPARAT\u00d3RIOS<\/strong><\/u><\/h3>\n<p><strong>A INF\u00c2NCIA, BER\u00c7O DA DEMOCRACIA<\/strong><\/p>\n<p><span style=\"font-size: 13px;\"><strong>Christiane Alberti<br \/>\n<\/strong><strong>Presidenta de la Associaci\u00f3n Mundial de Psicoan\u00e1lisis &#8211; AMP<\/strong><\/span><\/p>\n<p>Em sua recente interven\u00e7\u00e3o na R\u00fassia, Jacques-Alain Miller afirmou que a autodetermina\u00e7\u00e3o das crian\u00e7as em mat\u00e9ria de identidade de g\u00eanero \u00e9 uma \u201cmonstruosidade em vista do que \u00e9 ser cidad\u00e3o. Se apagarmos toda a diferen\u00e7a entre crian\u00e7a e adulto, os pr\u00f3prios fundamentos da democracia estar\u00e3o em quest\u00e3o\u201d. A liga\u00e7\u00e3o entre inf\u00e2ncia e democracia n\u00e3o deixa de concernir \u00e0 psican\u00e1lise.<\/p>\n<p><a href=\"https:\/\/enapol.com\/xii\/a-infancia-berco-da-democracia1\/\"><span style=\"color: #ff0000;\">[Leia+]<\/span><\/a>[\/vc_column_text][\/vc_column][\/vc_row][vc_row][vc_column][vc_column_text css=&#8221;&#8221;]\n<h3><u>RUBRICA EIXO<\/u><u> 3<\/u><\/h3>\n<p><strong>O ANALISTA AO LADO: UM FRAGMENTO CL\u00cdNICO<\/strong><\/p>\n<p><span style=\"font-size: 13px;\"><strong>Frederico Feu de Carvalho<br \/>\n<\/strong><strong>EBP\/AMP<\/strong><\/span><\/p>\n<p>Um analisante argumenta que sua fala em an\u00e1lise, marcada por um interesse genu\u00edno pela trama significante do inconsciente em torno de seu romance familiar, lembran\u00e7as e sonhos, havia chegado a um impasse e se tornara repetitiva e ma\u00e7ante.<\/p>\n<p style=\"text-align: justify;\"><a href=\"https:\/\/enapol.com\/xii\/rubrica-eixo-3-o-analista-ao-lado-um-fragmento-clinico\/\"><span style=\"color: #ff0000;\">[<\/span>Leia+]<\/a><\/p>\n[\/vc_column_text][\/vc_column][\/vc_row][vc_row][vc_column][vc_column_text css=&#8221;&#8221;]\n<h3><u>RUBRICA EIXO<\/u><u> 4<\/u><\/h3>\n<p><strong>O IMPOSS\u00cdVEL DE EDUCAR<\/strong><\/p>\n<p><span style=\"font-size: 13px;\"><strong>Daniela Fern\u00e1ndez<br \/>\n<\/strong><strong>EOL\/AMP<\/strong><\/span><\/p>\n<p>Sua m\u00e3e vem \u00e0 consulta por imposi\u00e7\u00e3o da escola, que amea\u00e7a expuls\u00e1-lo. A gota d\u2019\u00e1gua foi que Ivan, famoso por bater em outras crian\u00e7as, gritou na aula dedicada ao 2 de abril: &#8220;as Malvinas s\u00e3o inglesas&#8221;, negando-se a &#8220;desdizer-se&#8221;, inclusive perante o diretor. Nessa escola, convidam as crian\u00e7as a se desdizer. Para a psican\u00e1lise, isso \u00e9 imposs\u00edvel. Quando uma crian\u00e7a encontra um analista descobre que falar t\u00eam consequ\u00eancias.<\/p>\n<p style=\"text-align: justify;\"><a href=\"https:\/\/enapol.com\/xii\/rubrica-eixo-4-o-impossivel-de-educar\/\"><span style=\"color: #ff0000;\">[<\/span>Leia+]<\/a><\/p>\n[\/vc_column_text][\/vc_column][\/vc_row][vc_row][vc_column][vc_column_text css=&#8221;&#8221;]\n<h3><u>CITA\u00c7\u00d5ES E REFER\u00caNCIAS BIBLIOGR\u00c1FICAS<\/u><\/h3>\n<div>\n<p><strong>FREUD<\/strong><\/p>\n<p>\u201cUma pessoa pode amar:<\/p>\n<p>(a) Em conformidade com o tipo narcisista:<br \/>\n(b) O que ela pr\u00f3pria \u00e9 (isto \u00e9, ela mesma),<br \/>\n(c) O que ela pr\u00f3pria foi,<br \/>\n(d) O que ela pr\u00f3pria gostaria de ser,<br \/>\n(e) Algu\u00e9m que foi uma vez parte dela mesma.\u201d<\/p>\n<\/div>\n<div>\n<p><a href=\"https:\/\/enapol.com\/xii\/citacoes-e-referencias-bibliograficas-7\/\"><span style=\"color: #ff0000;\">[<\/span>Leia+]<\/a><\/p>\n<\/div>\n[\/vc_column_text][\/vc_column][\/vc_row]\n<\/div>","protected":false},"excerpt":{"rendered":"<p>[vc_row][vc_column][\/vc_column][\/vc_row][vc_row][vc_column][vc_column_text css=&#8221;.vc_custom_1755551986164{padding-top: 20px !important;padding-right: 20px !important;padding-bottom: 20px !important;padding-left: 20px !important;background-color: #FFFA6B !important;}&#8221;] Boletim Tambor 9 [\/vc_column_text][\/vc_column][\/vc_row][vc_row][vc_column][vc_column_text css=&#8221;&#8221;] TEXTOS PREPARAT\u00d3RIOS A INF\u00c2NCIA, BER\u00c7O DA DEMOCRACIA Christiane Alberti Presidenta de la Associaci\u00f3n Mundial de Psicoan\u00e1lisis &#8211; AMP Em sua recente interven\u00e7\u00e3o na R\u00fassia, Jacques-Alain Miller afirmou que a autodetermina\u00e7\u00e3o das crian\u00e7as em mat\u00e9ria de identidade de g\u00eanero&hellip;<\/p>\n","protected":false},"author":3,"featured_media":0,"parent":1875,"menu_order":0,"comment_status":"closed","ping_status":"closed","template":"","meta":{"_monsterinsights_skip_tracking":false,"_monsterinsights_sitenote_active":false,"_monsterinsights_sitenote_note":"","_monsterinsights_sitenote_category":0,"footnotes":""},"_links":{"self":[{"href":"https:\/\/enapol.com\/xii\/wp-json\/wp\/v2\/pages\/7254"}],"collection":[{"href":"https:\/\/enapol.com\/xii\/wp-json\/wp\/v2\/pages"}],"about":[{"href":"https:\/\/enapol.com\/xii\/wp-json\/wp\/v2\/types\/page"}],"author":[{"embeddable":true,"href":"https:\/\/enapol.com\/xii\/wp-json\/wp\/v2\/users\/3"}],"replies":[{"embeddable":true,"href":"https:\/\/enapol.com\/xii\/wp-json\/wp\/v2\/comments?post=7254"}],"version-history":[{"count":5,"href":"https:\/\/enapol.com\/xii\/wp-json\/wp\/v2\/pages\/7254\/revisions"}],"predecessor-version":[{"id":7311,"href":"https:\/\/enapol.com\/xii\/wp-json\/wp\/v2\/pages\/7254\/revisions\/7311"}],"up":[{"embeddable":true,"href":"https:\/\/enapol.com\/xii\/wp-json\/wp\/v2\/pages\/1875"}],"wp:attachment":[{"href":"https:\/\/enapol.com\/xii\/wp-json\/wp\/v2\/media?parent=7254"}],"curies":[{"name":"wp","href":"https:\/\/api.w.org\/{rel}","templated":true}]}}