{"id":7345,"date":"2025-08-22T07:36:55","date_gmt":"2025-08-22T10:36:55","guid":{"rendered":"https:\/\/enapol.com\/xii\/?page_id=7345"},"modified":"2025-09-01T08:44:52","modified_gmt":"2025-09-01T11:44:52","slug":"conversacoes-federativas-programa","status":"publish","type":"page","link":"https:\/\/enapol.com\/xii\/encontro\/conversacoes\/conversacoes-federativas-programa\/","title":{"rendered":"Conversa\u00e7\u00f5es Federativas &#8211; Programa"},"content":{"rendered":"<div class=\"wpb-content-wrapper\">[vc_row][vc_column]<div class=\"vcex-spacing wpex-w-100 wpex-clear\" style=\"height:50px;\"><\/div>[\/vc_column][\/vc_row][vc_row][vc_column]<figure class=\"vcex-image vcex-module wpex-text-center\"><div class=\"vcex-image-inner wpex-relative wpex-inline-block\"><img width=\"800\" height=\"126\" src=\"https:\/\/enapol.com\/xii\/wp-content\/uploads\/sites\/10\/2025\/08\/top_programas_site.png\" class=\"vcex-image-img wpex-align-middle\" alt=\"\" loading=\"lazy\" decoding=\"async\" srcset=\"https:\/\/enapol.com\/xii\/wp-content\/uploads\/sites\/10\/2025\/08\/top_programas_site.png 800w, https:\/\/enapol.com\/xii\/wp-content\/uploads\/sites\/10\/2025\/08\/top_programas_site-300x47.png 300w, https:\/\/enapol.com\/xii\/wp-content\/uploads\/sites\/10\/2025\/08\/top_programas_site-768x121.png 768w, https:\/\/enapol.com\/xii\/wp-content\/uploads\/sites\/10\/2025\/08\/top_programas_site-500x79.png 500w, https:\/\/enapol.com\/xii\/wp-content\/uploads\/sites\/10\/2025\/08\/top_programas_site-700x110.png 700w\" sizes=\"(max-width: 800px) 100vw, 800px\" \/><\/div><\/figure>[vc_column_text css=&#8221;&#8221;]\n<h3 style=\"text-align: center;\"><span style=\"color: #847d76;\">PROGRAMA<\/span><br \/>\n<span style=\"color: #aaa192;\">XII<\/span> <span style=\"color: #847d76;\">ENAPOL<\/span><br \/>\n<span style=\"color: #847d76;\">CONVERSA\u00c7\u00d5ES FEDERATIVAS<\/span><\/h3>\n[\/vc_column_text]<div class=\"vcex-spacing wpex-w-100 wpex-clear\"><\/div><figure class=\"vcex-image vcex-module wpex-text-center\"><div class=\"vcex-image-inner wpex-relative wpex-inline-block\"><img width=\"595\" height=\"11\" src=\"https:\/\/enapol.com\/xii\/wp-content\/uploads\/sites\/10\/2025\/08\/linha_programas_site.png\" class=\"vcex-image-img wpex-align-middle\" alt=\"\" loading=\"lazy\" decoding=\"async\" srcset=\"https:\/\/enapol.com\/xii\/wp-content\/uploads\/sites\/10\/2025\/08\/linha_programas_site.png 595w, https:\/\/enapol.com\/xii\/wp-content\/uploads\/sites\/10\/2025\/08\/linha_programas_site-300x6.png 300w, https:\/\/enapol.com\/xii\/wp-content\/uploads\/sites\/10\/2025\/08\/linha_programas_site-500x9.png 500w\" sizes=\"(max-width: 595px) 100vw, 595px\" \/><\/div><\/figure>[vc_column_text css=&#8221;&#8221;]\n<h4 style=\"text-align: center;\"><span style=\"color: #847d76;\">06 SETEMBRO <\/span><span style=\"color: #ff0000;\">\u2022<\/span> <span style=\"color: #847d76;\">S\u00c1BADO<\/span> <span style=\"color: #ff0000;\">\u2022<\/span> <span style=\"color: #847d76;\">15h -18h<\/span><\/h4>\n[\/vc_column_text]<div class=\"vcex-spacing wpex-w-100 wpex-clear\"><\/div><style>.vcex-button.vcex_69db6bd9d057e{background:var(--wpex-accent);color:#ffffff!important;}.vcex-button.vcex_69db6bd9d057e:hover{background:var(--wpex-accent-alt)!important;color:#ffffff!important;}<\/style><div class=\"theme-button-wrap textcenter wpex-clr\"><a href=\"https:\/\/enapol.com\/xii\/wp-content\/uploads\/sites\/10\/2025\/08\/PROGRAMA-CONVERSACOES-FEDERATIVAS-PORT.pdf\" class=\"vcex-button theme-button align-center inline vcex_69db6bd9d057e\"><span class=\"vcex-button-inner theme-button-inner wpex-flex wpex-flex-wrap wpex-items-center wpex-justify-center\">DOWNLOAD PDF<\/span><\/a><\/div> [\/vc_column][\/vc_row][vc_row][vc_column][vc_column_text css=&#8221;.vc_custom_1756141413816{padding-top: 40px !important;padding-right: 40px !important;padding-bottom: 40px !important;padding-left: 40px !important;background-color: #F1F2E0 !important;}&#8221;]\n<h3><strong>O eterno do infantil<\/strong><\/h3>\n<p><span style=\"color: #ff0000;\"><em>Audit\u00f3rio C &#8211; 1\u00ba piso<\/em><\/span><\/p>\n<p>Coordenam: Nohem\u00ed Brown (Brasil) e Raquel Cors (Chile)<\/p>\n<p>Leitores: Ana Maria Sol\u00eds (Chile), Fernando Vitale (Argentina), R\u00f4mulo Ferreira da Silva (Brasil), Silvia Pino (Argentina)<\/p>\n<p>Ponte: Mirmila Musse (Brasil)<\/p>\n<p style=\"padding-left: 40px;\"><span style=\"color: #000000;\"><a style=\"color: #000000;\" href=\"https:\/\/enapol.com\/xii\/modalidades-do-morrer-no-seculo-xxi\/\"><strong><em>Modalidades do morrer no s\u00e9culo XXI<\/em><\/strong><\/a><\/span><\/p>\n<p style=\"padding-left: 40px;\">Relatores: Cristiane Grillo (Brasil) Elena Levy Yeyati (Argentina) Paula del Cioppo (M\u00e9xico)<\/p>\n<p style=\"padding-left: 40px;\"><span style=\"color: #000000;\"><a style=\"color: #000000;\" href=\"https:\/\/enapol.com\/xii\/o-inconsciente-fora-do-tempo\/\"><strong><em>O Inconsciente fora do tempo<\/em><\/strong><\/a><\/span><\/p>\n<p style=\"padding-left: 40px;\">Relatores: Carolina Puchet (M\u00e9xico) Marcela Molinari (Argentina)<\/p>\n<h3 style=\"text-align: left;\"><strong>Ler o insuport\u00e1vel da inf\u00e2ncia<\/strong><\/h3>\n<p><span style=\"color: #ff0000;\"><em>Sala 1 &#8211; 3\u00ba piso<\/em><\/span><\/p>\n<p>Coordenam: Laura Arciniegas (Col\u00f4mbia) e Lucas Leserre (Argentina)<\/p>\n<p>Leitores: Edna G\u00f3mez (M\u00e9xico) In\u00e9s Sotelo (Argentina) Miguel Antunes (Brasil) Val\u00e9ria Ferranti (Brasil)<\/p>\n<p>Ponte: Gladys Mart\u00ednez (Col\u00f4mbia)<\/p>\n<p style=\"padding-left: 40px;\"><span style=\"color: #000000;\"><a style=\"color: #000000;\" href=\"https:\/\/enapol.com\/xii\/como-a-crianca-interroga-o-amor-de-transferencia\/\"><strong><em>Como a crian\u00e7a interroga o amor de transfer\u00eancia?<\/em><\/strong><\/a><\/span><\/p>\n<p style=\"padding-left: 40px;\">Relatores: Carolina Vignoli (Chile) Susane Zanotti (Brasil)<\/p>\n<p style=\"padding-left: 40px;\"><span style=\"color: #000000;\"><a style=\"color: #000000;\" href=\"https:\/\/enapol.com\/xii\/como-se-depositam-as-marcas-de-gozo\/\"><strong><em>Como se depositam as marcas de gozo?<\/em><\/strong><\/a><\/span><\/p>\n<p style=\"padding-left: 40px;\">Relatores: Liliana Aguilar (Argentina) e Maite Russi (Venezuela)<\/p>\n<h3><strong>O sexual do infantil<\/strong><\/h3>\n<p><span style=\"color: #ff0000;\"><em>Sala 2 &#8211; 3\u00ba piso<\/em><\/span><\/p>\n<p>Coordenam: Carlos Rossi (Argentina) Mar\u00eda Cristina Giraldo (Col\u00f4mbia)<\/p>\n<p>Leitores: Beatriz Udenio (Argentina) Cleide Monteiro (Brasil) Esteban Klainer (Argentina), Paulina Salinas (Chile)<\/p>\n<p>Ponte: Eugenia Molina (Argentina)<\/p>\n<p style=\"padding-left: 40px;\"><span style=\"color: #000000;\"><a style=\"color: #000000;\" href=\"https:\/\/enapol.com\/xii\/a-deserotizacao-do-mundo-paixoes-tristes-de-todos-os-generos\/\"><strong><em>A deserotiza\u00e7\u00e3o do mundo. As paix\u00f5es tristes de todos os g\u00eaneros<\/em><\/strong><\/a><\/span><\/p>\n<p style=\"padding-left: 40px;\">Relatores: Gisela Smania (Argentina) Heloisa Telles (Brasil) Lorena Gre\u00f1as (Guatemala)<\/p>\n<h3><strong>A devasta\u00e7\u00e3o da palabra<\/strong><\/h3>\n<p><span style=\"color: #ff0000;\"><em>Sala 5 &#8211; 3\u00ba piso<\/em><\/span><\/p>\n<p>Coordenam: Ana Tereza Groisman (Brasil) Fernando G\u00f3mez (Peru)<\/p>\n<p>Leitores: Alejandra Loray (Argentina) Henri Kaufmanner (Brasil) Paula Husni (Argentina),\u00a0Rog\u00e9rio Barros (Brasil)<\/p>\n<p>Ponte: Andrea Zelaya (Argentina)<\/p>\n<p style=\"padding-left: 40px;\"><span style=\"color: #000000;\"><strong><em>Transpusemos a linha? A devasta\u00e7\u00e3o da natureza humana<\/em><\/strong><\/span><\/p>\n<p style=\"padding-left: 40px;\">Relatores: Oscar Reymundo (Brasil) Paula Iturra (Chile) Viviana Mozzi (Argentina)<\/p>\n<h3><strong>Lal\u00edngua desencadeada<\/strong><\/h3>\n<p><span style=\"color: #ff0000;\"><em>Sala 6 &#8211; 3\u00ba piso<\/em><\/span><\/p>\n<p>Coordenam: Adriana Laion (Argentina) Niraldo de Oliveira Santos (Brasil)<\/p>\n<p>Leitores: Louise Lhullier (Brasil) Manuel Zlotnik (Argentina) Silvana Di Rienzo (M\u00e9xico), Ruskaya Maia (Brasil)<\/p>\n<p>Ponte: Marina Recalde (Argentina)<\/p>\n<p style=\"padding-left: 40px;\"><span style=\"color: #000000;\"><a style=\"color: #000000;\" href=\"https:\/\/enapol.com\/xii\/o-germen-do-pulsional-e-a-lalengua\/\"><strong><em>O g\u00e9rmen do pulsional e a lal\u00edngua<\/em><\/strong><\/a><\/span><\/p>\n<p style=\"padding-left: 40px;\">Relatores: Graciela Gonz\u00e1lez Horowitz (Argentina) M\u00f4nica Hage (Brasil)<\/p>\n<h3><strong>O \u201ctalvez\u201d da crian\u00e7a e sua loucura<\/strong><\/h3>\n<p><span style=\"color: #ff0000;\"><em>Audit\u00f3rio C2 \u2013 1\u00ba piso<\/em><\/span><\/p>\n<p>Coordenam: M\u00f3nica Gurevicz (Argentina) S\u00e9rgio de Mattos (Brasil)<\/p>\n<p>Leitores: Andr\u00e9a Reis (Brasil) \u00c1lvaro Stella (Argentina) Gabriel Racki (Argentina) Mackling Limache (Per\u00fa)<\/p>\n<p>Ponte: Fl\u00e1via C\u00eara (Brasil)<\/p>\n<p style=\"padding-left: 40px;\"><span style=\"color: #000000;\"><a style=\"color: #000000;\" href=\"https:\/\/enapol.com\/xii\/a-peneira-e-a-linguagem\/\"><strong><em>A peneira e a linguagem<\/em><\/strong><\/a><\/span><\/p>\n<p style=\"padding-left: 40px;\">Relatores: Aliana Santana (M\u00e9xico) Cristiane Barreto (Brasil)<\/p>\n<p style=\"padding-left: 40px;\"><span style=\"color: #000000;\"><a style=\"color: #000000;\" href=\"https:\/\/enapol.com\/xii\/o-gozo-e-a-alegria\/\"><strong><em>O gozo e a alegria<\/em><\/strong><\/a><\/span><\/p>\n<p style=\"padding-left: 40px;\">Relatores:\u00a0 Francisco Pisani\u00a0(Chile) Li\u00e8ge Goulart (Brasil)<\/p>\n<h3><strong>Filhos do mal-entendido<\/strong><\/h3>\n<p><span style=\"color: #ff0000;\"><em>Sala 3 &#8211; 3\u00ba piso<\/em><\/span><\/p>\n<p>Coordenam: Alejandra Glaze (Argentina) S\u00e9rgio de Castro (Brasil)<\/p>\n<p>Leitores: F\u00e1tima Sarmento (Brasil) Jorge Chamorro (Argentina) Luiz Fernando Carrijo da Cunha (Brasil) Mar\u00eda Victoria Clavijo (Equador)<\/p>\n<p>Ponte: Alejandro G\u00f3ngora (Chile)<\/p>\n<p style=\"padding-left: 40px;\"><span style=\"color: #000000;\"><a style=\"color: #000000;\" href=\"https:\/\/enapol.com\/xii\/o-fantasma-da-epoca-o-homem-neuronal-e-estilos-de-vida\/\"><strong><em>O fantasma da \u00e9poca.\u00a0O homem neuronal\u00a0e estilos de vida<\/em><\/strong><\/a><\/span><\/p>\n<p style=\"padding-left: 40px;\">Relatores: Carlos M\u00e1rquez (Col\u00f4mbia) Celeste Vi\u00f1al (Argentina) Paula Bors\u00f3i (Brasil)<\/p>\n<p style=\"padding-left: 40px;\"><span style=\"color: #000000;\"><a style=\"color: #000000;\" href=\"https:\/\/enapol.com\/xii\/o-corpo-e-o-mal-entendido\/\"><strong><em>O corpo e o mal-entendido<\/em><\/strong><\/a><\/span><\/p>\n<p style=\"padding-left: 40px;\">Relatores:\u00a0Leticia Acevedo (Argentina) T\u00e2nia Martins\u00a0(Brasil)<\/p>\n<h3><strong>N\u00e3o existe gente grande<\/strong><\/h3>\n<p><span style=\"color: #ff0000;\"><em>Sala 4 &#8211; 3\u00ba piso<\/em><\/span><\/p>\n<p>Coordenam: Iordan Gurgel (Brasil) Sandra Grostein (Brasil)<\/p>\n<p>Leitores: Cecilia Fasano (Argentina) Cecilia Rubinetti (Argentina) Gilson Iannini (Brasil) Maria do Ros\u00e1rio Collier do R\u00eago Barros (Brasil)<\/p>\n<p>Ponte: Isabel do R\u00eago Barros Duarte (Brasil)<\/p>\n<p style=\"padding-left: 40px;\"><span style=\"color: #000000;\"><a style=\"color: #000000;\" href=\"https:\/\/enapol.com\/xii\/me-divirto\/\"><strong><em>Me divirto!<\/em><\/strong><\/a><\/span><\/p>\n<p style=\"padding-left: 40px;\">Relatores:\u00a0Alessandra Pecego (Brasil) Flory Kruger (Argentina)<\/p>\n[\/vc_column_text][\/vc_column][\/vc_row]\n<\/div>","protected":false},"excerpt":{"rendered":"<p>[vc_row][vc_column][\/vc_column][\/vc_row][vc_row][vc_column][vc_column_text css=&#8221;&#8221;] PROGRAMA XII ENAPOL CONVERSA\u00c7\u00d5ES FEDERATIVAS [\/vc_column_text][vc_column_text css=&#8221;&#8221;] 06 SETEMBRO \u2022 S\u00c1BADO \u2022 15h -18h [\/vc_column_text][\/vc_column][\/vc_row][vc_row][vc_column][vc_column_text css=&#8221;.vc_custom_1756141413816{padding-top: 40px !important;padding-right: 40px !important;padding-bottom: 40px !important;padding-left: 40px !important;background-color: #F1F2E0 !important;}&#8221;] O eterno do infantil Audit\u00f3rio C &#8211; 1\u00ba piso Coordenam: Nohem\u00ed Brown (Brasil) e Raquel Cors (Chile) Leitores: Ana Maria Sol\u00eds (Chile), Fernando Vitale (Argentina), R\u00f4mulo Ferreira&hellip;<\/p>\n","protected":false},"author":3,"featured_media":0,"parent":932,"menu_order":0,"comment_status":"closed","ping_status":"closed","template":"","meta":{"_monsterinsights_skip_tracking":false,"_monsterinsights_sitenote_active":false,"_monsterinsights_sitenote_note":"","_monsterinsights_sitenote_category":0,"footnotes":""},"_links":{"self":[{"href":"https:\/\/enapol.com\/xii\/wp-json\/wp\/v2\/pages\/7345"}],"collection":[{"href":"https:\/\/enapol.com\/xii\/wp-json\/wp\/v2\/pages"}],"about":[{"href":"https:\/\/enapol.com\/xii\/wp-json\/wp\/v2\/types\/page"}],"author":[{"embeddable":true,"href":"https:\/\/enapol.com\/xii\/wp-json\/wp\/v2\/users\/3"}],"replies":[{"embeddable":true,"href":"https:\/\/enapol.com\/xii\/wp-json\/wp\/v2\/comments?post=7345"}],"version-history":[{"count":11,"href":"https:\/\/enapol.com\/xii\/wp-json\/wp\/v2\/pages\/7345\/revisions"}],"predecessor-version":[{"id":7920,"href":"https:\/\/enapol.com\/xii\/wp-json\/wp\/v2\/pages\/7345\/revisions\/7920"}],"up":[{"embeddable":true,"href":"https:\/\/enapol.com\/xii\/wp-json\/wp\/v2\/pages\/932"}],"wp:attachment":[{"href":"https:\/\/enapol.com\/xii\/wp-json\/wp\/v2\/media?parent=7345"}],"curies":[{"name":"wp","href":"https:\/\/api.w.org\/{rel}","templated":true}]}}