{"id":8,"date":"2020-11-15T22:45:56","date_gmt":"2020-11-16T01:45:56","guid":{"rendered":"http:\/\/x-enapol.org\/pt\/?page_id=8"},"modified":"2023-02-16T12:41:50","modified_gmt":"2023-02-16T15:41:50","slug":"encontro","status":"publish","type":"page","link":"https:\/\/enapol.com\/xpt\/encontro\/","title":{"rendered":"ENCONTRO"},"content":{"rendered":"<p>[fusion_builder_container type=\u00bbflex\u00bb hundred_percent=\u00bbno\u00bb hundred_percent_height=\u00bbno\u00bb min_height=\u00bb\u00bb hundred_percent_height_scroll=\u00bbno\u00bb align_content=\u00bbstretch\u00bb flex_align_items=\u00bbflex-start\u00bb flex_justify_content=\u00bbflex-start\u00bb flex_column_spacing=\u00bb\u00bb hundred_percent_height_center_content=\u00bbyes\u00bb equal_height_columns=\u00bbno\u00bb container_tag=\u00bbdiv\u00bb menu_anchor=\u00bb\u00bb hide_on_mobile=\u00bbsmall-visibility,medium-visibility,large-visibility\u00bb status=\u00bbpublished\u00bb publish_date=\u00bb\u00bb class=\u00bb\u00bb id=\u00bb\u00bb link_color=\u00bb\u00bb link_hover_color=\u00bb\u00bb border_sizes=\u00bb\u00bb border_sizes_top=\u00bb\u00bb border_sizes_right=\u00bb\u00bb border_sizes_bottom=\u00bb\u00bb border_sizes_left=\u00bb\u00bb border_color=\u00bb\u00bb border_style=\u00bbsolid\u00bb spacing_medium=\u00bb\u00bb margin_top_medium=\u00bb\u00bb margin_bottom_medium=\u00bb\u00bb spacing_small=\u00bb\u00bb margin_top_small=\u00bb\u00bb margin_bottom_small=\u00bb\u00bb margin_top=\u00bb\u00bb margin_bottom=\u00bb\u00bb padding_dimensions_medium=\u00bb\u00bb padding_top_medium=\u00bb\u00bb padding_right_medium=\u00bb\u00bb padding_bottom_medium=\u00bb\u00bb padding_left_medium=\u00bb\u00bb padding_dimensions_small=\u00bb\u00bb padding_top_small=\u00bb\u00bb padding_right_small=\u00bb\u00bb padding_bottom_small=\u00bb\u00bb padding_left_small=\u00bb\u00bb padding_top=\u00bb\u00bb padding_right=\u00bb\u00bb padding_bottom=\u00bb\u00bb padding_left=\u00bb\u00bb box_shadow=\u00bbno\u00bb box_shadow_vertical=\u00bb\u00bb box_shadow_horizontal=\u00bb\u00bb box_shadow_blur=\u00bb0&#8243; box_shadow_spread=\u00bb0&#8243; box_shadow_color=\u00bb\u00bb box_shadow_style=\u00bb\u00bb z_index=\u00bb\u00bb overflow=\u00bb\u00bb gradient_start_color=\u00bb\u00bb gradient_end_color=\u00bb\u00bb gradient_start_position=\u00bb0&#8243; gradient_end_position=\u00bb100&#8243; gradient_type=\u00bblinear\u00bb radial_direction=\u00bbcenter center\u00bb linear_angle=\u00bb180&#8243; background_color=\u00bb\u00bb background_image=\u00bb\u00bb background_position=\u00bbcenter center\u00bb background_repeat=\u00bbno-repeat\u00bb fade=\u00bbno\u00bb background_parallax=\u00bbnone\u00bb enable_mobile=\u00bbno\u00bb parallax_speed=\u00bb0.3&#8243; background_blend_mode=\u00bbnone\u00bb video_mp4=\u00bb\u00bb video_webm=\u00bb\u00bb video_ogv=\u00bb\u00bb video_url=\u00bb\u00bb video_aspect_ratio=\u00bb16:9&#8243; video_loop=\u00bbyes\u00bb video_mute=\u00bbyes\u00bb video_preview_image=\u00bb\u00bb absolute=\u00bboff\u00bb absolute_devices=\u00bbsmall,medium,large\u00bb sticky=\u00bboff\u00bb sticky_devices=\u00bbsmall-visibility,medium-visibility,large-visibility\u00bb sticky_background_color=\u00bb\u00bb sticky_height=\u00bb\u00bb sticky_offset=\u00bb\u00bb sticky_transition_offset=\u00bb0&#8243; scroll_offset=\u00bb0&#8243; animation_type=\u00bb\u00bb animation_direction=\u00bbleft\u00bb animation_speed=\u00bb0.3&#8243; animation_offset=\u00bb\u00bb filter_hue=\u00bb0&#8243; filter_saturation=\u00bb100&#8243; filter_brightness=\u00bb100&#8243; filter_contrast=\u00bb100&#8243; filter_invert=\u00bb0&#8243; filter_sepia=\u00bb0&#8243; filter_opacity=\u00bb100&#8243; filter_blur=\u00bb0&#8243; filter_hue_hover=\u00bb0&#8243; filter_saturation_hover=\u00bb100&#8243; filter_brightness_hover=\u00bb100&#8243; filter_contrast_hover=\u00bb100&#8243; filter_invert_hover=\u00bb0&#8243; filter_sepia_hover=\u00bb0&#8243; filter_opacity_hover=\u00bb100&#8243; filter_blur_hover=\u00bb0&#8243;][fusion_builder_row][fusion_builder_column type=\u00bb1_1&#8243; layout=\u00bb1_1&#8243; align_self=\u00bbauto\u00bb content_layout=\u00bbcolumn\u00bb align_content=\u00bbflex-start\u00bb content_wrap=\u00bbwrap\u00bb spacing=\u00bb\u00bb center_content=\u00bbno\u00bb link=\u00bb\u00bb target=\u00bb_self\u00bb min_height=\u00bb\u00bb hide_on_mobile=\u00bbsmall-visibility,medium-visibility,large-visibility\u00bb sticky_display=\u00bbnormal,sticky\u00bb class=\u00bb\u00bb id=\u00bb\u00bb type_medium=\u00bb\u00bb type_small=\u00bb\u00bb order_medium=\u00bb0&#8243; order_small=\u00bb0&#8243; dimension_spacing_medium=\u00bb\u00bb dimension_spacing_small=\u00bb\u00bb dimension_spacing=\u00bb\u00bb dimension_margin_medium=\u00bb\u00bb dimension_margin_small=\u00bb\u00bb margin_top=\u00bb\u00bb margin_bottom=\u00bb\u00bb padding_medium=\u00bb\u00bb padding_small=\u00bb\u00bb padding_top=\u00bb\u00bb padding_right=\u00bb\u00bb padding_bottom=\u00bb\u00bb padding_left=\u00bb\u00bb hover_type=\u00bbnone\u00bb border_sizes=\u00bb\u00bb border_color=\u00bb\u00bb border_style=\u00bbsolid\u00bb border_radius=\u00bb\u00bb box_shadow=\u00bbno\u00bb dimension_box_shadow=\u00bb\u00bb box_shadow_blur=\u00bb0&#8243; box_shadow_spread=\u00bb0&#8243; box_shadow_color=\u00bb\u00bb box_shadow_style=\u00bb\u00bb background_type=\u00bbsingle\u00bb gradient_start_color=\u00bb\u00bb gradient_end_color=\u00bb\u00bb gradient_start_position=\u00bb0&#8243; gradient_end_position=\u00bb100&#8243; gradient_type=\u00bblinear\u00bb radial_direction=\u00bbcenter center\u00bb linear_angle=\u00bb180&#8243; background_color=\u00bb\u00bb background_image=\u00bb\u00bb background_image_id=\u00bb\u00bb background_position=\u00bbleft top\u00bb background_repeat=\u00bbno-repeat\u00bb background_blend_mode=\u00bbnone\u00bb animation_type=\u00bb\u00bb animation_direction=\u00bbleft\u00bb animation_speed=\u00bb0.3&#8243; animation_offset=\u00bb\u00bb filter_type=\u00bbregular\u00bb filter_hue=\u00bb0&#8243; filter_saturation=\u00bb100&#8243; filter_brightness=\u00bb100&#8243; filter_contrast=\u00bb100&#8243; filter_invert=\u00bb0&#8243; filter_sepia=\u00bb0&#8243; filter_opacity=\u00bb100&#8243; filter_blur=\u00bb0&#8243; filter_hue_hover=\u00bb0&#8243; filter_saturation_hover=\u00bb100&#8243; filter_brightness_hover=\u00bb100&#8243; filter_contrast_hover=\u00bb100&#8243; filter_invert_hover=\u00bb0&#8243; filter_sepia_hover=\u00bb0&#8243; filter_opacity_hover=\u00bb100&#8243; filter_blur_hover=\u00bb0&#8243; last=\u00bbtrue\u00bb border_position=\u00bball\u00bb first=\u00bbtrue\u00bb][fusion_text columns=\u00bb\u00bb column_min_width=\u00bb\u00bb column_spacing=\u00bb\u00bb rule_style=\u00bbdefault\u00bb rule_size=\u00bb\u00bb rule_color=\u00bb\u00bb content_alignment_medium=\u00bb\u00bb content_alignment_small=\u00bb\u00bb content_alignment=\u00bb\u00bb hide_on_mobile=\u00bbsmall-visibility,medium-visibility,large-visibility\u00bb sticky_display=\u00bbnormal,sticky\u00bb class=\u00bb\u00bb id=\u00bb\u00bb font_size=\u00bb\u00bb fusion_font_family_text_font=\u00bb\u00bb fusion_font_variant_text_font=\u00bb\u00bb line_height=\u00bb\u00bb letter_spacing=\u00bb\u00bb text_color=\u00bb\u00bb animation_type=\u00bb\u00bb animation_direction=\u00bbleft\u00bb animation_speed=\u00bb0.3&#8243; animation_offset=\u00bb\u00bb]<\/p>\n<p style=\"text-align: justify;\">[fusion_dropcap color=\u00bb#FF8700&#8243; boxed=\u00bbyes\u00bb boxed_radius=\u00bb8px\u00bb class=\u00bb\u00bb id=\u00bb\u00bb]E[\/fusion_dropcap]m momentos extraordin\u00e1rios da vida surge a possibilidade de p\u00f4r \u00e0 prova a for\u00e7a insuspeitada do desejo de encontro. As Escolas Americanas da AMP d\u00e3o conta disso, chamando este desejo de X ENAPOL. O faremos realidade a partir do t\u00edtulo que o convoca e que convida \u00e0 indaga\u00e7\u00e3o dos ind\u00edcios que apontam na dire\u00e7\u00e3o de constatarmos transforma\u00e7\u00f5es, mais ou menos sutis, dos la\u00e7os sociais que afloram e s\u00e3o observados na descontinuidade da \u00e9poca. E, claro que n\u00f3s &#8211; os psicanalistas &#8211; pensamos que o novo n\u00e3o \u00e9 sem amor, posto que sabemos que ele faz de dobradi\u00e7a condescendente entre a in\u00e9rcia do gozo e a novidade do desejo.<\/p>\n<p style=\"text-align: justify;\">A prepara\u00e7\u00e3o faz parte do encontro. Do mesmo modo que no encontro amoroso toma-se o cuidado de escolher o melhor: o lugar, as imagens, as cores, o tema. Aquilo que se torne memor\u00e1vel para os que participam.<\/p>\n<p style=\"text-align: justify;\">Como na imagem do cartaz que lhes apresentamos, os la\u00e7os se entrecruzam, os equilibristas se sustentam no fio, percorrem a corda em seus monociclos uma e outra vez; e, no meio, se encontram com outros que por sua vez v\u00e3o e vem; mas sim, advertidos de que o percurso enquanto tal traz consequ\u00eancias. O analista-equilibrista, por que n\u00e3o?<\/p>\n<p style=\"text-align: justify;\">A cidade de Santiago do Chile enfeitada com a imponente Cordilheira dos Andes ser\u00e1 o lugar do encontro. Nossos colegas da NEL Santiago, junto com as comiss\u00f5es cient\u00edficas e de organiza\u00e7\u00e3o, j\u00e1 est\u00e3o a postos, subiram no fio e come\u00e7am os malabarismos e as cambalhotas que preparam nosso encontro.<\/p>\n<p style=\"text-align: right;\"><strong>Lizbeth Ahumada Yanet<\/strong><br \/>\nPresidente do X ENAPOL<\/p>\n<p>[\/fusion_text][\/fusion_builder_column][\/fusion_builder_row][\/fusion_builder_container]<\/p>\n","protected":false},"excerpt":{"rendered":"<p>[fusion_builder_container type=\u00bbflex\u00bb hundred_percent=\u00bbno\u00bb hundred_percent_height=\u00bbno\u00bb min_height=\u00bb\u00bb hundred_percent_height_scroll=\u00bbno\u00bb align_content=\u00bbstretch\u00bb flex_align_items=\u00bbflex-start\u00bb flex_justify_content=\u00bbflex-start\u00bb flex_column_spacing=\u00bb\u00bb<\/p>\n","protected":false},"author":1,"featured_media":0,"parent":0,"menu_order":3,"comment_status":"closed","ping_status":"closed","template":"","meta":{"_monsterinsights_skip_tracking":false,"_monsterinsights_sitenote_active":false,"_monsterinsights_sitenote_note":"","_monsterinsights_sitenote_category":0,"footnotes":""},"_links":{"self":[{"href":"https:\/\/enapol.com\/xpt\/wp-json\/wp\/v2\/pages\/8"}],"collection":[{"href":"https:\/\/enapol.com\/xpt\/wp-json\/wp\/v2\/pages"}],"about":[{"href":"https:\/\/enapol.com\/xpt\/wp-json\/wp\/v2\/types\/page"}],"author":[{"embeddable":true,"href":"https:\/\/enapol.com\/xpt\/wp-json\/wp\/v2\/users\/1"}],"replies":[{"embeddable":true,"href":"https:\/\/enapol.com\/xpt\/wp-json\/wp\/v2\/comments?post=8"}],"version-history":[{"count":6,"href":"https:\/\/enapol.com\/xpt\/wp-json\/wp\/v2\/pages\/8\/revisions"}],"predecessor-version":[{"id":1418,"href":"https:\/\/enapol.com\/xpt\/wp-json\/wp\/v2\/pages\/8\/revisions\/1418"}],"wp:attachment":[{"href":"https:\/\/enapol.com\/xpt\/wp-json\/wp\/v2\/media?parent=8"}],"curies":[{"name":"wp","href":"https:\/\/api.w.org\/{rel}","templated":true}]}}